This is the mail archive of the gcc-testresults@gcc.gnu.org mailing list for the GCC project.


Index Nav: [Date Index] [Subject Index] [Author Index] [Thread Index]
Message Nav: [Date Prev] [Date Next] [Thread Prev] [Thread Next]
Other format: [Raw text]

Results for 3.4 20031218 (experimental) testsuite on s390x-ibm-linux-gnu


LAST_UPDATED: 
		=== acats tests ===
FAIL:	ad8011a
FAIL:	c37213f
FAIL:	c37215f
FAIL:	c83028a
FAIL:	cd2a83c
FAIL:	cd2a91c
FAIL:	cxb3010
FAIL:	cxb3014
FAIL:	cxb3015

		=== acats Summary ===
# of expected passes		1957
# of unexpected failures	9
# of unsupported tests		356
Native configuration is s390x-ibm-linux-gnu

		=== g++ tests ===


Running target unix
FAIL: g++.dg/abi/empty6.C  (test for warnings, line 6)
XPASS: g++.dg/ext/lvalue1.C not an lvalue (test for errors, line 7)
XPASS: g++.dg/warn/Wunused-2.C  (test for warnings, line 5)
WARNING: g++.old-deja/g++.mike/p10769a.C compilation failed to produce executable
WARNING: g++.old-deja/g++.other/enum5.C compilation failed to produce executable
XPASS: g++.old-deja/g++.other/init5.C execution test
WARNING: g++.old-deja/g++.pt/friend44.C compilation failed to produce executable

		=== g++ Summary ===

# of expected passes		9218
# of unexpected failures	1
# of unexpected successes	3
# of expected failures		55
# of unsupported tests		69
/mnt/dasdc1/fsf/gcc-head-build/gcc/testsuite/../g++ version 3.4 20031218 (experimental)

		=== g77 tests ===


Running target unix

		=== g77 Summary ===

# of expected passes		1774
# of expected failures		1
# of untested testcases		1
# of unsupported tests		6
/mnt/dasdc1/fsf/gcc-head-build/gcc/testsuite/../g77 version 3.4 20031218 (experimental)

		=== gcc tests ===


Running target unix
FAIL: gcc.c-torture/compile/20031023-1.c (test for excess errors)
FAIL: gcc.c-torture/compile/20031023-1.c (test for excess errors)
FAIL: gcc.c-torture/compile/20031023-1.c (test for excess errors)
FAIL: gcc.c-torture/compile/20031023-1.c (test for excess errors)
FAIL: gcc.c-torture/compile/20031023-1.c (test for excess errors)
FAIL: gcc.c-torture/compile/20031023-1.c (test for excess errors)
FAIL: gcc.c-torture/compile/20031023-2.c (test for excess errors)
FAIL: gcc.c-torture/compile/20031023-2.c (test for excess errors)
FAIL: gcc.c-torture/compile/20031023-2.c (test for excess errors)
FAIL: gcc.c-torture/compile/20031023-2.c (test for excess errors)
FAIL: gcc.c-torture/compile/20031023-2.c (test for excess errors)
FAIL: gcc.c-torture/compile/20031023-2.c (test for excess errors)
FAIL: gcc.c-torture/compile/20031023-3.c (test for excess errors)
FAIL: gcc.c-torture/compile/20031023-3.c (test for excess errors)
FAIL: gcc.c-torture/compile/20031023-3.c (test for excess errors)
FAIL: gcc.c-torture/compile/20031023-3.c (test for excess errors)
FAIL: gcc.c-torture/compile/20031023-3.c (test for excess errors)
FAIL: gcc.c-torture/compile/20031023-3.c (test for excess errors)
FAIL: gcc.c-torture/compile/20031023-4.c (test for excess errors)
FAIL: gcc.c-torture/compile/20031023-4.c (test for excess errors)
FAIL: gcc.c-torture/compile/20031023-4.c (test for excess errors)
FAIL: gcc.c-torture/compile/20031023-4.c (test for excess errors)
FAIL: gcc.c-torture/compile/20031023-4.c (test for excess errors)
FAIL: gcc.c-torture/compile/20031023-4.c (test for excess errors)
FAIL: gcc.dg/const-elim-1.c scan-assembler-not L\\\$?C[^A-Z]
XPASS: gcc.dg/sibcall-3.c execution test
XPASS: gcc.dg/sibcall-4.c execution test

		=== gcc Summary ===

# of expected passes		23760
# of unexpected failures	25
# of unexpected successes	2
# of expected failures		72
# of untested testcases		7
# of unsupported tests		284
/mnt/dasdc1/fsf/gcc-head-build/gcc/xgcc version 3.4 20031218 (experimental)

		=== objc tests ===


Running target unix
FAIL: objc.dg/call-super-2.m (test for excess errors)
FAIL: objc.dg/desig-init-1.m (test for excess errors)
FAIL: objc.dg/encode-2.m execution test
FAIL: objc.dg/encode-3.m execution test
FAIL: objc.dg/encode-4.m execution test
FAIL: objc.dg/proto-qual-1.m execution test

		=== objc Summary ===

# of expected passes		1333
# of unexpected failures	6
# of unsupported tests		7
/mnt/dasdc1/fsf/gcc-head-build/gcc/xgcc version 3.4 20031218 (experimental)

		=== libffi tests ===


Running target unix
FAIL: libffi.call/cls_uint.c output pattern test, is 2147483647: 2147483647

		=== libffi Summary ===

# of expected passes		211
# of unexpected failures	1
# of unsupported tests		2
		=== libjava tests ===


Running target unix
FAIL: linking simple
FAIL: /mnt/dasdc1/fsf/gcc-head/libjava/testsuite/libjava.jar/simple.jar execution - gij test

		=== libjava Summary ===

# of expected passes		3258
# of unexpected failures	2
# of expected failures		11
# of untested testcases		9
		=== libstdc++ tests ===


Running target unix
XPASS: 26_numerics/c99_classification_macros_c.cc (test for excess errors)

		=== libstdc++ Summary ===

# of expected passes		2450
# of unexpected successes	1
# of expected failures		11

Compiler version: 3.4 20031218 (experimental) 
Platform: s390x-ibm-linux-gnu
configure flags: --prefix=/home/weigand/fsf/gcc-head-install --enable-serial-configure --enable-__cxa_atexit --disable-multilib


Index Nav: [Date Index] [Subject Index] [Author Index] [Thread Index]
Message Nav: [Date Prev] [Date Next] [Thread Prev] [Thread Next]