This is the mail archive of the gcc-testresults@gcc.gnu.org mailing list for the GCC project.


Index Nav: [Date Index] [Subject Index] [Author Index] [Thread Index]
Message Nav: [Date Prev] [Date Next] [Thread Prev] [Thread Next]
Other format: [Raw text]

Results for 3.4 20031216 (experimental) testsuite on hppa2.0w-hp-hpux11.11


LAST_UPDATED: Tue Dec 16 02:27:27 UTC 2003

Native configuration is hppa2.0w-hp-hpux11.11

		=== g++ tests ===


Running target unix
FAIL: g++.dg/abi/mangle18-1.C scan-assembler 
FAIL: g++.dg/abi/mangle18-1.C scan-assembler 
FAIL: g++.dg/abi/mangle18-2.C scan-assembler 
FAIL: g++.dg/abi/mangle18-2.C scan-assembler 
FAIL: g++.dg/eh/forced1.C execution test
FAIL: g++.dg/eh/forced4.C execution test
XPASS: g++.dg/ext/lvalue1.C not an lvalue (test for errors, line 7)
XPASS: g++.dg/init/init-ref4.C execution test
FAIL: g++.dg/lookup/using9.C  (test for errors, line 7)
FAIL: g++.dg/lookup/using9.C  (test for errors, line 8)
FAIL: g++.dg/lookup/using9.C  (test for errors, line 12)
FAIL: g++.dg/lookup/using9.C  (test for errors, line 13)
FAIL: g++.dg/lookup/using9.C  (test for errors, line 14)
FAIL: g++.dg/lookup/using9.C  (test for errors, line 22)
FAIL: g++.dg/lookup/using9.C  (test for errors, line 23)
FAIL: g++.dg/lookup/using9.C (test for excess errors)
FAIL: g++.dg/opt/inline4.C scan-assembler-not _Z1g
FAIL: g++.dg/opt/template1.C scan-assembler-not foo1
FAIL: g++.dg/parse/attr-ctor1.C (test for excess errors)
FAIL: g++.dg/template/ptrmem7.C  (test for errors, line 38)
FAIL: g++.dg/template/ptrmem7.C  (test for errors, line 39)
FAIL: g++.dg/template/ptrmem7.C  (test for errors, line 43)
FAIL: g++.dg/template/ptrmem7.C (test for excess errors)
XPASS: g++.dg/warn/Wunused-2.C  (test for warnings, line 5)
FAIL: g++.old-deja/g++.ext/attrib5.C (test for excess errors)
WARNING: g++.old-deja/g++.ext/attrib5.C compilation failed to produce executable
WARNING: g++.old-deja/g++.mike/p10769a.C compilation failed to produce executable
WARNING: g++.old-deja/g++.other/enum5.C compilation failed to produce executable
WARNING: g++.old-deja/g++.pt/friend44.C compilation failed to produce executable
XPASS: g++.old-deja/g++.pt/static3.C execution test

		=== g++ Summary ===

# of expected passes		8982
# of unexpected failures	22
# of unexpected successes	4
# of expected failures		59
# of unsupported tests		70
/xxx/gnu/gcc-3.3/objdir/gcc/testsuite/../g++ version 3.4 20031216 (experimental)

		=== g77 tests ===


Running target unix

		=== g77 Summary ===

# of expected passes		1774
# of expected failures		1
# of untested testcases		1
# of unsupported tests		6
/xxx/gnu/gcc-3.3/objdir/gcc/testsuite/../g77 version 3.4 20031216 (experimental)

		=== gcc tests ===


Running target unix
FAIL: gcc.dg/debug/debug-1.c scan-assembler xyzzy
FAIL: gcc.dg/debug/debug-1.c scan-assembler xyzzy
FAIL: gcc.dg/debug/debug-1.c scan-assembler xyzzy
FAIL: gcc.dg/debug/debug-1.c scan-assembler xyzzy
FAIL: gcc.dg/debug/debug-2.c scan-assembler xyzzy
FAIL: gcc.dg/debug/debug-2.c scan-assembler xyzzy
FAIL: gcc.dg/debug/debug-2.c scan-assembler xyzzy
FAIL: gcc.dg/debug/debug-2.c scan-assembler xyzzy
FAIL: gcc.dg/20021014-1.c (test for excess errors)
WARNING: gcc.dg/20021014-1.c compilation failed to produce executable
FAIL: gcc.dg/20031202-1.c execution test
FAIL: gcc.dg/builtins-18.c (test for excess errors)
FAIL: gcc.dg/builtins-20.c (test for excess errors)
FAIL: gcc.dg/const-elim-1.c scan-assembler-not L\\\$?C[^A-Z]
UNRESOLVED: gcc.dg/visibility-1.c
UNRESOLVED: gcc.dg/visibility-2.c
UNRESOLVED: gcc.dg/visibility-3.c
UNRESOLVED: gcc.dg/visibility-4.c
UNRESOLVED: gcc.dg/visibility-5.c
UNRESOLVED: gcc.dg/visibility-6.c
UNRESOLVED: gcc.dg/visibility-7.c
UNRESOLVED: gcc.dg/special/weak-1.c
UNRESOLVED: gcc.dg/special/weak-2.c
UNRESOLVED: gcc.dg/special/wkali-1.c
UNRESOLVED: gcc.dg/special/wkali-2.c
UNRESOLVED: gcc.dg/weak/typeof-2.c
UNRESOLVED: gcc.dg/weak/weak-1.c
UNRESOLVED: gcc.dg/weak/weak-2.c
UNRESOLVED: gcc.dg/weak/weak-3.c
UNRESOLVED: gcc.dg/weak/weak-4.c
UNRESOLVED: gcc.dg/weak/weak-5.c
UNRESOLVED: gcc.dg/weak/weak-6.c
UNRESOLVED: gcc.dg/weak/weak-7.c
UNRESOLVED: gcc.dg/weak/weak-8.c
UNRESOLVED: gcc.dg/weak/weak-9.c

		=== gcc Summary ===

# of expected passes		23399
# of unexpected failures	13
# of expected failures		71
# of unresolved testcases	21
# of untested testcases		7
# of unsupported tests		310
/xxx/gnu/gcc-3.3/objdir/gcc/xgcc version 3.4 20031216 (experimental)

		=== objc tests ===


Running target unix

		=== objc Summary ===

# of expected passes		1339
# of unsupported tests		7
/xxx/gnu/gcc-3.3/objdir/gcc/xgcc version 3.4 20031216 (experimental)

		=== libstdc++ tests ===


Running target unix
FAIL: 26_numerics/c99_classification_macros_c++.cc (test for excess errors)
FAIL: 26_numerics/c99_classification_macros_c.cc (test for excess errors)

		=== libstdc++ Summary ===

# of expected passes		1836
# of unexpected failures	2
# of expected failures		1
# of unsupported tests		7

Compiler version: 3.4 20031216 (experimental) 
Platform: hppa2.0w-hp-hpux11.11
configure flags: --with-gnu-as --with-as=/opt/gnu/bin/as --enable-shared --disable-nls --with-local-prefix=/opt/gnu --prefix=/opt/gnu --enable-debug=no


Index Nav: [Date Index] [Subject Index] [Author Index] [Thread Index]
Message Nav: [Date Prev] [Date Next] [Thread Prev] [Thread Next]