This is the mail archive of the gcc-testresults@gcc.gnu.org mailing list for the GCC project.


Index Nav: [Date Index] [Subject Index] [Author Index] [Thread Index]
Message Nav: [Date Prev] [Date Next] [Thread Prev] [Thread Next]
Other format: [Raw text]

Results for 3.3.3 20031215 (prerelease) testsuite on sparc-sun-solaris2.8


LAST_UPDATED: Mon Dec 15 05:02:23 UTC 2003

Native configuration is sparc-sun-solaris2.8

		=== g++ tests ===


Running target unix
ERROR: g++.dg/abi/rtti1.C: error executing dg-final: couldn't execute "c++filt": no such file or directory
UNRESOLVED: g++.dg/abi/rtti1.C: error executing dg-final: couldn't execute "c++filt": no such file or directory
FAIL: g++.other/decl5.C caused compiler crash

		=== g++ Summary ===

# of expected passes		8093
# of unexpected failures	1
# of expected failures		92
# of unresolved testcases	1
# of untested testcases		21
# of unsupported tests		28
/opt/build/eric/gcc-3_3-branch/gcc/testsuite/../g++ version 3.3.3 20031215 (prerelease)

		=== g77 tests ===


Running target unix

		=== g77 Summary ===

# of expected passes		1708
# of unsupported tests		8
/opt/build/eric/gcc-3_3-branch/gcc/testsuite/../g77 version 3.3.3 20031215 (prerelease)

		=== gcc tests ===


Running target unix
WARNING: gcc.dg/20021014-1.c compilation failed to produce executable
FAIL: gcc.dg/duff-2.c (test for excess errors)

		=== gcc Summary ===

# of expected passes		21013
# of unexpected failures	1
# of expected failures		67
# of unsupported tests		179
/opt/build/eric/gcc-3_3-branch/gcc/xgcc version 3.3.3 20031215 (prerelease)

		=== objc tests ===


Running target unix

		=== objc Summary ===

# of expected passes		1155
/opt/build/eric/gcc-3_3-branch/gcc/xgcc version 3.3.3 20031215 (prerelease)

		=== libstdc++-v3 tests ===


Running target unix

		=== libstdc++-v3 Summary ===

# of expected passes		429
# of expected failures		18

Compiler version: 3.3.3 20031215 (prerelease) 
Platform: sparc-sun-solaris2.8
configure flags: --host=sparc-sun-solaris2.8 --prefix=/opt/build/eric/gcc333 --enable-languages=c,c++,objc,f77,java --disable-multilib --enable-checking=misc,tree,rtlflag


Index Nav: [Date Index] [Subject Index] [Author Index] [Thread Index]
Message Nav: [Date Prev] [Date Next] [Thread Prev] [Thread Next]