This is the mail archive of the gcc-testresults@gcc.gnu.org mailing list for the GCC project.


Index Nav: [Date Index] [Subject Index] [Author Index] [Thread Index]
Message Nav: [Date Prev] [Date Next] [Thread Prev] [Thread Next]
Other format: [Raw text]

Results for 3.4 20031214 (experimental) testsuite on powerpc-unknown-linux-gnu


LAST_UPDATED: Mon Dec 15 00:00:45 UTC 2003

		=== acats tests ===
FAIL:	c34005a
FAIL:	c34005d
FAIL:	c34005g
FAIL:	c34005j
FAIL:	c37213f
FAIL:	c37215f
FAIL:	cxb3010
FAIL:	cxb3014
FAIL:	cxb3015

		=== acats Summary ===
# of expected passes		1956
# of unexpected failures	9
# of unsupported tests		357
Native configuration is powerpc-unknown-linux-gnu

		=== g++ tests ===


Running target unix
XPASS: g++.dg/ext/lvalue1.C not an lvalue (test for errors, line 7)
FAIL: g++.dg/lookup/using9.C  (test for errors, line 7)
FAIL: g++.dg/lookup/using9.C  (test for errors, line 8)
FAIL: g++.dg/lookup/using9.C  (test for errors, line 12)
FAIL: g++.dg/lookup/using9.C  (test for errors, line 13)
FAIL: g++.dg/lookup/using9.C  (test for errors, line 14)
FAIL: g++.dg/lookup/using9.C  (test for errors, line 22)
FAIL: g++.dg/lookup/using9.C  (test for errors, line 23)
FAIL: g++.dg/lookup/using9.C (test for excess errors)
XPASS: g++.dg/other/packed1.C execution test
FAIL: g++.dg/template/ptrmem7.C  (test for errors, line 38)
FAIL: g++.dg/template/ptrmem7.C  (test for errors, line 39)
FAIL: g++.dg/template/ptrmem7.C  (test for errors, line 43)
FAIL: g++.dg/template/ptrmem7.C (test for excess errors)
XPASS: g++.dg/warn/Wunused-2.C  (test for warnings, line 5)
WARNING: g++.old-deja/g++.mike/p10769a.C compilation failed to produce executable
WARNING: g++.old-deja/g++.other/enum5.C compilation failed to produce executable
XPASS: g++.old-deja/g++.other/init5.C execution test
WARNING: g++.old-deja/g++.pt/friend44.C compilation failed to produce executable
FAIL: g++.old-deja/g++.pt/vaarg3.C  (test for errors, line 15)

		=== g++ Summary ===

# of expected passes		9134
# of unexpected failures	13
# of unexpected successes	4
# of expected failures		58
# of unsupported tests		69
/abuild/gcc_cvs_build/obj/obj-gcc34/gcc/testsuite/../g++ version 3.4 20031214 (experimental)

		=== g77 tests ===


Running target unix

		=== g77 Summary ===

# of expected passes		1774
# of expected failures		1
# of untested testcases		1
# of unsupported tests		6
/abuild/gcc_cvs_build/obj/obj-gcc34/gcc/testsuite/../g77 version 3.4 20031214 (experimental)

		=== gcc tests ===


Running target unix
FAIL: gcc.c-torture/execute/20030125-1.c execution,  -O1 
FAIL: gcc.c-torture/execute/20030125-1.c execution,  -O2 
FAIL: gcc.c-torture/execute/20030125-1.c execution,  -O3 -fomit-frame-pointer 
FAIL: gcc.c-torture/execute/20030125-1.c execution,  -O3 -g 
FAIL: gcc.c-torture/execute/20030125-1.c execution,  -Os 
FAIL: gcc.c-torture/execute/va-arg-25.c execution,  -O0 
FAIL: gcc.c-torture/execute/va-arg-25.c execution,  -O1 
FAIL: gcc.c-torture/execute/va-arg-25.c execution,  -O2 
FAIL: gcc.c-torture/execute/va-arg-25.c execution,  -O3 -fomit-frame-pointer 
FAIL: gcc.c-torture/execute/va-arg-25.c execution,  -O3 -g 
FAIL: gcc.c-torture/execute/va-arg-25.c execution,  -Os 
FAIL: gcc.dg/compat/scalar-by-value-3 c_compat_x_tst.o-c_compat_y_tst.o execute 
FAIL: gcc.dg/compat/scalar-return-3 c_compat_x_tst.o-c_compat_y_tst.o execute 
FAIL: gcc.dg/20020103-1.c scan-assembler-not LC
FAIL: gcc.dg/altivec-5.c (test for excess errors)
FAIL: gcc.dg/builtins-18.c (test for excess errors)
FAIL: gcc.dg/builtins-20.c (test for excess errors)
FAIL: gcc.dg/complex-1.c execution test
FAIL: gcc.dg/ppc-sdata-1.c scan-assembler sdat@sdarel\\(13\\)
FAIL: gcc.dg/ppc-sdata-1.c scan-assembler sdat2@sda21\\(2\\)

		=== gcc Summary ===

# of expected passes		24463
# of unexpected failures	20
# of expected failures		72
# of untested testcases		7
# of unsupported tests		258
/abuild/gcc_cvs_build/obj/obj-gcc34/gcc/xgcc version 3.4 20031214 (experimental)

		=== objc tests ===


Running target unix
FAIL: objc.dg/encode-2.m execution test
FAIL: objc.dg/encode-3.m execution test
FAIL: objc.dg/encode-4.m execution test

		=== objc Summary ===

# of expected passes		1336
# of unexpected failures	3
# of unsupported tests		7
/abuild/gcc_cvs_build/obj/obj-gcc34/gcc/xgcc version 3.4 20031214 (experimental)

		=== libffi tests ===


Running target unix

		=== libffi Summary ===

# of expected passes		212
# of unsupported tests		2
		=== libjava tests ===


Running target unix
FAIL: linking simple
FAIL: /home/foo/src/gcc-head/libjava/testsuite/libjava.jar/simple.jar execution - gij test

		=== libjava Summary ===

# of expected passes		3258
# of unexpected failures	2
# of expected failures		11
# of untested testcases		9
		=== libstdc++ tests ===


Running target unix
XPASS: 26_numerics/c99_classification_macros_c.cc (test for excess errors)

		=== libstdc++ Summary ===

# of expected passes		2444
# of unexpected successes	1
# of expected failures		11

Compiler version: 3.4 20031214 (experimental) 
Platform: powerpc-unknown-linux-gnu
configure flags: --enable-checking --enable-libgcj --enable-shared --enable-__cxa_atexit --enable-threads --enable-languages=c,c++,f77,java,objc,ada --prefix=/abuild/gcc_cvs_build/obj/install-gcc34 --with-system-zlib

GNU ld version 2.14.90 20030704 (SuSE Linux)

FAIL: gcc.dg/altivec-5.c (test for excess errors)
output is:
/home/foo/src/gcc-head/gcc/testsuite/gcc.dg/altivec-5.c: In function \`foo':

/home/foo/src/gcc-head/gcc/testsuite/gcc.dg/altivec-5.c:12: error: unrecognizable insn:
(insn:HI 5 19 6 0 (set (reg/v:V4SI 120 [ b ])
        (mem/f:V4SI (plus:SI (reg/f:SI ap)
                (const_int 8 [0x8])) [4 b+0 S16 A128])) -1 (nil)
    (nil))
/home/foo/src/gcc-head/gcc/testsuite/gcc.dg/altivec-5.c:12: internal compiler error: in extract_insn, at recog.c:2061
Please submit a full bug report,
with preprocessed source if appropriate.
See <URL:http://gcc.gnu.org/bugs.html> for instructions.

FAIL: gcc.dg/builtins-18.c (test for excess errors)
output is:
/tmp/cc4QGxq2.o(.text+0x7c): In function \`main':
: undefined reference to \`link_error'
/tmp/cc4QGxq2.o(.text+0x84): In function \`main':
: undefined reference to \`link_error'
/tmp/cc4QGxq2.o(.text+0x9c): In function \`main':
: undefined reference to \`link_error'
/tmp/cc4QGxq2.o(.text+0xa4): In function \`main':
: undefined reference to \`link_error'
collect2: ld returned 1 exit status

FAIL: gcc.dg/builtins-20.c (test for excess errors)
output is:
/tmp/cc2anTLT.o(.text+0xb8): In function \`test1f':
: undefined reference to \`link_error'
/tmp/cc2anTLT.o(.text+0xd0): In function \`test1f':
: undefined reference to \`link_error'
/tmp/cc2anTLT.o(.text+0xe0): In function \`test1f':
: undefined reference to \`link_error'
/tmp/cc2anTLT.o(.text+0xe8): In function \`test1f':
: undefined reference to \`link_error'
/tmp/cc2anTLT.o(.text+0x1cc): In function \`test1l':
: undefined reference to \`link_error'
/tmp/cc2anTLT.o(.text+0x1e4): more undefined references to \`link_error' follow
collect2: ld returned 1 exit status

FAIL: g++.dg/lookup/using9.C  (test for errors, line 7)
output is:
/home/foo/src/gcc-head/gcc/testsuite/g++.dg/lookup/using9.C: In function \`void h()':
/home/foo/src/gcc-head/gcc/testsuite/g++.dg/lookup/using9.C:20: error: \`f' is already declared in this scope
/home/foo/src/gcc-head/gcc/testsuite/g++.dg/lookup/using9.C: In function \`void m()':
/home/foo/src/gcc-head/gcc/testsuite/g++.dg/lookup/using9.C:29: error: \`f' is already declared in this scope

FAIL: g++.old-deja/g++.pt/vaarg3.C  (test for errors, line 15)
output is:
/home/foo/src/gcc-head/gcc/testsuite/g++.old-deja/g++.pt/vaarg3.C: In function \`int main()':
/home/foo/src/gcc-head/gcc/testsuite/g++.old-deja/g++.pt/vaarg3.C:24: warning: cannot pass objects of non-POD type \`struct A' through \`...'; call will abort at runtime
/home/foo/src/gcc-head/gcc/testsuite/g++.old-deja/g++.pt/vaarg3.C: In function \`void PrintArgs(Type, ...) [with Type = A]':
/home/foo/src/gcc-head/gcc/testsuite/g++.old-deja/g++.pt/vaarg3.C:24:   instantiated from here
/home/foo/src/gcc-head/gcc/testsuite/g++.old-deja/g++.pt/vaarg3.C:17: warning: cannot receive objects of non-POD type \`struct A' through \`...'; call will abort at runtime

FAIL: linking simple
output is:
simple.java: In class \`simple':
simple.java: In method \`simple.main(java.lang.String[])':
simple.java:5: internal compiler error: Segmentation fault
Please submit a full bug report,
with preprocessed source if appropriate.
See <URL:http://gcc.gnu.org/bugs.html> for instructions.


Index Nav: [Date Index] [Subject Index] [Author Index] [Thread Index]
Message Nav: [Date Prev] [Date Next] [Thread Prev] [Thread Next]