This is the mail archive of the gcc-testresults@gcc.gnu.org mailing list for the GCC project.


Index Nav: [Date Index] [Subject Index] [Author Index] [Thread Index]
Message Nav: [Date Prev] [Date Next] [Thread Prev] [Thread Next]
Other format: [Raw text]

Results for 3.4 20031009 (experimental) (new RA) testsuite on x86_64-suse-linux-gnu


Bootstrap and regtesting on x86_64-suse-linux-gnu.
CVS sources: branch: new-regalloc-branch.
LAST_UPDATED: Sat Dec 13 15:39:03 UTC 2003

Native configuration is x86_64-suse-linux-gnu

		=== g++ tests ===


Running target unix/-m32
FAIL: g++.dg/eh/cleanup1.C (test for excess errors)
FAIL: g++.dg/eh/simd-1.C (test for excess errors)
WARNING: g++.dg/eh/simd-1.C compilation failed to produce executable
FAIL: g++.dg/eh/simd-2.C (test for excess errors)
WARNING: g++.dg/eh/simd-2.C compilation failed to produce executable
XPASS: g++.dg/ext/lvalue1.C not an lvalue (test for errors, line 7)
FAIL: g++.dg/ext/pretty1.C scan-assembler top level
FAIL: g++.dg/ext/pretty2.C (test for excess errors)
WARNING: g++.dg/ext/pretty2.C compilation failed to produce executable
FAIL: g++.dg/other/anon-union.C (test for excess errors)
FAIL: g++.dg/parse/crash10.C  (test for errors, line 14)
XPASS: g++.dg/warn/Wunused-2.C  (test for warnings, line 5)
WARNING: g++.old-deja/g++.mike/p10769a.C compilation failed to produce executable
WARNING: g++.old-deja/g++.other/enum5.C compilation failed to produce executable
XPASS: g++.old-deja/g++.other/init5.C execution test
WARNING: g++.old-deja/g++.pt/friend44.C compilation failed to produce executable

		=== g++ Summary for unix/-m32 ===

# of expected passes		8994
# of unexpected failures	7
# of unexpected successes	3
# of expected failures		59
# of unsupported tests		59

Running target unix
FAIL: g++.dg/eh/cleanup1.C (test for excess errors)
FAIL: g++.dg/ext/attrib8.C (test for excess errors)
XPASS: g++.dg/ext/lvalue1.C not an lvalue (test for errors, line 7)
FAIL: g++.dg/ext/pretty1.C scan-assembler top level
FAIL: g++.dg/ext/pretty2.C (test for excess errors)
WARNING: g++.dg/ext/pretty2.C compilation failed to produce executable
FAIL: g++.dg/parse/crash10.C  (test for errors, line 14)
XPASS: g++.dg/warn/Wunused-2.C  (test for warnings, line 5)
WARNING: g++.old-deja/g++.mike/p10769a.C compilation failed to produce executable
WARNING: g++.old-deja/g++.other/enum5.C compilation failed to produce executable
XPASS: g++.old-deja/g++.other/init5.C execution test
WARNING: g++.old-deja/g++.pt/friend44.C compilation failed to produce executable
FAIL: g++.old-deja/g++.robertl/eb132.C (test for excess errors)

		=== g++ Summary for unix ===

# of expected passes		8997
# of unexpected failures	6
# of unexpected successes	3
# of expected failures		59
# of unsupported tests		59

		=== g++ Summary ===

# of expected passes		17991
# of unexpected failures	13
# of unexpected successes	6
# of expected failures		118
# of unsupported tests		118
/abuild/aj/builds/gcc/misc/gcc/testsuite/../g++ version 3.4 20031009 (experimental) (new RA)

		=== g77 tests ===


Running target unix/-m32
FAIL: g77.f-torture/execute/980520-1.f compilation,  -O0 
FAIL: g77.f-torture/execute/f90-intrinsic-bit.f execution,  -O0 
FAIL: g77.f-torture/execute/f90-intrinsic-bit.f execution,  -O1 

		=== g77 Summary for unix/-m32 ===

# of expected passes		1750
# of unexpected failures	3
# of untested testcases		1
# of unsupported tests		6

Running target unix
FAIL: g77.f-torture/execute/980520-1.f compilation,  -O0 

		=== g77 Summary for unix ===

# of expected passes		1752
# of unexpected failures	1
# of untested testcases		1
# of unsupported tests		6

		=== g77 Summary ===

# of expected passes		3502
# of unexpected failures	4
# of untested testcases		2
# of unsupported tests		12
/abuild/aj/builds/gcc/misc/gcc/testsuite/../g77 version 3.4 20031009 (experimental) (new RA)

		=== gcc tests ===


Running target unix/-m32
FAIL: gcc.c-torture/compile/simd-2.c (test for excess errors)
FAIL: gcc.c-torture/compile/simd-2.c (test for excess errors)
FAIL: gcc.c-torture/compile/simd-2.c (test for excess errors)
FAIL: gcc.c-torture/compile/simd-2.c (test for excess errors)
FAIL: gcc.c-torture/compile/simd-2.c (test for excess errors)
FAIL: gcc.c-torture/compile/simd-2.c (test for excess errors)
FAIL: gcc.c-torture/compile/simd-3.c (test for excess errors)
FAIL: gcc.c-torture/compile/simd-3.c (test for excess errors)
FAIL: gcc.c-torture/compile/simd-3.c (test for excess errors)
FAIL: gcc.c-torture/compile/simd-3.c (test for excess errors)
FAIL: gcc.c-torture/compile/simd-3.c (test for excess errors)
FAIL: gcc.c-torture/compile/simd-3.c (test for excess errors)
FAIL: gcc.c-torture/compile/simd-4.c (test for excess errors)
FAIL: gcc.c-torture/compile/simd-4.c (test for excess errors)
FAIL: gcc.c-torture/compile/simd-4.c (test for excess errors)
FAIL: gcc.c-torture/compile/simd-4.c (test for excess errors)
FAIL: gcc.c-torture/compile/simd-4.c (test for excess errors)
FAIL: gcc.c-torture/compile/simd-5.c (test for excess errors)
FAIL: gcc.c-torture/compile/simd-5.c (test for excess errors)
FAIL: gcc.c-torture/compile/simd-5.c (test for excess errors)
FAIL: gcc.c-torture/compile/simd-5.c (test for excess errors)
FAIL: gcc.c-torture/compile/simd-5.c (test for excess errors)
FAIL: gcc.c-torture/compile/simd-5.c (test for excess errors)
XPASS: gcc.c-torture/execute/20020227-1.c execution,  -O0 
XPASS: gcc.c-torture/execute/20020227-1.c execution,  -O1 
XPASS: gcc.c-torture/execute/20020227-1.c execution,  -O2 
XPASS: gcc.c-torture/execute/20020227-1.c execution,  -O3 -fomit-frame-pointer 
XPASS: gcc.c-torture/execute/20020227-1.c execution,  -O3 -g 
XPASS: gcc.c-torture/execute/20020227-1.c execution,  -Os 
XPASS: gcc.c-torture/execute/20020720-1.c compilation,  -O1 
XPASS: gcc.c-torture/execute/20020720-1.c compilation,  -O2 
XPASS: gcc.c-torture/execute/20020720-1.c compilation,  -O3 -fomit-frame-pointer 
XPASS: gcc.c-torture/execute/20020720-1.c compilation,  -O3 -g 
XPASS: gcc.c-torture/execute/20020720-1.c compilation,  -Os 
FAIL: gcc.c-torture/execute/arith-rand-ll.c execution,  -O0 
FAIL: gcc.c-torture/execute/loop-2e.c execution,  -Os 
FAIL: gcc.c-torture/execute/simd-1.c compilation,  -O1 
UNRESOLVED: gcc.c-torture/execute/simd-1.c execution,  -O1 
FAIL: gcc.c-torture/execute/simd-1.c compilation,  -O2 
UNRESOLVED: gcc.c-torture/execute/simd-1.c execution,  -O2 
FAIL: gcc.c-torture/execute/simd-1.c compilation,  -O3 -fomit-frame-pointer 
UNRESOLVED: gcc.c-torture/execute/simd-1.c execution,  -O3 -fomit-frame-pointer 
FAIL: gcc.c-torture/execute/simd-1.c compilation,  -O3 -g 
UNRESOLVED: gcc.c-torture/execute/simd-1.c execution,  -O3 -g 
FAIL: gcc.c-torture/execute/simd-1.c compilation,  -Os 
UNRESOLVED: gcc.c-torture/execute/simd-1.c execution,  -Os 
FAIL: gcc.c-torture/execute/simd-2.c compilation,  -O1 
UNRESOLVED: gcc.c-torture/execute/simd-2.c execution,  -O1 
FAIL: gcc.c-torture/execute/simd-2.c compilation,  -O2 
UNRESOLVED: gcc.c-torture/execute/simd-2.c execution,  -O2 
FAIL: gcc.c-torture/execute/simd-2.c compilation,  -O3 -fomit-frame-pointer 
UNRESOLVED: gcc.c-torture/execute/simd-2.c execution,  -O3 -fomit-frame-pointer 
FAIL: gcc.c-torture/execute/simd-2.c compilation,  -O3 -g 
UNRESOLVED: gcc.c-torture/execute/simd-2.c execution,  -O3 -g 
FAIL: gcc.c-torture/execute/simd-2.c compilation,  -Os 
UNRESOLVED: gcc.c-torture/execute/simd-2.c execution,  -Os 
FAIL: gcc.c-torture/execute/va-arg-24.c execution,  -O0 
FAIL: gcc.c-torture/execute/va-arg-24.c compilation,  -O1 
UNRESOLVED: gcc.c-torture/execute/va-arg-24.c execution,  -O1 
FAIL: gcc.c-torture/execute/va-arg-24.c compilation,  -O2 
UNRESOLVED: gcc.c-torture/execute/va-arg-24.c execution,  -O2 
FAIL: gcc.c-torture/execute/va-arg-24.c compilation,  -O3 -fomit-frame-pointer 
UNRESOLVED: gcc.c-torture/execute/va-arg-24.c execution,  -O3 -fomit-frame-pointer 
FAIL: gcc.c-torture/execute/va-arg-24.c compilation,  -O3 -g 
UNRESOLVED: gcc.c-torture/execute/va-arg-24.c execution,  -O3 -g 
FAIL: gcc.c-torture/execute/va-arg-24.c compilation,  -Os 
UNRESOLVED: gcc.c-torture/execute/va-arg-24.c execution,  -Os 
UNRESOLVED: gcc.c-torture/execute/wchar_t-1.c execution,  -O0 
UNRESOLVED: gcc.c-torture/execute/wchar_t-1.c execution,  -O1 
UNRESOLVED: gcc.c-torture/execute/wchar_t-1.c execution,  -O2 
UNRESOLVED: gcc.c-torture/execute/wchar_t-1.c execution,  -O3 -fomit-frame-pointer 
UNRESOLVED: gcc.c-torture/execute/wchar_t-1.c execution,  -O3 -g 
UNRESOLVED: gcc.c-torture/execute/wchar_t-1.c execution,  -Os 
FAIL: gcc.c-torture/execute/ieee/20010114-2.c execution,  -O1 
FAIL: gcc.c-torture/execute/ieee/20010114-2.c execution,  -O2 
FAIL: gcc.c-torture/execute/ieee/20010114-2.c execution,  -Os 
FAIL: gcc.c-torture/execute/ieee/20030331-1.c execution,  -O1 
FAIL: gcc.c-torture/execute/ieee/20030331-1.c execution,  -O2 
FAIL: gcc.c-torture/execute/ieee/20030331-1.c execution,  -O3 -fomit-frame-pointer 
FAIL: gcc.c-torture/execute/ieee/20030331-1.c execution,  -O3 -g 
FAIL: gcc.c-torture/execute/ieee/20030331-1.c execution,  -Os 
FAIL: gcc.c-torture/execute/ieee/980619-1.c execution,  -O1 
FAIL: gcc.c-torture/execute/ieee/980619-1.c execution,  -O2 
FAIL: gcc.c-torture/execute/ieee/980619-1.c execution,  -O3 -fomit-frame-pointer 
FAIL: gcc.c-torture/execute/ieee/980619-1.c execution,  -O3 -fomit-frame-pointer -funroll-loops 
FAIL: gcc.c-torture/execute/ieee/980619-1.c execution,  -O3 -fomit-frame-pointer -funroll-all-loops -finline-functions 
FAIL: gcc.c-torture/execute/ieee/980619-1.c execution,  -O3 -g 
FAIL: gcc.c-torture/execute/ieee/980619-1.c execution,  -Os 
FAIL: gcc.dg/compat/struct-align-1 c_compat_x_tst.o-c_compat_y_alt.o execute 
FAIL: gcc.dg/compat/struct-align-1 c_compat_x_alt.o-c_compat_y_tst.o execute 
FAIL: gcc.dg/compat/vector-1 c_compat_x_alt.o compile
FAIL: gcc.dg/compat/vector-1 c_compat_y_alt.o compile
FAIL: gcc.dg/compat/vector-1 c_compat_x_tst.o compile
FAIL: gcc.dg/compat/vector-1 c_compat_y_tst.o compile
UNRESOLVED: gcc.dg/compat/vector-1 c_compat_x_tst.o-c_compat_y_tst.o link 
UNRESOLVED: gcc.dg/compat/vector-1 c_compat_x_tst.o-c_compat_y_tst.o execute 
UNRESOLVED: gcc.dg/compat/vector-1 c_compat_x_tst.o-c_compat_y_alt.o link 
UNRESOLVED: gcc.dg/compat/vector-1 c_compat_x_tst.o-c_compat_y_alt.o execute 
UNRESOLVED: gcc.dg/compat/vector-1 c_compat_x_alt.o-c_compat_y_tst.o link 
UNRESOLVED: gcc.dg/compat/vector-1 c_compat_x_alt.o-c_compat_y_tst.o execute 
UNRESOLVED: gcc.dg/compat/vector-1 c_compat_x_alt.o-c_compat_y_alt.o link 
UNRESOLVED: gcc.dg/compat/vector-1 c_compat_x_alt.o-c_compat_y_alt.o execute 
FAIL: gcc.dg/compat/vector-2 c_compat_x_alt.o compile
FAIL: gcc.dg/compat/vector-2 c_compat_y_alt.o compile
UNRESOLVED: gcc.dg/compat/vector-2 c_compat_x_tst.o-c_compat_y_alt.o link 
UNRESOLVED: gcc.dg/compat/vector-2 c_compat_x_tst.o-c_compat_y_alt.o execute 
UNRESOLVED: gcc.dg/compat/vector-2 c_compat_x_alt.o-c_compat_y_tst.o link 
UNRESOLVED: gcc.dg/compat/vector-2 c_compat_x_alt.o-c_compat_y_tst.o execute 
UNRESOLVED: gcc.dg/compat/vector-2 c_compat_x_alt.o-c_compat_y_alt.o link 
UNRESOLVED: gcc.dg/compat/vector-2 c_compat_x_alt.o-c_compat_y_alt.o execute 
FAIL: gcc.dg/debug/debug-1.c scan-assembler xyzzy
FAIL: gcc.dg/debug/debug-1.c scan-assembler xyzzy
FAIL: gcc.dg/debug/debug-1.c scan-assembler xyzzy
FAIL: gcc.dg/debug/debug-1.c scan-assembler xyzzy
FAIL: gcc.dg/debug/debug-2.c scan-assembler xyzzy
FAIL: gcc.dg/debug/debug-2.c scan-assembler xyzzy
FAIL: gcc.dg/debug/debug-2.c scan-assembler xyzzy
FAIL: gcc.dg/debug/debug-2.c scan-assembler xyzzy
FAIL: gcc.dg/i386-ssefp-1.c scan-assembler maxsd
FAIL: gcc.dg/i386-ssefp-1.c scan-assembler minsd
FAIL: gcc.dg/i386-ssefp-2.c scan-assembler maxsd
FAIL: gcc.dg/i386-ssefp-2.c scan-assembler minsd
FAIL: linkage.c

		=== gcc Summary for unix/-m32 ===

# of expected passes		23766
# of unexpected failures	77
# of unexpected successes	11
# of expected failures		80
# of unresolved testcases	35
# of untested testcases		7
# of unsupported tests		233

Running target unix
FAIL: gcc.c-torture/compile/simd-2.c (test for excess errors)
FAIL: gcc.c-torture/compile/simd-2.c (test for excess errors)
FAIL: gcc.c-torture/compile/simd-2.c (test for excess errors)
FAIL: gcc.c-torture/compile/simd-2.c (test for excess errors)
FAIL: gcc.c-torture/compile/simd-2.c (test for excess errors)
FAIL: gcc.c-torture/compile/simd-2.c (test for excess errors)
FAIL: gcc.c-torture/compile/simd-3.c (test for excess errors)
FAIL: gcc.c-torture/compile/simd-3.c (test for excess errors)
FAIL: gcc.c-torture/compile/simd-3.c (test for excess errors)
FAIL: gcc.c-torture/compile/simd-3.c (test for excess errors)
FAIL: gcc.c-torture/compile/simd-3.c (test for excess errors)
FAIL: gcc.c-torture/compile/simd-3.c (test for excess errors)
FAIL: gcc.c-torture/compile/simd-5.c (test for excess errors)
FAIL: gcc.c-torture/compile/simd-5.c (test for excess errors)
FAIL: gcc.c-torture/compile/simd-5.c (test for excess errors)
FAIL: gcc.c-torture/compile/simd-5.c (test for excess errors)
FAIL: gcc.c-torture/compile/simd-5.c (test for excess errors)
FAIL: gcc.c-torture/compile/simd-5.c (test for excess errors)
XPASS: gcc.c-torture/execute/20020227-1.c execution,  -O0 
XPASS: gcc.c-torture/execute/20020227-1.c execution,  -O1 
XPASS: gcc.c-torture/execute/20020227-1.c execution,  -O2 
XPASS: gcc.c-torture/execute/20020227-1.c execution,  -O3 -fomit-frame-pointer 
XPASS: gcc.c-torture/execute/20020227-1.c execution,  -O3 -g 
XPASS: gcc.c-torture/execute/20020227-1.c execution,  -Os 
XPASS: gcc.c-torture/execute/20020720-1.c compilation,  -O1 
XPASS: gcc.c-torture/execute/20020720-1.c compilation,  -O2 
XPASS: gcc.c-torture/execute/20020720-1.c compilation,  -O3 -fomit-frame-pointer 
XPASS: gcc.c-torture/execute/20020720-1.c compilation,  -O3 -g 
XPASS: gcc.c-torture/execute/20020720-1.c compilation,  -Os 
FAIL: gcc.c-torture/execute/simd-1.c compilation,  -O1 
UNRESOLVED: gcc.c-torture/execute/simd-1.c execution,  -O1 
FAIL: gcc.c-torture/execute/simd-1.c compilation,  -O2 
UNRESOLVED: gcc.c-torture/execute/simd-1.c execution,  -O2 
FAIL: gcc.c-torture/execute/simd-1.c compilation,  -O3 -fomit-frame-pointer 
UNRESOLVED: gcc.c-torture/execute/simd-1.c execution,  -O3 -fomit-frame-pointer 
FAIL: gcc.c-torture/execute/simd-1.c compilation,  -O3 -g 
UNRESOLVED: gcc.c-torture/execute/simd-1.c execution,  -O3 -g 
FAIL: gcc.c-torture/execute/simd-1.c compilation,  -Os 
UNRESOLVED: gcc.c-torture/execute/simd-1.c execution,  -Os 
FAIL: gcc.c-torture/execute/simd-2.c compilation,  -O1 
UNRESOLVED: gcc.c-torture/execute/simd-2.c execution,  -O1 
FAIL: gcc.c-torture/execute/simd-2.c compilation,  -O2 
UNRESOLVED: gcc.c-torture/execute/simd-2.c execution,  -O2 
FAIL: gcc.c-torture/execute/simd-2.c compilation,  -O3 -fomit-frame-pointer 
UNRESOLVED: gcc.c-torture/execute/simd-2.c execution,  -O3 -fomit-frame-pointer 
FAIL: gcc.c-torture/execute/simd-2.c compilation,  -O3 -g 
UNRESOLVED: gcc.c-torture/execute/simd-2.c execution,  -O3 -g 
FAIL: gcc.c-torture/execute/simd-2.c compilation,  -Os 
UNRESOLVED: gcc.c-torture/execute/simd-2.c execution,  -Os 
FAIL: gcc.c-torture/execute/va-arg-24.c execution,  -O0 
FAIL: gcc.c-torture/execute/va-arg-24.c execution,  -O1 
FAIL: gcc.c-torture/execute/va-arg-24.c execution,  -O2 
FAIL: gcc.c-torture/execute/va-arg-24.c execution,  -O3 -fomit-frame-pointer 
FAIL: gcc.c-torture/execute/va-arg-24.c execution,  -O3 -g 
FAIL: gcc.c-torture/execute/va-arg-24.c execution,  -Os 
UNRESOLVED: gcc.c-torture/execute/wchar_t-1.c execution,  -O0 
UNRESOLVED: gcc.c-torture/execute/wchar_t-1.c execution,  -O1 
UNRESOLVED: gcc.c-torture/execute/wchar_t-1.c execution,  -O2 
UNRESOLVED: gcc.c-torture/execute/wchar_t-1.c execution,  -O3 -fomit-frame-pointer 
UNRESOLVED: gcc.c-torture/execute/wchar_t-1.c execution,  -O3 -g 
UNRESOLVED: gcc.c-torture/execute/wchar_t-1.c execution,  -Os 
FAIL: gcc.dg/compat/struct-align-1 c_compat_x_tst.o-c_compat_y_alt.o execute 
FAIL: gcc.dg/compat/struct-align-1 c_compat_x_alt.o-c_compat_y_tst.o execute 
FAIL: gcc.dg/compat/vector-1 c_compat_x_alt.o compile
FAIL: gcc.dg/compat/vector-1 c_compat_y_alt.o compile
FAIL: gcc.dg/compat/vector-1 c_compat_x_tst.o compile
FAIL: gcc.dg/compat/vector-1 c_compat_y_tst.o compile
UNRESOLVED: gcc.dg/compat/vector-1 c_compat_x_tst.o-c_compat_y_tst.o link 
UNRESOLVED: gcc.dg/compat/vector-1 c_compat_x_tst.o-c_compat_y_tst.o execute 
UNRESOLVED: gcc.dg/compat/vector-1 c_compat_x_tst.o-c_compat_y_alt.o link 
UNRESOLVED: gcc.dg/compat/vector-1 c_compat_x_tst.o-c_compat_y_alt.o execute 
UNRESOLVED: gcc.dg/compat/vector-1 c_compat_x_alt.o-c_compat_y_tst.o link 
UNRESOLVED: gcc.dg/compat/vector-1 c_compat_x_alt.o-c_compat_y_tst.o execute 
UNRESOLVED: gcc.dg/compat/vector-1 c_compat_x_alt.o-c_compat_y_alt.o link 
UNRESOLVED: gcc.dg/compat/vector-1 c_compat_x_alt.o-c_compat_y_alt.o execute 
FAIL: gcc.dg/compat/vector-2 c_compat_x_alt.o compile
FAIL: gcc.dg/compat/vector-2 c_compat_y_alt.o compile
FAIL: gcc.dg/compat/vector-2 c_compat_x_tst.o compile
FAIL: gcc.dg/compat/vector-2 c_compat_y_tst.o compile
UNRESOLVED: gcc.dg/compat/vector-2 c_compat_x_tst.o-c_compat_y_tst.o link 
UNRESOLVED: gcc.dg/compat/vector-2 c_compat_x_tst.o-c_compat_y_tst.o execute 
UNRESOLVED: gcc.dg/compat/vector-2 c_compat_x_tst.o-c_compat_y_alt.o link 
UNRESOLVED: gcc.dg/compat/vector-2 c_compat_x_tst.o-c_compat_y_alt.o execute 
UNRESOLVED: gcc.dg/compat/vector-2 c_compat_x_alt.o-c_compat_y_tst.o link 
UNRESOLVED: gcc.dg/compat/vector-2 c_compat_x_alt.o-c_compat_y_tst.o execute 
UNRESOLVED: gcc.dg/compat/vector-2 c_compat_x_alt.o-c_compat_y_alt.o link 
UNRESOLVED: gcc.dg/compat/vector-2 c_compat_x_alt.o-c_compat_y_alt.o execute 
FAIL: gcc.dg/debug/debug-1.c scan-assembler xyzzy
FAIL: gcc.dg/debug/debug-1.c scan-assembler xyzzy
FAIL: gcc.dg/debug/debug-1.c scan-assembler xyzzy
FAIL: gcc.dg/debug/debug-1.c scan-assembler xyzzy
FAIL: gcc.dg/debug/debug-2.c scan-assembler xyzzy
FAIL: gcc.dg/debug/debug-2.c scan-assembler xyzzy
FAIL: gcc.dg/debug/debug-2.c scan-assembler xyzzy
FAIL: gcc.dg/debug/debug-2.c scan-assembler xyzzy
FAIL: gcc.dg/20020103-1.c scan-assembler-not LC
FAIL: gcc.dg/20030926-1.c (test for excess errors)
FAIL: gcc.dg/i386-local.c scan-assembler magic[^\\n]*eax
FAIL: gcc.dg/i386-pentium4-not-mull.c (test for excess errors)
ERROR: gcc.dg/i386-pentium4-not-mull.c: error executing dg-final: couldn't open "i386-pentium4-not-mull.s": no such file or directory
UNRESOLVED: gcc.dg/i386-pentium4-not-mull.c: error executing dg-final: couldn't open "i386-pentium4-not-mull.s": no such file or directory
FAIL: gcc.dg/i386-sse-2.c (test for excess errors)
FAIL: gcc.dg/i386-sse-3.c (test for excess errors)
FAIL: gcc.dg/i386-ssefp-1.c scan-assembler maxsd
FAIL: gcc.dg/i386-ssefp-1.c scan-assembler minsd
FAIL: gcc.dg/i386-ssefp-2.c scan-assembler maxsd
FAIL: gcc.dg/i386-ssefp-2.c scan-assembler minsd
FAIL: gcc.dg/i386-ssetype-1.c (test for excess errors)
ERROR: gcc.dg/i386-ssetype-1.c: error executing dg-final: couldn't open "i386-ssetype-1.s": no such file or directory
UNRESOLVED: gcc.dg/i386-ssetype-1.c: error executing dg-final: couldn't open "i386-ssetype-1.s": no such file or directory
FAIL: gcc.dg/i386-ssetype-2.c (test for excess errors)
ERROR: gcc.dg/i386-ssetype-2.c: error executing dg-final: couldn't open "i386-ssetype-2.s": no such file or directory
UNRESOLVED: gcc.dg/i386-ssetype-2.c: error executing dg-final: couldn't open "i386-ssetype-2.s": no such file or directory
FAIL: gcc.dg/i386-ssetype-3.c (test for excess errors)
ERROR: gcc.dg/i386-ssetype-3.c: error executing dg-final: couldn't open "i386-ssetype-3.s": no such file or directory
UNRESOLVED: gcc.dg/i386-ssetype-3.c: error executing dg-final: couldn't open "i386-ssetype-3.s": no such file or directory
FAIL: gcc.dg/i386-ssetype-4.c (test for excess errors)
ERROR: gcc.dg/i386-ssetype-4.c: error executing dg-final: couldn't open "i386-ssetype-4.s": no such file or directory
UNRESOLVED: gcc.dg/i386-ssetype-4.c: error executing dg-final: couldn't open "i386-ssetype-4.s": no such file or directory
WARNING: program timed out.
FAIL: gcc.misc-tests/gcov-9.c execution test
WARNING: program timed out.
FAIL: linkage.c
WARNING: program timed out.
FAIL: gcc.misc-tests/mg.c

		=== gcc Summary for unix ===

# of expected passes		23755
# of unexpected failures	69
# of unexpected successes	11
# of expected failures		80
# of unresolved testcases	37
# of untested testcases		7
# of unsupported tests		233

		=== gcc Summary ===

# of expected passes		47521
# of unexpected failures	146
# of unexpected successes	22
# of expected failures		160
# of unresolved testcases	72
# of untested testcases		14
# of unsupported tests		466
WARNING: program timed out.
		=== objc tests ===


Running target unix/-m32

		=== objc Summary for unix/-m32 ===

# of expected passes		1334
# of unsupported tests		9

Running target unix
FAIL: objc.dg/call-super-2.m (test for excess errors)
FAIL: objc.dg/desig-init-1.m (test for excess errors)
FAIL: objc.dg/encode-2.m execution test
FAIL: objc.dg/encode-3.m execution test
FAIL: objc.dg/proto-qual-1.m execution test

		=== objc Summary for unix ===

# of expected passes		1329
# of unexpected failures	5
# of unsupported tests		9

		=== objc Summary ===

# of expected passes		2663
# of unexpected failures	5
# of unsupported tests		18
/abuild/aj/builds/gcc/misc/gcc/xgcc version 3.4 20031009 (experimental) (new RA)

		=== libffi tests ===


Running target unix/-m32
FAIL: libffi.call/cls_1_1byte.c execution test
FAIL: libffi.call/cls_2byte.c execution test
FAIL: libffi.call/cls_3_1byte.c execution test
FAIL: libffi.call/cls_5byte.c execution test
FAIL: libffi.call/cls_6byte.c execution test
FAIL: libffi.call/cls_ulonglong.c execution test

		=== libffi Summary for unix/-m32 ===

# of expected passes		113
# of unexpected failures	6
# of unsupported tests		2

Running target unix
FAIL: libffi.call/cls_12byte.c execution test
FAIL: libffi.call/cls_16byte.c output pattern test, is 7 8 9 1 9 3: 8 17 12
FAIL: libffi.call/cls_1_1byte.c execution test
FAIL: libffi.call/cls_20byte.c output pattern test, is 1 2 3 4 5 7: 5 7 10
FAIL: libffi.call/cls_24byte.c execution test
FAIL: libffi.call/cls_2byte.c execution test
FAIL: libffi.call/cls_3_1byte.c execution test
FAIL: libffi.call/cls_3byte1.c execution test
FAIL: libffi.call/cls_3byte2.c execution test
FAIL: libffi.call/cls_4_1byte.c execution test
FAIL: libffi.call/cls_4byte.c execution test
FAIL: libffi.call/cls_5byte.c execution test
FAIL: libffi.call/cls_6byte.c execution test
FAIL: libffi.call/cls_7byte.c execution test
FAIL: libffi.call/cls_8byte.c execution test
FAIL: libffi.call/nested_struct.c execution test
FAIL: libffi.call/nested_struct1.c execution test
FAIL: libffi.call/problem1.c output pattern test, is 1 2 3 1 2 3: 2 4 6
FAIL: libffi.call/pyobjc-tc.c execution test

		=== libffi Summary for unix ===

# of expected passes		91
# of unexpected failures	19
# of unsupported tests		2

		=== libffi Summary ===

# of expected passes		204
# of unexpected failures	25
# of unsupported tests		4
		=== libjava tests ===


Running target unix/-m32
FAIL: Thread_Interrupt -O3 output - bytecode->native test
FAIL: Thread_Monitor -O3 compilation from bytecode
FAIL: Throw_2 execution - source compiled test
FAIL: Throw_2 execution - gij test
FAIL: Throw_2 execution - bytecode->native test
FAIL: Throw_2 -O3 execution - source compiled test
FAIL: Throw_2 execution - gij test
FAIL: Throw_2 -O3 execution - bytecode->native test

		=== libjava Summary for unix/-m32 ===

# of expected passes		3099
# of unexpected failures	8
# of expected failures		10
# of untested testcases		16

Running target unix
FAIL: Array_3 -O3 execution - source compiled test

		=== libjava Summary for unix ===

# of expected passes		3113
# of unexpected failures	1
# of expected failures		10
# of untested testcases		9

		=== libjava Summary ===

# of expected passes		6212
# of unexpected failures	9
# of expected failures		20
# of untested testcases		25

		=== libstdc++-v3 check-abi Summary ===

# of added symbols:		 135
# of missing symbols:		 198
# of incompatible symbols:	 202
		=== libstdc++ tests ===


Running target unix/-m32
FAIL: 22_locale/codecvt/in/wchar_t/2.cc execution test
FAIL: 22_locale/codecvt/in/wchar_t/3.cc execution test
FAIL: 22_locale/codecvt/length/wchar_t/2.cc execution test
FAIL: 22_locale/codecvt/length/wchar_t/3.cc execution test
FAIL: 22_locale/codecvt/out/wchar_t/2.cc execution test
FAIL: 22_locale/codecvt/out/wchar_t/3.cc execution test
FAIL: 22_locale/codecvt/unicode/1.cc execution test
FAIL: 22_locale/codecvt/unicode/char.cc execution test
FAIL: 22_locale/ctype/widen/wchar_t/2.cc execution test
FAIL: 22_locale/locale/cons/12438.cc execution test
FAIL: 22_locale/messages/members/char/1.cc execution test
FAIL: 22_locale/messages/members/char/2.cc execution test
FAIL: 22_locale/messages/members/char/wrapped_env.cc execution test
FAIL: 22_locale/messages_byname/1.cc execution test
FAIL: 22_locale/money_get/get/char/1.cc (test for excess errors)
WARNING: 22_locale/money_get/get/char/1.cc compilation failed to produce executable
FAIL: 22_locale/money_get/get/char/2.cc (test for excess errors)
WARNING: 22_locale/money_get/get/char/2.cc compilation failed to produce executable
FAIL: 22_locale/money_get/get/char/5.cc (test for excess errors)
WARNING: 22_locale/money_get/get/char/5.cc compilation failed to produce executable
FAIL: 22_locale/money_get/get/char/wrapped_env.cc (test for excess errors)
WARNING: 22_locale/money_get/get/char/wrapped_env.cc compilation failed to produce executable
FAIL: 22_locale/money_get/get/char/wrapped_locale.cc (test for excess errors)
WARNING: 22_locale/money_get/get/char/wrapped_locale.cc compilation failed to produce executable
FAIL: 22_locale/money_get/get/wchar_t/1.cc (test for excess errors)
WARNING: 22_locale/money_get/get/wchar_t/1.cc compilation failed to produce executable
FAIL: 22_locale/money_get/get/wchar_t/2.cc (test for excess errors)
WARNING: 22_locale/money_get/get/wchar_t/2.cc compilation failed to produce executable
FAIL: 22_locale/money_get/get/wchar_t/5.cc (test for excess errors)
WARNING: 22_locale/money_get/get/wchar_t/5.cc compilation failed to produce executable
FAIL: 22_locale/money_get/get/wchar_t/7.cc (test for excess errors)
WARNING: 22_locale/money_get/get/wchar_t/7.cc compilation failed to produce executable
FAIL: 22_locale/money_get/get/wchar_t/wrapped_env.cc (test for excess errors)
WARNING: 22_locale/money_get/get/wchar_t/wrapped_env.cc compilation failed to produce executable
FAIL: 22_locale/money_get/get/wchar_t/wrapped_locale.cc (test for excess errors)
WARNING: 22_locale/money_get/get/wchar_t/wrapped_locale.cc compilation failed to produce executable
FAIL: 22_locale/money_put/put/wchar_t/1.cc execution test
FAIL: 22_locale/money_put/put/wchar_t/3.cc execution test
FAIL: 22_locale/money_put/put/wchar_t/wrapped_env.cc execution test
FAIL: 22_locale/time_get/get_date/char/3.cc (test for excess errors)
WARNING: 22_locale/time_get/get_date/char/3.cc compilation failed to produce executable
FAIL: 22_locale/time_get/get_date/char/wrapped_env.cc (test for excess errors)
WARNING: 22_locale/time_get/get_date/char/wrapped_env.cc compilation failed to produce executable
FAIL: 22_locale/time_get/get_date/char/wrapped_locale.cc (test for excess errors)
WARNING: 22_locale/time_get/get_date/char/wrapped_locale.cc compilation failed to produce executable
FAIL: 22_locale/time_get/get_date/wchar_t/3.cc (test for excess errors)
WARNING: 22_locale/time_get/get_date/wchar_t/3.cc compilation failed to produce executable
FAIL: 22_locale/time_get/get_date/wchar_t/wrapped_env.cc (test for excess errors)
WARNING: 22_locale/time_get/get_date/wchar_t/wrapped_env.cc compilation failed to produce executable
FAIL: 22_locale/time_get/get_date/wchar_t/wrapped_locale.cc (test for excess errors)
WARNING: 22_locale/time_get/get_date/wchar_t/wrapped_locale.cc compilation failed to produce executable
FAIL: 22_locale/time_get/get_monthname/char/3.cc (test for excess errors)
WARNING: 22_locale/time_get/get_monthname/char/3.cc compilation failed to produce executable
FAIL: 22_locale/time_get/get_monthname/char/wrapped_env.cc (test for excess errors)
WARNING: 22_locale/time_get/get_monthname/char/wrapped_env.cc compilation failed to produce executable
FAIL: 22_locale/time_get/get_monthname/char/wrapped_locale.cc (test for excess errors)
WARNING: 22_locale/time_get/get_monthname/char/wrapped_locale.cc compilation failed to produce executable
FAIL: 22_locale/time_get/get_monthname/wchar_t/3.cc (test for excess errors)
WARNING: 22_locale/time_get/get_monthname/wchar_t/3.cc compilation failed to produce executable
FAIL: 22_locale/time_get/get_monthname/wchar_t/wrapped_env.cc (test for excess errors)
WARNING: 22_locale/time_get/get_monthname/wchar_t/wrapped_env.cc compilation failed to produce executable
FAIL: 22_locale/time_get/get_monthname/wchar_t/wrapped_locale.cc (test for excess errors)
WARNING: 22_locale/time_get/get_monthname/wchar_t/wrapped_locale.cc compilation failed to produce executable
FAIL: 22_locale/time_get/get_time/char/3.cc (test for excess errors)
WARNING: 22_locale/time_get/get_time/char/3.cc compilation failed to produce executable
FAIL: 22_locale/time_get/get_time/char/wrapped_env.cc (test for excess errors)
WARNING: 22_locale/time_get/get_time/char/wrapped_env.cc compilation failed to produce executable
FAIL: 22_locale/time_get/get_time/char/wrapped_locale.cc (test for excess errors)
WARNING: 22_locale/time_get/get_time/char/wrapped_locale.cc compilation failed to produce executable
FAIL: 22_locale/time_get/get_time/wchar_t/3.cc (test for excess errors)
WARNING: 22_locale/time_get/get_time/wchar_t/3.cc compilation failed to produce executable
FAIL: 22_locale/time_get/get_time/wchar_t/wrapped_env.cc (test for excess errors)
WARNING: 22_locale/time_get/get_time/wchar_t/wrapped_env.cc compilation failed to produce executable
FAIL: 22_locale/time_get/get_time/wchar_t/wrapped_locale.cc (test for excess errors)
WARNING: 22_locale/time_get/get_time/wchar_t/wrapped_locale.cc compilation failed to produce executable
FAIL: 22_locale/time_get/get_weekday/char/3.cc (test for excess errors)
WARNING: 22_locale/time_get/get_weekday/char/3.cc compilation failed to produce executable
FAIL: 22_locale/time_get/get_weekday/char/wrapped_env.cc (test for excess errors)
WARNING: 22_locale/time_get/get_weekday/char/wrapped_env.cc compilation failed to produce executable
FAIL: 22_locale/time_get/get_weekday/char/wrapped_locale.cc (test for excess errors)
WARNING: 22_locale/time_get/get_weekday/char/wrapped_locale.cc compilation failed to produce executable
FAIL: 22_locale/time_get/get_weekday/wchar_t/3.cc (test for excess errors)
WARNING: 22_locale/time_get/get_weekday/wchar_t/3.cc compilation failed to produce executable
FAIL: 22_locale/time_get/get_weekday/wchar_t/wrapped_env.cc (test for excess errors)
WARNING: 22_locale/time_get/get_weekday/wchar_t/wrapped_env.cc compilation failed to produce executable
FAIL: 22_locale/time_get/get_weekday/wchar_t/wrapped_locale.cc (test for excess errors)
WARNING: 22_locale/time_get/get_weekday/wchar_t/wrapped_locale.cc compilation failed to produce executable
FAIL: 22_locale/time_get/get_year/char/3.cc (test for excess errors)
WARNING: 22_locale/time_get/get_year/char/3.cc compilation failed to produce executable
FAIL: 22_locale/time_get/get_year/char/wrapped_env.cc (test for excess errors)
WARNING: 22_locale/time_get/get_year/char/wrapped_env.cc compilation failed to produce executable
FAIL: 22_locale/time_get/get_year/char/wrapped_locale.cc (test for excess errors)
WARNING: 22_locale/time_get/get_year/char/wrapped_locale.cc compilation failed to produce executable
FAIL: 22_locale/time_get/get_year/wchar_t/3.cc (test for excess errors)
WARNING: 22_locale/time_get/get_year/wchar_t/3.cc compilation failed to produce executable
FAIL: 22_locale/time_get/get_year/wchar_t/wrapped_env.cc (test for excess errors)
WARNING: 22_locale/time_get/get_year/wchar_t/wrapped_env.cc compilation failed to produce executable
FAIL: 22_locale/time_get/get_year/wchar_t/wrapped_locale.cc (test for excess errors)
WARNING: 22_locale/time_get/get_year/wchar_t/wrapped_locale.cc compilation failed to produce executable
XPASS: 26_numerics/c99_classification_macros_c.cc (test for excess errors)
FAIL: 27_io/basic_filebuf/underflow/wchar_t/9520.cc execution test
FAIL: 27_io/objects/wchar_t/9520.cc execution test

		=== libstdc++ Summary for unix/-m32 ===

# of expected passes		2047
# of unexpected failures	60
# of unexpected successes	1
# of expected failures		11

Running target unix
FAIL: 22_locale/locale/cons/12438.cc execution test
FAIL: 22_locale/messages/members/char/1.cc execution test
FAIL: 22_locale/messages/members/char/2.cc execution test
FAIL: 22_locale/messages/members/char/wrapped_env.cc execution test
FAIL: 22_locale/messages/members/char/wrapped_locale.cc execution test
FAIL: 22_locale/messages_byname/1.cc execution test
XPASS: 26_numerics/c99_classification_macros_c.cc (test for excess errors)

		=== libstdc++ Summary for unix ===

# of expected passes		2142
# of unexpected failures	6
# of unexpected successes	1
# of expected failures		11

		=== libstdc++ Summary ===

# of expected passes		4189
# of unexpected failures	66
# of unexpected successes	2
# of expected failures		22

Compiler version: 3.4 20031009 (experimental) (new RA) 
Platform: x86_64-suse-linux-gnu
configure flags: --prefix=/opt/gcc/new-regalloc --disable-nls --enable-threads=posix --enable-clocale=gnu --enable-__cxa_atexit --enable-shared --enable-languages=c,c++,ada,java,f77,objc --with-system-zlib x86_64-suse-linux-gnu
Version of binutils: GNU ld version 2.14.90.0.5 20030722 (SuSE Linux)
Version of glibc (/lib/libc.so.6): 2.3.2 (20030827)
Version of glibc (/lib64/libc.so.6): 2.3.2 (20030827)


Index Nav: [Date Index] [Subject Index] [Author Index] [Thread Index]
Message Nav: [Date Prev] [Date Next] [Thread Prev] [Thread Next]