This is the mail archive of the gcc-testresults@gcc.gnu.org mailing list for the GCC project.


Index Nav: [Date Index] [Subject Index] [Author Index] [Thread Index]
Message Nav: [Date Prev] [Date Next] [Thread Prev] [Thread Next]
Other format: [Raw text]

Results for 3.4 20031212 (experimental) testsuite on powerpc-apple-darwin7.0.0


LAST_UPDATED: Fri Dec 12 23:07:34 UTC 2003

Native configuration is powerpc-apple-darwin7.0.0

		=== g++ tests ===


Running target unix
FAIL: g++.dg/eh/simd-2.C (test for excess errors)
WARNING: g++.dg/eh/simd-2.C compilation failed to produce executable
FAIL: g++.dg/ext/altivec-1.C (test for excess errors)
XPASS: g++.dg/ext/lvalue1.C not an lvalue (test for errors, line 7)
FAIL: g++.dg/init/init-ref4.C (test for excess errors)
WARNING: g++.dg/init/init-ref4.C compilation failed to produce executable
FAIL: g++.dg/lookup/using9.C  (test for errors, line 7)
FAIL: g++.dg/lookup/using9.C  (test for errors, line 8)
FAIL: g++.dg/lookup/using9.C  (test for errors, line 12)
FAIL: g++.dg/lookup/using9.C  (test for errors, line 13)
FAIL: g++.dg/lookup/using9.C  (test for errors, line 14)
FAIL: g++.dg/lookup/using9.C  (test for errors, line 22)
FAIL: g++.dg/lookup/using9.C  (test for errors, line 23)
FAIL: g++.dg/lookup/using9.C (test for excess errors)
XPASS: g++.dg/other/packed1.C execution test
FAIL: g++.dg/parse/attr-ctor1.C (test for excess errors)
FAIL: g++.dg/parse/constant4.C (test for excess errors)
FAIL: g++.dg/template/explicit-instantiation2.C scan-assembler _Z1fIiET_S0_
FAIL: g++.dg/template/non-dependent2.C (test for excess errors)
FAIL: g++.dg/template/non-dependent3.C (test for excess errors)
FAIL: g++.dg/template/ptrmem7.C  (test for errors, line 38)
FAIL: g++.dg/template/ptrmem7.C  (test for errors, line 39)
FAIL: g++.dg/template/ptrmem7.C  (test for errors, line 43)
FAIL: g++.dg/template/ptrmem7.C (test for excess errors)
XPASS: g++.dg/warn/Wunused-2.C  (test for warnings, line 5)
FAIL: g++.dg/warn/weak1.C (test for excess errors)
FAIL: g++.dg/special/conpr-3.C execution test
FAIL: g++.old-deja/g++.abi/cxa_vec.C execution test
FAIL: g++.old-deja/g++.brendan/new3.C execution test
FAIL: g++.old-deja/g++.ext/attrib5.C (test for excess errors)
WARNING: g++.old-deja/g++.ext/attrib5.C compilation failed to produce executable
WARNING: g++.old-deja/g++.mike/p10769a.C compilation failed to produce executable
FAIL: g++.old-deja/g++.mike/p4750.C (test for excess errors)
FAIL: g++.old-deja/g++.other/comdat3.C (test for excess errors)
WARNING: g++.old-deja/g++.other/comdat3.C compilation failed to produce executable
WARNING: g++.old-deja/g++.other/enum5.C compilation failed to produce executable
FAIL: g++.old-deja/g++.other/local-alloc1.C (test for excess errors)
FAIL: g++.old-deja/g++.other/mangle3.C (test for excess errors)
WARNING: g++.old-deja/g++.pt/friend44.C compilation failed to produce executable
FAIL: g++.old-deja/g++.pt/static3.C (test for excess errors)
WARNING: g++.old-deja/g++.pt/static3.C compilation failed to produce executable
FAIL: g++.old-deja/g++.pt/static6.C (test for excess errors)
FAIL: g++.old-deja/g++.pt/vaarg3.C  (test for errors, line 15)

		=== g++ Summary ===

# of expected passes		8942
# of unexpected failures	32
# of unexpected successes	3
# of expected failures		60
# of unsupported tests		69
/Volumes/xufs/gcc-cvs-dylib/objdir/gcc/testsuite/../g++ version 3.4 20031212 (experimental)

		=== gcc tests ===


Running target unix
FAIL: gcc.c-torture/execute/20030811-1.c compilation,  -O0 
UNRESOLVED: gcc.c-torture/execute/20030811-1.c execution,  -O0 
FAIL: gcc.c-torture/execute/20030811-1.c compilation,  -O1 
UNRESOLVED: gcc.c-torture/execute/20030811-1.c execution,  -O1 
FAIL: gcc.c-torture/execute/20030811-1.c compilation,  -O2 
UNRESOLVED: gcc.c-torture/execute/20030811-1.c execution,  -O2 
FAIL: gcc.c-torture/execute/20030811-1.c compilation,  -O3 -fomit-frame-pointer 
UNRESOLVED: gcc.c-torture/execute/20030811-1.c execution,  -O3 -fomit-frame-pointer 
FAIL: gcc.c-torture/execute/20030811-1.c compilation,  -O3 -g 
UNRESOLVED: gcc.c-torture/execute/20030811-1.c execution,  -O3 -g 
FAIL: gcc.c-torture/execute/20030811-1.c compilation,  -Os 
UNRESOLVED: gcc.c-torture/execute/20030811-1.c execution,  -Os 
FAIL: gcc.c-torture/execute/pure-1.c compilation,  -O1 
UNRESOLVED: gcc.c-torture/execute/pure-1.c execution,  -O1 
FAIL: gcc.c-torture/execute/pure-1.c compilation,  -O2 
UNRESOLVED: gcc.c-torture/execute/pure-1.c execution,  -O2 
FAIL: gcc.c-torture/execute/pure-1.c compilation,  -Os 
UNRESOLVED: gcc.c-torture/execute/pure-1.c execution,  -Os 
FAIL: gcc.dg/compat/struct-by-value-1 c_compat_x_tst.o-c_compat_y_tst.o link
UNRESOLVED: gcc.dg/compat/struct-by-value-1 c_compat_x_tst.o-c_compat_y_tst.o execute 
FAIL: gcc.dg/compat/struct-by-value-2 c_compat_x_tst.o-c_compat_y_tst.o link
UNRESOLVED: gcc.dg/compat/struct-by-value-2 c_compat_x_tst.o-c_compat_y_tst.o execute 
FAIL: gcc.dg/compat/struct-by-value-4 c_compat_x_tst.o-c_compat_y_tst.o link
UNRESOLVED: gcc.dg/compat/struct-by-value-4 c_compat_x_tst.o-c_compat_y_tst.o execute 
FAIL: gcc.dg/compat/struct-by-value-8 c_compat_x_tst.o-c_compat_y_tst.o link
UNRESOLVED: gcc.dg/compat/struct-by-value-8 c_compat_x_tst.o-c_compat_y_tst.o execute 
FAIL: gcc.dg/compat/struct-by-value-9 c_compat_x_tst.o-c_compat_y_tst.o link
UNRESOLVED: gcc.dg/compat/struct-by-value-9 c_compat_x_tst.o-c_compat_y_tst.o execute 
FAIL: gcc.dg/compat/struct-return-2 c_compat_x_tst.o-c_compat_y_tst.o link
UNRESOLVED: gcc.dg/compat/struct-return-2 c_compat_x_tst.o-c_compat_y_tst.o execute 
FAIL: gcc.dg/compat/vector-1 c_compat_x_tst.o compile
FAIL: gcc.dg/compat/vector-1 c_compat_y_tst.o compile
UNRESOLVED: gcc.dg/compat/vector-1 c_compat_x_tst.o-c_compat_y_tst.o link 
UNRESOLVED: gcc.dg/compat/vector-1 c_compat_x_tst.o-c_compat_y_tst.o execute 
FAIL: gcc.dg/compat/vector-2 c_compat_x_tst.o compile
FAIL: gcc.dg/compat/vector-2 c_compat_y_tst.o compile
UNRESOLVED: gcc.dg/compat/vector-2 c_compat_x_tst.o-c_compat_y_tst.o link 
UNRESOLVED: gcc.dg/compat/vector-2 c_compat_x_tst.o-c_compat_y_tst.o execute 
FAIL: gcc.dg/builtins-18.c (test for excess errors)
FAIL: gcc.dg/builtins-20.c (test for excess errors)
FAIL: gcc.dg/const-elim-1.c scan-assembler-not L\\\$?C[^A-Z]
FAIL: gcc.dg/struct-by-value-1.c (test for excess errors)
WARNING: gcc.dg/struct-by-value-1.c compilation failed to produce executable
UNRESOLVED: gcc.dg/visibility-1.c
UNRESOLVED: gcc.dg/visibility-2.c
UNRESOLVED: gcc.dg/visibility-3.c
UNRESOLVED: gcc.dg/visibility-4.c
UNRESOLVED: gcc.dg/visibility-5.c
UNRESOLVED: gcc.dg/visibility-6.c
UNRESOLVED: gcc.dg/visibility-7.c
XPASS: gcc.dg/wchar_t-1.c (test for excess errors)
XPASS: gcc.dg/wint_t-1.c (test for excess errors)
UNRESOLVED: gcc.dg/special/weak-1.c
UNRESOLVED: gcc.dg/special/weak-2.c
UNRESOLVED: gcc.dg/special/wkali-1.c
UNRESOLVED: gcc.dg/special/wkali-2.c
FAIL: gcc.dg/torture/builtin-noret-1.c  -O0  (test for excess errors)
FAIL: gcc.dg/torture/builtin-noret-1.c  -O1  (test for excess errors)
FAIL: gcc.dg/torture/builtin-noret-1.c  -O2  (test for excess errors)
FAIL: gcc.dg/torture/builtin-noret-1.c  -O3 -fomit-frame-pointer  (test for excess errors)
FAIL: gcc.dg/torture/builtin-noret-1.c  -O3 -g  (test for excess errors)
FAIL: gcc.dg/torture/builtin-noret-1.c  -Os  (test for excess errors)
FAIL: gcc.dg/torture/builtin-noret-2.c  -O0  (test for excess errors)
FAIL: gcc.dg/torture/builtin-noret-2.c  -O1  (test for excess errors)
FAIL: gcc.dg/torture/builtin-noret-2.c  -O2  (test for excess errors)
FAIL: gcc.dg/torture/builtin-noret-2.c  -O3 -fomit-frame-pointer  (test for excess errors)
FAIL: gcc.dg/torture/builtin-noret-2.c  -O3 -g  (test for excess errors)
FAIL: gcc.dg/torture/builtin-noret-2.c  -Os  (test for excess errors)
UNRESOLVED: gcc.dg/weak/typeof-2.c
UNRESOLVED: gcc.dg/weak/weak-1.c
UNRESOLVED: gcc.dg/weak/weak-2.c
UNRESOLVED: gcc.dg/weak/weak-3.c
UNRESOLVED: gcc.dg/weak/weak-4.c
UNRESOLVED: gcc.dg/weak/weak-5.c
UNRESOLVED: gcc.dg/weak/weak-6.c
UNRESOLVED: gcc.dg/weak/weak-7.c
UNRESOLVED: gcc.dg/weak/weak-8.c
UNRESOLVED: gcc.dg/weak/weak-9.c

		=== gcc Summary ===

# of expected passes		23393
# of unexpected failures	35
# of unexpected successes	2
# of expected failures		71
# of unresolved testcases	40
# of untested testcases		7
# of unsupported tests		285
/Volumes/xufs/gcc-cvs-dylib/objdir/gcc/xgcc version 3.4 20031212 (experimental)

		=== libffi tests ===


Running target unix

		=== libffi Summary ===

# of expected passes		212
# of unsupported tests		2
		=== libjava tests ===


Running target unix
FAIL: /Volumes/xufs/gcc-cvs-dylib/gcc/libjava/testsuite/libjava.jar/simple.jar execution - gij test
FAIL: cxxtest.c compilation
FAIL: Thread_Interrupt output - source compiled test
FAIL: Throw_2 execution - source compiled test
FAIL: Throw_2 execution - gij test
FAIL: Throw_2 execution - bytecode->native test
FAIL: Throw_2 -O3 execution - source compiled test
FAIL: Throw_2 execution - gij test
FAIL: Throw_2 -O3 execution - bytecode->native test
FAIL: gnu.testlet.BinaryCompatibility.BinaryCompatibilityTest: IL bin_01:  (number 1)
FAIL: gnu.testlet.BinaryCompatibility.BinaryCompatibilityTest: IL bin_01:  (number 1)
FAIL: gnu.testlet.BinaryCompatibility.BinaryCompatibilityTest: IL bin_01:  (number 1)
FAIL: gnu.testlet.BinaryCompatibility.BinaryCompatibilityTest: IL bin_01:  (number 1)
FAIL: gnu.testlet.BinaryCompatibility.BinaryCompatibilityTest: IL bin_02:  (number 1)
FAIL: gnu.testlet.BinaryCompatibility.BinaryCompatibilityTest: IL bin_02:  (number 1)
FAIL: gnu.testlet.BinaryCompatibility.BinaryCompatibilityTest: IL bin_02:  (number 1)
FAIL: gnu.testlet.BinaryCompatibility.BinaryCompatibilityTest: IL bin_02:  (number 1)
FAIL: gnu.testlet.BinaryCompatibility.BinaryCompatibilityTest: IL bin_03:  (number 1)
FAIL: gnu.testlet.BinaryCompatibility.BinaryCompatibilityTest: IL bin_03:  (number 1)
FAIL: gnu.testlet.BinaryCompatibility.BinaryCompatibilityTest: IL bin_03:  (number 1)
FAIL: gnu.testlet.BinaryCompatibility.BinaryCompatibilityTest: IL bin_03:  (number 1)
FAIL: gnu.testlet.BinaryCompatibility.BinaryCompatibilityTest: IL bin_04:  (number 1)
FAIL: gnu.testlet.BinaryCompatibility.BinaryCompatibilityTest: IL bin_04:  (number 1)
FAIL: gnu.testlet.BinaryCompatibility.BinaryCompatibilityTest: IL bin_04:  (number 1)
FAIL: gnu.testlet.BinaryCompatibility.BinaryCompatibilityTest: IL bin_04:  (number 1)
FAIL: gnu.testlet.BinaryCompatibility.BinaryCompatibilityTest: IL bin_05:  (number 1)
FAIL: gnu.testlet.BinaryCompatibility.BinaryCompatibilityTest: IL bin_05:  (number 1)
FAIL: gnu.testlet.BinaryCompatibility.BinaryCompatibilityTest: IL bin_05:  (number 1)
FAIL: gnu.testlet.BinaryCompatibility.BinaryCompatibilityTest: IL bin_05:  (number 1)
FAIL: gnu.testlet.BinaryCompatibility.BinaryCompatibilityTest: IL bin_06:  (number 1)
FAIL: gnu.testlet.BinaryCompatibility.BinaryCompatibilityTest: IL bin_06:  (number 1)
FAIL: gnu.testlet.BinaryCompatibility.BinaryCompatibilityTest: IL bin_06:  (number 1)
FAIL: gnu.testlet.BinaryCompatibility.BinaryCompatibilityTest: IL bin_06:  (number 1)
FAIL: gnu.testlet.BinaryCompatibility.BinaryCompatibilityTest: IL bin_07:  (number 1)
FAIL: gnu.testlet.BinaryCompatibility.BinaryCompatibilityTest: IL bin_07:  (number 1)
FAIL: gnu.testlet.BinaryCompatibility.BinaryCompatibilityTest: IL bin_07:  (number 1)
FAIL: gnu.testlet.BinaryCompatibility.BinaryCompatibilityTest: IL bin_07:  (number 1)
FAIL: gnu.testlet.BinaryCompatibility.BinaryCompatibilityTest: IL bin_08:  (number 1)
FAIL: gnu.testlet.BinaryCompatibility.BinaryCompatibilityTest: IL bin_08:  (number 1)
FAIL: gnu.testlet.BinaryCompatibility.BinaryCompatibilityTest: IL bin_08:  (number 1)
FAIL: gnu.testlet.BinaryCompatibility.BinaryCompatibilityTest: IL bin_08:  (number 1)
FAIL: gnu.testlet.BinaryCompatibility.BinaryCompatibilityTest: IL bin_09:  (number 1)
FAIL: gnu.testlet.BinaryCompatibility.BinaryCompatibilityTest: IL bin_09:  (number 1)
FAIL: gnu.testlet.BinaryCompatibility.BinaryCompatibilityTest: IL bin_09:  (number 1)
FAIL: gnu.testlet.BinaryCompatibility.BinaryCompatibilityTest: IL bin_09:  (number 1)
FAIL: gnu.testlet.BinaryCompatibility.BinaryCompatibilityTest: IL bin_10:  (number 1)
FAIL: gnu.testlet.BinaryCompatibility.BinaryCompatibilityTest: IL bin_10:  (number 1)
FAIL: gnu.testlet.BinaryCompatibility.BinaryCompatibilityTest: IL bin_10:  (number 1)
FAIL: gnu.testlet.BinaryCompatibility.BinaryCompatibilityTest: IL bin_10:  (number 1)
FAIL: gnu.testlet.BinaryCompatibility.BinaryCompatibilityTest: IL bin_11:  (number 1)
FAIL: gnu.testlet.BinaryCompatibility.BinaryCompatibilityTest: IL bin_11:  (number 1)
FAIL: gnu.testlet.BinaryCompatibility.BinaryCompatibilityTest: IL bin_11:  (number 1)
FAIL: gnu.testlet.BinaryCompatibility.BinaryCompatibilityTest: IL bin_11:  (number 1)
FAIL: gnu.testlet.BinaryCompatibility.BinaryCompatibilityTest: IL bin_12:  (number 1)
FAIL: gnu.testlet.BinaryCompatibility.BinaryCompatibilityTest: IL bin_12:  (number 1)
FAIL: gnu.testlet.BinaryCompatibility.BinaryCompatibilityTest: IL bin_12:  (number 1)
FAIL: gnu.testlet.BinaryCompatibility.BinaryCompatibilityTest: IL bin_12:  (number 1)
FAIL: gnu.testlet.BinaryCompatibility.BinaryCompatibilityTest: IL bin_13:  (number 1)
FAIL: gnu.testlet.BinaryCompatibility.BinaryCompatibilityTest: IL bin_13:  (number 1)
FAIL: gnu.testlet.BinaryCompatibility.BinaryCompatibilityTest: IL bin_13:  (number 1)
FAIL: gnu.testlet.BinaryCompatibility.BinaryCompatibilityTest: IL bin_13:  (number 1)
FAIL: gnu.testlet.BinaryCompatibility.BinaryCompatibilityTest: IL bin_14:  (number 1)
FAIL: gnu.testlet.BinaryCompatibility.BinaryCompatibilityTest: IL bin_14:  (number 1)
FAIL: gnu.testlet.BinaryCompatibility.BinaryCompatibilityTest: IL bin_14:  (number 1)
FAIL: gnu.testlet.BinaryCompatibility.BinaryCompatibilityTest: IL bin_14:  (number 1)
FAIL: gnu.testlet.BinaryCompatibility.BinaryCompatibilityTest: IL bin_15:  (number 1)
FAIL: gnu.testlet.BinaryCompatibility.BinaryCompatibilityTest: IL bin_15:  (number 1)
FAIL: gnu.testlet.BinaryCompatibility.BinaryCompatibilityTest: IL bin_15:  (number 1)
FAIL: gnu.testlet.BinaryCompatibility.BinaryCompatibilityTest: IL bin_15:  (number 1)
FAIL: gnu.testlet.BinaryCompatibility.BinaryCompatibilityTest: IL bin_16:  (number 1)
FAIL: gnu.testlet.BinaryCompatibility.BinaryCompatibilityTest: IL bin_16:  (number 1)
FAIL: gnu.testlet.BinaryCompatibility.BinaryCompatibilityTest: IL bin_16:  (number 1)
FAIL: gnu.testlet.BinaryCompatibility.BinaryCompatibilityTest: IL bin_16:  (number 1)
FAIL: gnu.testlet.BinaryCompatibility.BinaryCompatibilityTest: IL bin_17:  (number 1)
FAIL: gnu.testlet.BinaryCompatibility.BinaryCompatibilityTest: IL bin_17:  (number 1)
FAIL: gnu.testlet.BinaryCompatibility.BinaryCompatibilityTest: IL bin_17:  (number 1)
FAIL: gnu.testlet.BinaryCompatibility.BinaryCompatibilityTest: IL bin_17:  (number 1)
FAIL: gnu.testlet.BinaryCompatibility.BinaryCompatibilityTest: IL bin_18:  (number 1)
FAIL: gnu.testlet.BinaryCompatibility.BinaryCompatibilityTest: IL bin_18:  (number 1)
FAIL: gnu.testlet.BinaryCompatibility.BinaryCompatibilityTest: IL bin_18:  (number 1)
FAIL: gnu.testlet.BinaryCompatibility.BinaryCompatibilityTest: IL bin_18:  (number 1)
FAIL: gnu.testlet.java.awt.geom.CubicCurve2D.solveCubic: uncaught exception at "1.0x^3 - 1.0 = 0" number 1: java.lang.Error: not implemented
FAIL: gnu.testlet.java.awt.geom.QuadCurve2D.solveQuadratic: 4.0x^2 = 0 (number 1)
FAIL: gnu.testlet.java.awt.geom.QuadCurve2D.solveQuadratic: 0.1x^2 + 20.0x + 1000.0 = 0 (number 1)
FAIL: gnu.testlet.java.awt.geom.QuadCurve2D.solveQuadratic: 4.0x^2 - 20.0x + 25.0 = 0 (number 1)
FAIL: gnu.testlet.java.awt.geom.RoundRectangle2D.intersects (number 10)
FAIL: gnu.testlet.java.awt.geom.RoundRectangle2D.intersects (number 11)
FAIL: gnu.testlet.java.awt.geom.RoundRectangle2D.intersects (number 12)
FAIL: gnu.testlet.java.awt.geom.RoundRectangle2D.intersects (number 16)
FAIL: gnu.testlet.java.awt.geom.RoundRectangle2D.intersects (number 20)
FAIL: gnu.testlet.java.awt.geom.RoundRectangle2D.intersects (number 23)
FAIL: gnu.testlet.java.awt.geom.RoundRectangle2D.intersects (number 27)
FAIL: gnu.testlet.java.awt.geom.RoundRectangle2D.intersects (number 30)
FAIL: gnu.testlet.java.awt.geom.RoundRectangle2D.intersects (number 34)
FAIL: gnu.testlet.java.awt.geom.RoundRectangle2D.intersects (number 38)
FAIL: gnu.testlet.java.awt.geom.RoundRectangle2D.intersects (number 39)
FAIL: gnu.testlet.java.awt.geom.RoundRectangle2D.intersects (number 40)
FAIL: gnu.testlet.java.awt.image.PixelGrabber.SimpleGrabber: uncaught exception at  number 1: java.awt.AWTError: Cannot load AWT toolkit: 
FAIL: gnu.testlet.java.io.File.security: dir.canWrite() (number 1)
FAIL: gnu.testlet.java.io.File.security: dir.canRead() (number 1)
FAIL: gnu.testlet.java.io.File.security: file.createNewFile() (number 1)
FAIL: gnu.testlet.java.io.File.security: file.delete() (number 1)
FAIL: gnu.testlet.java.io.File.security: dir.list(null) (number 1)
FAIL: gnu.testlet.java.io.File.security: dir.list() (number 1)
FAIL: gnu.testlet.java.io.File.security: dir.listFiles() (number 1)
FAIL: gnu.testlet.java.io.File.security: dir.listFiles(FilenameFilter) (number 1)
FAIL: gnu.testlet.java.io.File.security: dir.listFiles(FileFilter) (number 1)
FAIL: gnu.testlet.java.io.File.security: dir.createTempFile(2-args) (number 1)
FAIL: gnu.testlet.java.io.File.security: File.createTempFile(3-args) (number 1)
FAIL: gnu.testlet.java.io.File.security: dir.setReadOnly() (number 1)
FAIL: gnu.testlet.java.io.File.security: File.listRoots() (number 1)
FAIL: gnu.testlet.java.io.File.security: file.renameTo() (number 1)
FAIL: gnu.testlet.java.io.File.security: dir.setLastModified() (number 1)
FAIL: gnu.testlet.java.io.File.security: dir.deleteOnExit() (number 1)
FAIL: gnu.testlet.java.io.ObjectInputOutput.InputTest: gnu.testlet.java.io.ObjectInputOutput.Test\$GetPutField (number 1)
FAIL: gnu.testlet.java.io.OutputStreamWriter.jdk11: OutputStreamWriter(writer, encoding) (number 1)
FAIL: gnu.testlet.java.io.OutputStreamWriter.jdk11: OutputStreamWriter(writer, encoding) // alias (number 1)
FAIL: gnu.testlet.java.io.PrintWriter.jdk11: checkError() after close() (number 1)
FAIL: gnu.testlet.java.lang.Package.getPackage: uncaught exception at  number 1: java.lang.ArrayIndexOutOfBoundsException: 1
XPASS: gnu.testlet.java.lang.String.getBytes13: String.getBytes("UTF-16") (number 1)
XPASS: gnu.testlet.java.lang.String.getBytes14: String.getBytes("UTF-16BE") (number 1)
XPASS: gnu.testlet.java.lang.String.getBytes14: String.getBytes("UTF-16LE") (number 1)
FAIL: gnu.testlet.java.lang.Thread.contextClassLoader: null is a valid contextClassLoader (number 1)
FAIL: gnu.testlet.java.lang.Thread.contextClassLoader: New thread inherits null classloader (number 1)
FAIL: gnu.testlet.java.lang.Thread.contextClassLoader: run with null classloader (number 1)
FAIL: gnu.testlet.java.lang.Thread.daemon: Can change daemon state on an exitted Thread (number 1)
FAIL: gnu.testlet.java.lang.Thread.daemon: Daemon status changed when set on an exitted Thread (number 1)
FAIL: gnu.testlet.java.lang.Thread.stop: Unexpected exception during test() (number 1)
FAIL: gnu.testlet.java.lang.reflect.Constructor.newInstance: int arg (number 1)
FAIL: gnu.testlet.java.lang.reflect.Constructor.newInstance: uncaught exception at "int arg" number 2: java.lang.ClassCastException: java.lang.IllegalAccessException cannot be cast to gnu.testlet.java.lang.reflect.Constructor.newInstance
FAIL: Link for gnu.testlet.java.lang.reflect.ReflectAccess
FAIL: gnu.testlet.java.net.DatagramSocket.DatagramSocketTest: Error : test_Basics failed - 8  (number 1)
FAIL: gnu.testlet.java.net.DatagramSocket.DatagramSocketTest2: invalid_send_addr: test 1 - Should NOT throw Exception (number 1)
FAIL: gnu.testlet.java.net.DatagramSocket.DatagramSocketTest2: invalid_send_port: test 1 - Should NOT throw Exception (number 1)
FAIL: gnu.testlet.java.net.DatagramSocket.DatagramSocketTest2: invalid_send_data: test 1 - Should NOT throw Exception (number 1)
FAIL: gnu.testlet.java.net.MulticastSocket.MulticastSocketTest: Correct args. - 3 (number 1)
FAIL: gnu.testlet.java.net.MulticastSocket.MulticastSocketTest: Correct args. different constructor. - 4 (number 1)
FAIL: gnu.testlet.java.net.MulticastSocket.MulticastSocketTest: joinGroup() with incorrect params. should have thrown a NullPointerException - 5a (number 1)
FAIL: gnu.testlet.java.net.MulticastSocket.MulticastSocketTest: leaveGroup() with incorrect params. should have thrown a NullPointerException - 7a (number 1)
FAIL: gnu.testlet.java.net.MulticastSocket.MulticastSocketTest: Correct args. - 8 (number 1)
FAIL: gnu.testlet.java.net.MulticastSocket.MulticastSocketTest: Should not have thrown any exception - 11 (number 1)
FAIL: gnu.testlet.java.net.MulticastSocket.MulticastSocketTest: could not create SECOND multicast socket on shared port 1234 (number 1)
FAIL: gnu.testlet.java.net.Socket.SocketTest: Error : test_Basics failed - 2 Unknown host exception should have been thrown here. (number 1)
FAIL: gnu.testlet.java.net.URL.newURL: http://www.kaffe.org + foo/bar = http://www.kaffe.org/foo/bar (number 1)
FAIL: gnu.testlet.java.net.URL.newURL: null + jar:http://www.kaffe.org/foo/bar.jar = null (number 1)
FAIL: gnu.testlet.java.net.URL.newURL: jar:http://www.kaffe.org/foo/bar.jar!/path/name + /float/boat = jar:http://www.kaffe.org/foo/bar.jar!/float/boat (number 1)
FAIL: gnu.testlet.java.net.URL.newURL: jar:http://www.kaffe.org/foo/bar.jar!/ + /float/boat = jar:http://www.kaffe.org/foo/bar.jar!/float/boat (number 1)
FAIL: gnu.testlet.java.net.URL.newURL: null + jar:abc!/eat/me = null (number 1)
FAIL: gnu.testlet.java.net.URLClassLoader.getResource: Unexpected exception: java.io.IOException: Permission denied (number 1)
FAIL: gnu.testlet.java.security.Security.getProviders: test1Provider.5: java.security.InvalidParameterException: missing dot in 'CoffeeMakerFoo' (number 1)
FAIL: gnu.testlet.java.text.DecimalFormat.formatExp: pattern ##0.####E0 (number 2)
FAIL: gnu.testlet.java.text.DecimalFormat.formatExp: pattern ##.###E0 (number 2)
FAIL: gnu.testlet.java.text.RuleBasedCollator.jdk11: constructor rule parsing (number 4)
FAIL: gnu.testlet.java.text.RuleBasedCollator.jdk11: constructor rule parsing (number 5)
FAIL: gnu.testlet.java.text.RuleBasedCollator.jdk11: constructor rule parsing (number 21)
FAIL: gnu.testlet.java.text.RuleBasedCollator.jdk11: constructor rule parsing (number 22)
FAIL: gnu.testlet.java.text.RuleBasedCollator.jdk11: constructor rule parsing (number 23)
FAIL: gnu.testlet.java.text.RuleBasedCollator.jdk11: constructor rule parsing (number 24)
FAIL: gnu.testlet.java.text.RuleBasedCollator.jdk11: constructor rule parsing (number 25)
FAIL: gnu.testlet.java.text.RuleBasedCollator.jdk11: constructor rule parsing (number 26)
FAIL: gnu.testlet.java.text.RuleBasedCollator.jdk11: constructor rule parsing (number 27)
FAIL: gnu.testlet.java.text.RuleBasedCollator.jdk11: constructor rule parsing (number 28)
FAIL: gnu.testlet.java.text.RuleBasedCollator.jdk11: constructor rule parsing (number 29)
FAIL: gnu.testlet.java.text.RuleBasedCollator.jdk11: constructor rule parsing (number 30)
FAIL: gnu.testlet.java.text.RuleBasedCollator.jdk11: constructor rule parsing (number 31)
FAIL: gnu.testlet.java.text.RuleBasedCollator.jdk11: single character ordering (number 19)
FAIL: gnu.testlet.java.text.RuleBasedCollator.jdk11: single character ordering (number 73)
FAIL: gnu.testlet.java.text.RuleBasedCollator.jdk11: contraction ordering (number 5)
FAIL: gnu.testlet.java.text.RuleBasedCollator.jdk11: expansion ordering: ParseException (offset is 26) (number 1)
FAIL: gnu.testlet.java.util.Calendar.ampm (number 1)
FAIL: gnu.testlet.java.util.Calendar.ampm (number 2)
FAIL: gnu.testlet.java.util.Calendar.ampm (number 3)
FAIL: gnu.testlet.java.util.Calendar.ampm (number 4)
FAIL: gnu.testlet.java.util.Calendar.ampm (number 9)
FAIL: gnu.testlet.java.util.Calendar.ampm (number 10)
FAIL: gnu.testlet.java.util.Calendar.ampm (number 11)
FAIL: gnu.testlet.java.util.Calendar.ampm (number 12)
FAIL: gnu.testlet.java.util.Properties.AcuniaPropertiesTest: should throw an NullPointerEception instead of: java.lang.NullPointerException (number 1)
FAIL: gnu.testlet.java.util.Properties.AcuniaPropertiesTest: should throw an NullPointerEception instead of: java.lang.NullPointerException (number 1)
FAIL: gnu.testlet.java.util.zip.ZipFile.newZipFile: java.io.IOException: Permission denied (number 1)

		=== libjava Summary ===

# of expected passes		13837
# of unexpected failures	177
# of unexpected successes	3
# of expected failures		46
# of untested testcases		15
		=== libstdc++ tests ===


Running target unix
FAIL: 20_util/allocator/1.cc execution test
WARNING: program timed out.
FAIL: 21_strings/basic_string/cons/wchar_t/1.cc execution test
FAIL: 26_numerics/c99_classification_macros_c++.cc (test for excess errors)
FAIL: 26_numerics/c99_classification_macros_c.cc (test for excess errors)
FAIL: 27_io/basic_filebuf/open/char/9507.cc execution test
FAIL: ext/stdio_filebuf/char/10063-2.cc execution test

		=== libstdc++ Summary ===

# of expected passes		2439
# of unexpected failures	6
# of expected failures		11

Compiler version: 3.4 20031212 (experimental) 
Platform: powerpc-apple-darwin7.0.0
configure flags: --prefix=/Volumes/xufs/gcc-cvs-dylib/testbin --enable-languages=c,c++,java --disable-checking --enable-debug

Index Nav: [Date Index] [Subject Index] [Author Index] [Thread Index]
Message Nav: [Date Prev] [Date Next] [Thread Prev] [Thread Next]