This is the mail archive of the gcc-testresults@gcc.gnu.org mailing list for the GCC project.


Index Nav: [Date Index] [Subject Index] [Author Index] [Thread Index]
Message Nav: [Date Prev] [Date Next] [Thread Prev] [Thread Next]
Other format: [Raw text]

Results for 3.4 20031212 (experimental) testsuite on i786-pc-cygwin


Windows XP/Pro SP1 cygwin P4 system with these packages:

binutils             20030901-1		 2.14.90 20030901
bison                20030307-1		 1.875b
cygwin               1.5.5-1		 
dejagnu              20021217-2		 1.4.2.x
gawk                 3.1.3-4
gcc                  3.3.1-3
w32api               2.4-1

I had to kill the Ada acats test cxg2014 manually.

LAST_UPDATED: Fri Dec 12 09:07:09 GMT 2003

		=== acats tests ===
FAIL:	c23003b
FAIL:	c23003g
FAIL:	c23003i
FAIL:	c34005a
FAIL:	c34005d
FAIL:	c34005g
FAIL:	c34005j
FAIL:	cc3601a
FAIL:	cxb3010
FAIL:	cxb3014
FAIL:	cxb3015
FAIL:	cxg2002
FAIL:	cxg2003
FAIL:	cxg2004
FAIL:	cxg2006
FAIL:	cxg2007
FAIL:	cxg2010
FAIL:	cxg2011
FAIL:	cxg2012
FAIL:	cxg2013
FAIL:	cxg2014
FAIL:	cxg2015
FAIL:	cxg2016
FAIL:	cxg2017
FAIL:	cxg2018
FAIL:	cxg2019
FAIL:	cxg2020
FAIL:	cxg2021

		=== acats Summary ===
# of expected passes		1937
# of unexpected failures	28
# of unsupported tests		357
Native configuration is i786-pc-cygwin

		=== g++ tests ===


Running target unix
FAIL: g++.dg/abi/bitfield3.C execution test
FAIL: g++.dg/abi/vcall1.C execution test
FAIL: g++.dg/ext/dllexport1.C scan-assembler  -export:_ZN3Bar10inline_barEi
FAIL: g++.dg/ext/instantiate3.C scan-assembler-not 
XPASS: g++.dg/ext/lvalue1.C not an lvalue (test for errors, line 7)
FAIL: g++.dg/inherit/covariant1.C execution test
FAIL: g++.dg/inherit/covariant2.C execution test
FAIL: g++.dg/inherit/covariant3.C execution test
FAIL: g++.dg/inherit/covariant4.C execution test
FAIL: g++.dg/lookup/using9.C  (test for errors, line 7)
FAIL: g++.dg/lookup/using9.C  (test for errors, line 8)
FAIL: g++.dg/lookup/using9.C  (test for errors, line 12)
FAIL: g++.dg/lookup/using9.C  (test for errors, line 13)
FAIL: g++.dg/lookup/using9.C  (test for errors, line 14)
FAIL: g++.dg/lookup/using9.C  (test for errors, line 22)
FAIL: g++.dg/lookup/using9.C  (test for errors, line 23)
FAIL: g++.dg/lookup/using9.C (test for excess errors)
FAIL: g++.dg/opt/vt1.C scan-assembler-not section[^
FAIL: g++.dg/parse/stack1.C (test for excess errors)
FAIL: g++.dg/template/ptrmem7.C  (test for errors, line 38)
FAIL: g++.dg/template/ptrmem7.C  (test for errors, line 39)
FAIL: g++.dg/template/ptrmem7.C  (test for errors, line 43)
FAIL: g++.dg/template/ptrmem7.C (test for excess errors)
XPASS: g++.dg/warn/Wunused-2.C  (test for warnings, line 5)
FAIL: g++.dg/pch/empty.C (test for excess errors)
FAIL: g++.dg/pch/empty.C (test for excess errors)
FAIL: g++.dg/pch/empty.C (test for excess errors)
FAIL: g++.dg/pch/static-1.C (test for excess errors)
FAIL: g++.dg/pch/static-1.C (test for excess errors)
FAIL: g++.dg/pch/static-1.C (test for excess errors)
FAIL: g++.dg/pch/system-1.C (test for excess errors)
FAIL: g++.dg/pch/system-1.C (test for excess errors)
FAIL: g++.dg/pch/system-1.C (test for excess errors)
FAIL: g++.dg/pch/system-2.C (test for excess errors)
FAIL: g++.dg/pch/system-2.C (test for excess errors)
FAIL: g++.dg/pch/system-2.C (test for excess errors)
FAIL: g++.dg/pch/uninst.C (test for excess errors)
FAIL: g++.dg/pch/uninst.C (test for excess errors)
FAIL: g++.dg/pch/uninst.C (test for excess errors)
FAIL: g++.dg/special/initp1.C execution test
FAIL: g++.old-deja/g++.abi/vtable3a.C execution test
FAIL: g++.old-deja/g++.abi/vtable3b.C execution test
FAIL: g++.old-deja/g++.abi/vtable3c.C execution test
FAIL: g++.old-deja/g++.abi/vtable3d.C execution test
FAIL: g++.old-deja/g++.abi/vtable3e.C execution test
FAIL: g++.old-deja/g++.abi/vtable3f.C execution test
FAIL: g++.old-deja/g++.abi/vtable3g.C execution test
FAIL: g++.old-deja/g++.abi/vtable3h.C execution test
FAIL: g++.old-deja/g++.abi/vtable3i.C execution test
FAIL: g++.old-deja/g++.abi/vtable3j.C execution test
FAIL: g++.old-deja/g++.eh/badalloc1.C execution test
FAIL: g++.old-deja/g++.ext/attrib5.C (test for excess errors)
XPASS: g++.old-deja/g++.ext/attrib5.C execution test
FAIL: g++.old-deja/g++.mike/dyncast5.C execution test
FAIL: g++.old-deja/g++.mike/misc13.C execution test
FAIL: g++.old-deja/g++.mike/net39.C execution test
WARNING: g++.old-deja/g++.mike/p10769a.C compilation failed to produce executable
FAIL: g++.old-deja/g++.mike/p2960.C execution test
FAIL: g++.old-deja/g++.mike/p3068.C execution test
FAIL: g++.old-deja/g++.mike/p3708b.C execution test
FAIL: g++.old-deja/g++.mike/p4246.C execution test
FAIL: g++.old-deja/g++.mike/p4736b.C execution test
FAIL: g++.old-deja/g++.mike/p4736c.C execution test
FAIL: g++.old-deja/g++.mike/pmf2.C execution test
FAIL: g++.old-deja/g++.mike/virt2.C execution test
FAIL: g++.old-deja/g++.mike/virt5.C execution test
FAIL: g++.old-deja/g++.oliva/thunk1.C execution test
WARNING: g++.old-deja/g++.other/enum5.C compilation failed to produce executable
WARNING: g++.old-deja/g++.pt/friend44.C compilation failed to produce executable
FAIL: g++.old-deja/g++.pt/vaarg3.C  (test for errors, line 15)
FAIL: g++.old-deja/g++.robertl/eb17.C execution test

		=== g++ Summary ===

# of expected passes		9129
# of unexpected failures	65
# of unexpected successes	3
# of expected failures		59
# of untested testcases		15
# of unsupported tests		30
/usr/local/src/gcc-binutils/trunk/objdir/gcc/testsuite/../g++ version 3.4 20031212 (experimental)

		=== g77 tests ===


Running target unix
FAIL: g77.f-torture/execute/auto0.f execution,  -O3 -fomit-frame-pointer 
FAIL: g77.f-torture/execute/auto0.f execution,  -O3 -fomit-frame-pointer -funroll-loops 
FAIL: g77.f-torture/execute/auto0.f execution,  -O3 -fomit-frame-pointer -funroll-all-loops -finline-functions 
FAIL: g77.f-torture/execute/auto0.f execution,  -O3 -g 
FAIL: g77.f-torture/execute/auto1.f execution,  -O3 -fomit-frame-pointer 
FAIL: g77.f-torture/execute/auto1.f execution,  -O3 -fomit-frame-pointer -funroll-loops 
FAIL: g77.f-torture/execute/auto1.f execution,  -O3 -fomit-frame-pointer -funroll-all-loops -finline-functions 
FAIL: g77.f-torture/execute/auto1.f execution,  -O3 -g 
FAIL: g77.f-torture/execute/labug1.f execution,  -O2 
FAIL: g77.f-torture/execute/labug1.f execution,  -O3 -g 
FAIL: g77.f-torture/execute/labug1.f execution,  -Os 

		=== g77 Summary ===

# of expected passes		1759
# of unexpected failures	11
# of expected failures		1
# of untested testcases		1
/usr/local/src/gcc-binutils/trunk/objdir/gcc/testsuite/../g77 version 3.4 20031212 (experimental)

		=== gcc tests ===


Running target unix
FAIL: gcc.c-torture/execute/va-arg-25.c execution,  -O0 
FAIL: gcc.c-torture/execute/va-arg-25.c execution,  -O1 
FAIL: gcc.c-torture/execute/va-arg-25.c execution,  -O2 
FAIL: gcc.c-torture/execute/va-arg-25.c execution,  -O3 -fomit-frame-pointer 
FAIL: gcc.c-torture/execute/va-arg-25.c execution,  -O3 -g 
FAIL: gcc.c-torture/execute/va-arg-25.c execution,  -Os 
FAIL: gcc.dg/cpp/assert4.c (test for excess errors)
FAIL: gcc.dg/20021014-1.c (test for excess errors)
WARNING: gcc.dg/20021014-1.c compilation failed to produce executable
FAIL: gcc.dg/bf-ms-layout.c execution test
FAIL: gcc.dg/builtins-20.c (test for excess errors)
FAIL: gcc.dg/i386-bitfield1.c execution test
FAIL: gcc.dg/i386-bitfield2.c execution test
FAIL: gcc.dg/i386-pic-1.c  (test for errors, line 9)
FAIL: gcc.dg/pch/common-1.c (test for excess errors)
FAIL: gcc.dg/pch/common-1.c (test for excess errors)
FAIL: gcc.dg/pch/common-1.c (test for excess errors)
FAIL: gcc.dg/pch/common-1.c (test for excess errors)
FAIL: gcc.dg/pch/common-1.c (test for excess errors)
FAIL: gcc.dg/pch/common-1.c (test for excess errors)
FAIL: gcc.dg/pch/common-1.c (test for excess errors)
FAIL: gcc.dg/pch/cpp-1.c (test for excess errors)
FAIL: gcc.dg/pch/cpp-1.c (test for excess errors)
FAIL: gcc.dg/pch/cpp-1.c (test for excess errors)
FAIL: gcc.dg/pch/cpp-1.c (test for excess errors)
FAIL: gcc.dg/pch/cpp-1.c (test for excess errors)
FAIL: gcc.dg/pch/cpp-1.c (test for excess errors)
FAIL: gcc.dg/pch/cpp-1.c (test for excess errors)
FAIL: gcc.dg/pch/cpp-2.c (test for excess errors)
FAIL: gcc.dg/pch/cpp-2.c (test for excess errors)
FAIL: gcc.dg/pch/cpp-2.c (test for excess errors)
FAIL: gcc.dg/pch/cpp-2.c (test for excess errors)
FAIL: gcc.dg/pch/cpp-2.c (test for excess errors)
FAIL: gcc.dg/pch/cpp-2.c (test for excess errors)
FAIL: gcc.dg/pch/cpp-2.c (test for excess errors)
FAIL: gcc.dg/pch/decl-1.c (test for excess errors)
FAIL: gcc.dg/pch/decl-1.c (test for excess errors)
FAIL: gcc.dg/pch/decl-1.c (test for excess errors)
FAIL: gcc.dg/pch/decl-1.c (test for excess errors)
FAIL: gcc.dg/pch/decl-1.c (test for excess errors)
FAIL: gcc.dg/pch/decl-1.c (test for excess errors)
FAIL: gcc.dg/pch/decl-1.c (test for excess errors)
FAIL: gcc.dg/pch/decl-2.c (test for excess errors)
FAIL: gcc.dg/pch/decl-2.c (test for excess errors)
FAIL: gcc.dg/pch/decl-2.c (test for excess errors)
FAIL: gcc.dg/pch/decl-2.c (test for excess errors)
FAIL: gcc.dg/pch/decl-2.c (test for excess errors)
FAIL: gcc.dg/pch/decl-2.c (test for excess errors)
FAIL: gcc.dg/pch/decl-2.c (test for excess errors)
FAIL: gcc.dg/pch/decl-3.c (test for excess errors)
FAIL: gcc.dg/pch/decl-3.c (test for excess errors)
FAIL: gcc.dg/pch/decl-3.c (test for excess errors)
FAIL: gcc.dg/pch/decl-3.c (test for excess errors)
FAIL: gcc.dg/pch/decl-3.c (test for excess errors)
FAIL: gcc.dg/pch/decl-3.c (test for excess errors)
FAIL: gcc.dg/pch/decl-3.c (test for excess errors)
FAIL: gcc.dg/pch/decl-4.c (test for excess errors)
FAIL: gcc.dg/pch/decl-4.c (test for excess errors)
FAIL: gcc.dg/pch/decl-4.c (test for excess errors)
FAIL: gcc.dg/pch/decl-4.c (test for excess errors)
FAIL: gcc.dg/pch/decl-4.c (test for excess errors)
FAIL: gcc.dg/pch/decl-4.c (test for excess errors)
FAIL: gcc.dg/pch/decl-4.c (test for excess errors)
FAIL: gcc.dg/pch/decl-5.c (test for excess errors)
FAIL: gcc.dg/pch/decl-5.c (test for excess errors)
FAIL: gcc.dg/pch/decl-5.c (test for excess errors)
FAIL: gcc.dg/pch/decl-5.c (test for excess errors)
FAIL: gcc.dg/pch/decl-5.c (test for excess errors)
FAIL: gcc.dg/pch/decl-5.c (test for excess errors)
FAIL: gcc.dg/pch/decl-5.c (test for excess errors)
FAIL: gcc.dg/pch/empty.c (test for excess errors)
FAIL: gcc.dg/pch/empty.c (test for excess errors)
FAIL: gcc.dg/pch/empty.c (test for excess errors)
FAIL: gcc.dg/pch/empty.c (test for excess errors)
FAIL: gcc.dg/pch/empty.c (test for excess errors)
FAIL: gcc.dg/pch/empty.c (test for excess errors)
FAIL: gcc.dg/pch/empty.c (test for excess errors)
FAIL: gcc.dg/pch/except-1.c (test for excess errors)
FAIL: gcc.dg/pch/except-1.c (test for excess errors)
FAIL: gcc.dg/pch/except-1.c (test for excess errors)
FAIL: gcc.dg/pch/except-1.c (test for excess errors)
FAIL: gcc.dg/pch/except-1.c (test for excess errors)
FAIL: gcc.dg/pch/except-1.c (test for excess errors)
FAIL: gcc.dg/pch/except-1.c (test for excess errors)
FAIL: gcc.dg/pch/global-1.c (test for excess errors)
FAIL: gcc.dg/pch/global-1.c (test for excess errors)
FAIL: gcc.dg/pch/global-1.c (test for excess errors)
FAIL: gcc.dg/pch/global-1.c (test for excess errors)
FAIL: gcc.dg/pch/global-1.c (test for excess errors)
FAIL: gcc.dg/pch/global-1.c (test for excess errors)
FAIL: gcc.dg/pch/global-1.c (test for excess errors)
FAIL: gcc.dg/pch/inline-1.c (test for excess errors)
FAIL: gcc.dg/pch/inline-1.c (test for excess errors)
FAIL: gcc.dg/pch/inline-1.c (test for excess errors)
FAIL: gcc.dg/pch/inline-1.c (test for excess errors)
FAIL: gcc.dg/pch/inline-1.c (test for excess errors)
FAIL: gcc.dg/pch/inline-1.c (test for excess errors)
FAIL: gcc.dg/pch/inline-1.c (test for excess errors)
FAIL: gcc.dg/pch/inline-2.c (test for excess errors)
FAIL: gcc.dg/pch/inline-2.c (test for excess errors)
FAIL: gcc.dg/pch/inline-2.c (test for excess errors)
FAIL: gcc.dg/pch/inline-2.c (test for excess errors)
FAIL: gcc.dg/pch/inline-2.c (test for excess errors)
FAIL: gcc.dg/pch/inline-2.c (test for excess errors)
FAIL: gcc.dg/pch/inline-2.c (test for excess errors)
FAIL: gcc.dg/pch/inline-3.c (test for excess errors)
FAIL: gcc.dg/pch/inline-3.c (test for excess errors)
FAIL: gcc.dg/pch/inline-3.c (test for excess errors)
FAIL: gcc.dg/pch/inline-3.c (test for excess errors)
FAIL: gcc.dg/pch/inline-3.c (test for excess errors)
FAIL: gcc.dg/pch/inline-3.c (test for excess errors)
FAIL: gcc.dg/pch/inline-3.c (test for excess errors)
FAIL: gcc.dg/pch/inline-4.c (test for excess errors)
FAIL: gcc.dg/pch/inline-4.c (test for excess errors)
FAIL: gcc.dg/pch/inline-4.c (test for excess errors)
FAIL: gcc.dg/pch/inline-4.c (test for excess errors)
FAIL: gcc.dg/pch/inline-4.c (test for excess errors)
FAIL: gcc.dg/pch/inline-4.c (test for excess errors)
FAIL: gcc.dg/pch/inline-4.c (test for excess errors)
FAIL: gcc.dg/pch/macro-1.c (test for excess errors)
FAIL: gcc.dg/pch/macro-1.c (test for excess errors)
FAIL: gcc.dg/pch/macro-1.c (test for excess errors)
FAIL: gcc.dg/pch/macro-1.c (test for excess errors)
FAIL: gcc.dg/pch/macro-1.c (test for excess errors)
FAIL: gcc.dg/pch/macro-1.c (test for excess errors)
FAIL: gcc.dg/pch/macro-1.c (test for excess errors)
FAIL: gcc.dg/pch/macro-2.c (test for excess errors)
FAIL: gcc.dg/pch/macro-2.c (test for excess errors)
FAIL: gcc.dg/pch/macro-2.c (test for excess errors)
FAIL: gcc.dg/pch/macro-2.c (test for excess errors)
FAIL: gcc.dg/pch/macro-2.c (test for excess errors)
FAIL: gcc.dg/pch/macro-2.c (test for excess errors)
FAIL: gcc.dg/pch/macro-2.c (test for excess errors)
FAIL: gcc.dg/pch/macro-3.c (test for excess errors)
FAIL: gcc.dg/pch/macro-3.c (test for excess errors)
FAIL: gcc.dg/pch/macro-3.c (test for excess errors)
FAIL: gcc.dg/pch/macro-3.c (test for excess errors)
FAIL: gcc.dg/pch/macro-3.c (test for excess errors)
FAIL: gcc.dg/pch/macro-3.c (test for excess errors)
FAIL: gcc.dg/pch/macro-3.c (test for excess errors)
FAIL: gcc.dg/pch/static-1.c (test for excess errors)
FAIL: gcc.dg/pch/static-1.c (test for excess errors)
FAIL: gcc.dg/pch/static-1.c (test for excess errors)
FAIL: gcc.dg/pch/static-1.c (test for excess errors)
FAIL: gcc.dg/pch/static-1.c (test for excess errors)
FAIL: gcc.dg/pch/static-1.c (test for excess errors)
FAIL: gcc.dg/pch/static-1.c (test for excess errors)
FAIL: gcc.dg/pch/static-2.c (test for excess errors)
FAIL: gcc.dg/pch/static-2.c (test for excess errors)
FAIL: gcc.dg/pch/static-2.c (test for excess errors)
FAIL: gcc.dg/pch/static-2.c (test for excess errors)
FAIL: gcc.dg/pch/static-2.c (test for excess errors)
FAIL: gcc.dg/pch/static-2.c (test for excess errors)
FAIL: gcc.dg/pch/static-2.c (test for excess errors)
FAIL: gcc.dg/pch/static-3.c (test for excess errors)
FAIL: gcc.dg/pch/static-3.c (test for excess errors)
FAIL: gcc.dg/pch/static-3.c (test for excess errors)
FAIL: gcc.dg/pch/static-3.c (test for excess errors)
FAIL: gcc.dg/pch/static-3.c (test for excess errors)
FAIL: gcc.dg/pch/static-3.c (test for excess errors)
FAIL: gcc.dg/pch/static-3.c (test for excess errors)
FAIL: gcc.dg/pch/system-1.c (test for excess errors)
FAIL: gcc.dg/pch/system-1.c (test for excess errors)
FAIL: gcc.dg/pch/system-1.c (test for excess errors)
FAIL: gcc.dg/pch/system-1.c (test for excess errors)
FAIL: gcc.dg/pch/system-1.c (test for excess errors)
FAIL: gcc.dg/pch/system-1.c (test for excess errors)
FAIL: gcc.dg/pch/system-1.c (test for excess errors)
FAIL: gcc.dg/torture/builtin-noret-1.c (test for excess errors)
FAIL: gcc.dg/torture/builtin-noret-1.c (test for excess errors)
FAIL: gcc.dg/torture/builtin-noret-1.c (test for excess errors)
FAIL: gcc.dg/torture/builtin-noret-1.c (test for excess errors)
FAIL: gcc.dg/torture/builtin-noret-1.c (test for excess errors)
FAIL: gcc.dg/torture/builtin-noret-1.c (test for excess errors)
FAIL: gcc.dg/torture/builtin-noret-2.c (test for excess errors)
FAIL: gcc.dg/torture/builtin-noret-2.c (test for excess errors)
FAIL: gcc.dg/torture/builtin-noret-2.c (test for excess errors)
FAIL: gcc.dg/torture/builtin-noret-2.c (test for excess errors)
FAIL: gcc.dg/torture/builtin-noret-2.c (test for excess errors)
FAIL: gcc.dg/torture/builtin-noret-2.c (test for excess errors)

		=== gcc Summary ===

# of expected passes		24097
# of unexpected failures	179
# of expected failures		72
# of untested testcases		161
# of unsupported tests		174
/usr/local/src/gcc-binutils/trunk/objdir/gcc/xgcc version 3.4 20031212 (experimental)

		=== objc tests ===


Running target unix

		=== objc Summary ===

# of expected passes		1339
# of unsupported tests		7
/usr/local/src/gcc-binutils/trunk/objdir/gcc/xgcc version 3.4 20031212 (experimental)

		=== libffi tests ===


Running target unix
FAIL: libffi.call/cls_16byte.c output pattern test, is 7 8 1 0 1.78947e-307 4199408: 7 8 4199409
FAIL: libffi.call/cls_18byte.c output pattern test, is 1 127 126 0 6.76264e-310 255 255 1.7896e-307: 1 126 125 1.7896e-307
FAIL: libffi.call/cls_19byte.c output pattern test, is 1 127 126 3 0 NaN 0 0 1.78993e-307 0: NaN 127 126 3 0
FAIL: libffi.call/cls_1_1byte.c output pattern test, is 85 12: 97
FAIL: libffi.call/cls_20byte.c output pattern test, is 1 2 3 5.31017e-315 1.53851e-313 2293128: 1 2 2293131
FAIL: libffi.call/cls_20byte1.c output pattern test, is 1 2 8.48798e-314 0 5.31147e-315 1.78947e-307: 1 2 1.78947e-307
FAIL: libffi.call/cls_2byte.c execution test
FAIL: libffi.call/cls_3byte1.c execution test
FAIL: libffi.call/cls_3byte2.c execution test
FAIL: libffi.call/cls_4_1byte.c execution test
FAIL: libffi.call/cls_4byte.c execution test
FAIL: libffi.call/cls_7byte.c execution test
FAIL: libffi.call/cls_8byte.c execution test
FAIL: libffi.call/cls_9byte1.c output pattern test, is 7 2.122e-314 0 1.78914e-307: 7 1.78914e-307
FAIL: libffi.call/cls_9byte2.c output pattern test, is 7 8 1.96279e-313 2293224: 7 2293232
FAIL: libffi.call/cls_align_double.c output pattern test, is 12 4951 1 0 1.78947e-307 240: 12 4951 241
FAIL: libffi.call/cls_align_sint64.c output pattern test, is 12 4951 1 104 18038471803469192 48: 116 18038471803474143 49
FAIL: libffi.call/cls_align_uint64.c output pattern test, is 12 4951 1 104 18038471803469192 48: 116 18038471803474143 49
FAIL: libffi.call/nested_struct.c execution test
FAIL: libffi.call/nested_struct1.c execution test
FAIL: libffi.call/nested_struct3.c execution test
FAIL: libffi.call/struct1.c execution test
FAIL: libffi.call/struct3.c execution test
FAIL: libffi.call/struct5.c execution test
FAIL: libffi.call/struct6.c execution test
FAIL: libffi.call/struct9.c execution test

		=== libffi Summary ===

# of expected passes		180
# of unexpected failures	26
		=== libjava tests ===


Running target unix
FAIL: linking simple
FAIL: linking calls
FAIL: linking cxxtest
FAIL: linking field
FAIL: linking final_method
FAIL: linking findclass
FAIL: linking invoke
FAIL: linking jniutf
FAIL: linking martin
FAIL: linking noclass
FAIL: linking overload
FAIL: linking pr11951
FAIL: linking register
FAIL: linking simple_int
FAIL: linking throwit
FAIL: linking virtual
FAIL: TestProxy execution - source compiled test
FAIL: TestProxy execution - bytecode->native test
FAIL: TestProxy -O3 execution - source compiled test
FAIL: TestProxy -O3 execution - bytecode->native test
FAIL: /usr/local/src/gcc-binutils/trunk/objdir/pentium4-cygwin/libjava/testsuite/TestEarlyGC.exe output - /usr/local/src/gcc-binutils/trunk/objdir/pentium4-cygwin/libjava/testsuite/TestEarlyGC.exe
FAIL: /usr/local/src/gcc-binutils/trunk/objdir/pentium4-cygwin/libjava/testsuite/TestLeak.exe execution - /usr/local/src/gcc-binutils/trunk/objdir/pentium4-cygwin/libjava/testsuite/TestLeak.exe
FAIL: /usr/local/src/gcc-binutils/trunk/objdir/pentium4-cygwin/libjava/testsuite/TestMultiple.exe output - /usr/local/src/gcc-binutils/trunk/objdir/pentium4-cygwin/libjava/testsuite/TestMultiple.exe
FAIL: /usr/local/src/gcc-binutils/trunk/objdir/pentium4-cygwin/libjava/testsuite/TestParent.exe output - /usr/local/src/gcc-binutils/trunk/objdir/pentium4-cygwin/libjava/testsuite/TestParent.exe

		=== libjava Summary ===

# of expected passes		2631
# of unexpected failures	24
# of expected failures		26
# of untested testcases		15
		=== libstdc++ tests ===


Running target unix
FAIL: 26_numerics/c99_classification_macros_c++.cc (test for excess errors)
FAIL: 26_numerics/c99_classification_macros_c.cc (test for excess errors)
FAIL: 27_io/basic_filebuf/sgetn/char/1-in.cc execution test
FAIL: 27_io/basic_filebuf/sgetn/char/1-io.cc execution test
FAIL: 27_io/basic_filebuf/sputbackc/char/9425.cc execution test
FAIL: 27_io/basic_istream/extractors_arithmetic/char/12.cc execution test
FAIL: ext/stdio_filebuf/char/10063-2.cc execution test

		=== libstdc++ Summary ===

# of expected passes		1836
# of unexpected failures	7
# of expected failures		8

Compiler version: 3.4 20031212 (experimental) 
Platform: i786-pc-cygwin
configure flags: pentium4-cygwin --prefix=/usr/local/gcc-binutils --enable-shared --enable-threads=posix --with-system-zlib --enable-libgcj
Counting all warnings,
there are 198 warnings in stage0 of this bootstrap.

Number of warnings per file:
     41	libjava/java/lang/mprec.h
     41	include/_ansi.h
     27	include/pthread.h
     10	libiberty/regex.c
      8	libtool
      8	libjava/java/lang/natClassLoader.cc
      6	fastjar/jartool.c
      5	libiberty/concat.c
      4	libjava/java/lang/strtod.c
      4	libjava/java/lang/dtoa.c
      4	libjava/gnu/gcj/runtime/natNameFinder.cc
      3	libjava/java/lang/e_exp.c
      3	libf2c/libI77/rsne.c
      3	libf2c/libI77/inquire.c
      3	include/xregex2.h
      2	libobjc/linking.m
      2	libmath/mathconf.h
      2	libjava/prims.cc
      2	libjava/gnu/gcj/runtime/natSharedLibLoader.cc
      2	libiberty/strsignal.c
      2	libiberty/getopt.c
      2	libf2c/libI77/open.c
      1	libstdc++-v3/src/locale.cc
      1	libobjc/sendmsg.c
      1	libobjc/encoding.c
      1	libobjc/Protocol.m
      1	libobjc/Object.m
      1	libjava/jni.cc
      1	libjava/java/lang/e_rem_pio2.c
      1	libjava/java/lang/e_asin.c
      1	libjava/gnu/gcj/io/shs.cc
      1	libjava/boehm.cc
      1	java/net/natNetworkInterface.cc
      1	gcc/coretypes.h
      1	gcc/boehm-gc/mark_rts.c
      1	./runtime-info.h

Number of warning types:
     42	this is the location of the previous definition
     41	\`_EXFUN' redefined
      8	signed and unsigned type in conditional expression
      6	undefined symbols not allowed in i786-pc-cygwin shared libraries
      5	traditional C rejects ISO C style function definitions
      4	pointer targets in passing arg ??? of \`???' differ in signedness
      4	dereferencing type-punned pointer will break strict-aliasing rules
      4	comparison between signed and unsigned integer expressions
      4	comparison between signed and unsigned
      3	weak declaration of 'void* pthread_getspecific(__pthread_key_t*)' not supported
      3	weak declaration of 'int pthread_setspecific(__pthread_key_t*, const void*)' not supported
      3	weak declaration of 'int pthread_once(pthread_once_t*, void (*)())' not supported
      3	weak declaration of 'int pthread_mutex_unlock(__pthread_mutex_t**)' not supported
      3	weak declaration of 'int pthread_mutex_trylock(__pthread_mutex_t**)' not supported
      3	weak declaration of 'int pthread_mutex_lock(__pthread_mutex_t**)' not supported
      3	weak declaration of 'int pthread_key_delete(__pthread_key_t*)' not supported
      3	weak declaration of 'int pthread_key_create(__pthread_key_t**, void (*)(void*))' not supported
      3	weak declaration of 'int pthread_create(__pthread_t**, __pthread_attr_t* const*, void*(*)(void*), void*)' not supported
      3	unused parameter \`???'
      3	unused parameter 'name'
      3	ISO C90 does not support \`static' or type qualifiers in parameter array declarators
      2	unused parameter 'n'
      2	unused parameter 'addrs'
      2	unused parameter '_dummy'
      2	string length \`???' is greater than the length \`???' ISO C89 compilers are required to support
      2	conflicting types for built-in function 'nan'
      1	unused variable \`???'
      1	unused parameter 'preg'
      1	unused parameter 'pd'
      1	unused parameter 'offset'
      1	unused parameter 'loader'
      1	unused parameter 'length'
      1	unused parameter 'data'
      1	unused parameter 'args_size'
      1	to ensure that POSIX-compatible ar will work
      1	object name conflicts; overriding AR_FLAGS to 'cq'
      1	implicit declaration of function \`???'
      1	function returns address of local variable
      1	\`rtx' redefined
      1	'z' might be used uninitialized in this function
      1	'x0' might be used uninitialized in this function
      1	'x' might be used uninitialized in this function
      1	'void byteReverse()' declared \`static' but never defined
      1	'target_flags' defined but not used
      1	't' might be used uninitialized in this function
      1	'struct_forward_array' defined but not used
      1	'spec_case' might be used uninitialized in this function
      1	'mlo' might be used uninitialized in this function
      1	'lo' might be used uninitialized in this function
      1	'k' might be used uninitialized in this function
      1	'ilim1' might be used uninitialized in this function
      1	'ilim' might be used uninitialized in this function
      1	'hi' might be used uninitialized in this function
      1	'dn0' might be used uninitialized in this function
      1	'dn' might be used uninitialized in this function
      1	'delta' might be used uninitialized in this function
      1	'bs' might be used uninitialized in this function
      1	'bd' might be used uninitialized in this function
      1	'bb' might be used uninitialized in this function
      1	'__newf' might be used uninitialized in this function
Counting all warnings,
there are 20 warnings in stage3 of this bootstrap.

Number of warnings per file:
      5	gcc/gcc.c
      4	insn-conditions.c
      3	g-2584
      2	gcc/objc/lang-specs.h
      2	gcc/f/sta.c
      1	gcc/java/jvspec.c
      1	gcc/config/i386/i386.md
      1	gcc/ada/tracebak.c
      1	gcc/ada/lang-specs.h

Number of warning types:
     11	string length \`???' is greater than the length \`???' ISO C89 compilers are required to support
      3	old-style parameter declaration
      2	dereferencing type-punned pointer will break strict-aliasing rules
      2	assignment of read-only location
      1	operand 1 missing mode?
      1	comparison of unsigned expression < 0 is always false


Index Nav: [Date Index] [Subject Index] [Author Index] [Thread Index]
Message Nav: [Date Prev] [Date Next] [Thread Prev] [Thread Next]