This is the mail archive of the gcc-testresults@gcc.gnu.org mailing list for the GCC project.


Index Nav: [Date Index] [Subject Index] [Author Index] [Thread Index]
Message Nav: [Date Prev] [Date Next] [Thread Prev] [Thread Next]
Other format: [Raw text]

Results for 3.4 20031211 (experimental) testsuite on powerpc-ibm-aix5.1.0.0


LAST_UPDATED: Thu Dec 11 04:51:24 UTC 2003

Native configuration is powerpc-ibm-aix5.1.0.0

		=== g++ tests ===


Running target unix
FAIL: g++.dg/ext/altivec-1.C (test for excess errors)
XPASS: g++.dg/ext/lvalue1.C not an lvalue (test for errors, line 7)
FAIL: g++.dg/lookup/java1.C  (test for errors, line 39)
FAIL: g++.dg/lookup/java1.C  (test for errors, line 66)
FAIL: g++.dg/lookup/java1.C  (test for errors, line 67)
FAIL: g++.dg/lookup/java1.C (test for excess errors)
FAIL: g++.dg/lookup/java2.C (test for excess errors)
FAIL: g++.dg/lookup/using9.C  (test for errors, line 7)
FAIL: g++.dg/lookup/using9.C  (test for errors, line 8)
FAIL: g++.dg/lookup/using9.C  (test for errors, line 12)
FAIL: g++.dg/lookup/using9.C  (test for errors, line 13)
FAIL: g++.dg/lookup/using9.C  (test for errors, line 14)
FAIL: g++.dg/lookup/using9.C  (test for errors, line 22)
FAIL: g++.dg/lookup/using9.C  (test for errors, line 23)
FAIL: g++.dg/lookup/using9.C (test for excess errors)
XPASS: g++.dg/other/packed1.C execution test
FAIL: g++.dg/template/ptrmem7.C  (test for errors, line 43)
FAIL: g++.dg/template/ptrmem7.C (test for excess errors)
XPASS: g++.dg/warn/Wunused-2.C  (test for warnings, line 5)
FAIL: g++.dg/pch/system-1.C -g assembly comparison
FAIL: g++.dg/pch/system-2.C -g assembly comparison
FAIL: g++.dg/pch/uninst.C -g assembly comparison
FAIL: g++.old-deja/g++.abi/cxa_vec.C execution test
FAIL: g++.old-deja/g++.abi/ptrflags.C (test for excess errors)
WARNING: g++.old-deja/g++.abi/ptrflags.C compilation failed to produce executable
FAIL: g++.old-deja/g++.brendan/new3.C execution test
FAIL: g++.old-deja/g++.eh/catchptr1.C (test for excess errors)
WARNING: g++.old-deja/g++.eh/catchptr1.C compilation failed to produce executable
WARNING: program timed out.
FAIL: g++.old-deja/g++.ext/attrib5.C (test for excess errors)
WARNING: g++.old-deja/g++.ext/attrib5.C compilation failed to produce executable
WARNING: g++.old-deja/g++.mike/p10769a.C compilation failed to produce executable
WARNING: g++.old-deja/g++.other/enum5.C compilation failed to produce executable
FAIL: g++.old-deja/g++.pt/const2.C  (test for errors, line )
WARNING: g++.old-deja/g++.pt/friend44.C compilation failed to produce executable
FAIL: g++.old-deja/g++.pt/vaarg3.C  (test for errors, line 15)

		=== g++ Summary ===

# of expected passes		8948
# of unexpected failures	26
# of unexpected successes	3
# of expected failures		59
# of unsupported tests		68
/gcc/dje/build/powerpc-ibm-aix5.1.0.0-20031210/gcc/testsuite/../g++ version 3.4 20031211 (experimental)

		=== g77 tests ===


Running target unix
FAIL: g77.f-torture/execute/intrinsic77.f execution,  -O0 
FAIL: g77.f-torture/execute/intrinsic77.f execution,  -O1 
FAIL: g77.f-torture/execute/intrinsic77.f execution,  -O2 
FAIL: g77.f-torture/execute/intrinsic77.f execution,  -O3 -fomit-frame-pointer 
FAIL: g77.f-torture/execute/intrinsic77.f execution,  -O3 -g 
FAIL: g77.f-torture/execute/intrinsic77.f execution,  -Os 

		=== g77 Summary ===

# of expected passes		1752
# of unexpected failures	6
# of expected failures		1
# of untested testcases		1
# of unsupported tests		6
/gcc/dje/build/powerpc-ibm-aix5.1.0.0-20031210/gcc/testsuite/../g77 version 3.4 20031211 (experimental)

		=== gcc tests ===


Running target unix
WARNING: program timed out.
FAIL: gcc.c-torture/compile/20011119-1.c (test for excess errors)
WARNING: program timed out.
FAIL: gcc.c-torture/compile/20011119-1.c (test for excess errors)
WARNING: program timed out.
FAIL: gcc.c-torture/compile/20011119-1.c (test for excess errors)
WARNING: program timed out.
FAIL: gcc.c-torture/compile/20011119-1.c (test for excess errors)
WARNING: program timed out.
FAIL: gcc.c-torture/compile/20011119-2.c (test for excess errors)
WARNING: program timed out.
FAIL: gcc.c-torture/compile/20011119-2.c (test for excess errors)
WARNING: program timed out.
FAIL: gcc.c-torture/compile/20011119-2.c (test for excess errors)
WARNING: program timed out.
FAIL: gcc.c-torture/compile/20011119-2.c (test for excess errors)
WARNING: program timed out.
FAIL: gcc.c-torture/compile/20011119-2.c (test for excess errors)
WARNING: program timed out.
FAIL: gcc.c-torture/compile/20011119-2.c (test for excess errors)
WARNING: program timed out.
FAIL: gcc.c-torture/compile/981001-2.c (test for excess errors)
WARNING: program timed out.
FAIL: gcc.c-torture/compile/981001-2.c (test for excess errors)
WARNING: program timed out.
FAIL: gcc.c-torture/compile/981001-2.c (test for excess errors)
WARNING: program timed out.
FAIL: gcc.c-torture/compile/981001-2.c (test for excess errors)
FAIL: gcc.c-torture/execute/eeprof-1.c execution,  -O0 
FAIL: gcc.c-torture/execute/eeprof-1.c execution,  -O1 
FAIL: gcc.c-torture/execute/eeprof-1.c execution,  -O2 
FAIL: gcc.c-torture/execute/eeprof-1.c execution,  -O3 -fomit-frame-pointer 
FAIL: gcc.c-torture/execute/eeprof-1.c execution,  -O3 -g 
FAIL: gcc.c-torture/execute/eeprof-1.c execution,  -Os 
XPASS: gcc.c-torture/execute/wchar_t-1.c compilation,  -O0 
XPASS: gcc.c-torture/execute/wchar_t-1.c compilation,  -O1 
XPASS: gcc.c-torture/execute/wchar_t-1.c compilation,  -O2 
XPASS: gcc.c-torture/execute/wchar_t-1.c compilation,  -O3 -fomit-frame-pointer 
XPASS: gcc.c-torture/execute/wchar_t-1.c compilation,  -O3 -g 
XPASS: gcc.c-torture/execute/wchar_t-1.c compilation,  -Os 
FAIL: gcc.dg/cpp/assert4.c (test for excess errors)
XPASS: gcc.dg/cpp/cmdlne-dI-M.c scan-file (^|\\n)cmdlne-dI-M.*:[^\\n]*cmdlne-dI-M.c
XPASS: gcc.dg/cpp/cmdlne-dM-M.c scan-file (^|\\n)cmdlne-dM-M[^\\n]*:[^\\n]*cmdlne-dM-M.c
FAIL: gcc.dg/cpp/lexident.c (test for excess errors)
FAIL: gcc.dg/20020103-1.c scan-assembler-not LC
FAIL: gcc.dg/20020118-1.c execution test
FAIL: gcc.dg/altivec-4.c (test for excess errors)
FAIL: gcc.dg/altivec-7.c (test for excess errors)
FAIL: gcc.dg/altivec-8.c (test for excess errors)
FAIL: gcc.dg/asm-names.c scan-assembler-not ____frob14
FAIL: gcc.dg/const-elim-1.c scan-assembler-not L\\\$?C[^A-Z]
FAIL: gcc.dg/pch/static-1.c -O0 -g assembly comparison
FAIL: gcc.dg/pch/static-2.c -O0 -g assembly comparison
FAIL: gcc.dg/pch/static-3.c -O0 -g assembly comparison
FAIL: gcc.dg/pch/warn-1.c (test for excess errors)
FAIL: gcc.dg/pch/warn-1.c (test for excess errors)
FAIL: gcc.dg/pch/warn-1.c (test for excess errors)
FAIL: gcc.dg/pch/warn-1.c (test for excess errors)
FAIL: gcc.dg/pch/warn-1.c (test for excess errors)
FAIL: gcc.dg/pch/warn-1.c (test for excess errors)
FAIL: gcc.dg/pch/warn-1.c (test for excess errors)

		=== gcc Summary ===

# of expected passes		22711
# of unexpected failures	39
# of unexpected successes	8
# of expected failures		69
# of untested testcases		7
# of unsupported tests		291
/gcc/dje/build/powerpc-ibm-aix5.1.0.0-20031210/gcc/xgcc version 3.4 20031211 (experimental)

		=== objc tests ===


Running target unix
FAIL: objc.dg/encode-2.m execution test
FAIL: objc.dg/encode-3.m execution test
FAIL: objc.dg/encode-4.m execution test

		=== objc Summary ===

# of expected passes		1336
# of unexpected failures	3
# of unsupported tests		7
/gcc/dje/build/powerpc-ibm-aix5.1.0.0-20031210/gcc/xgcc version 3.4 20031211 (experimental)

		=== libstdc++ tests ===


Running target unix
FAIL: 20_util/allocator/1.cc execution test
FAIL: 22_locale/ctype/is/char/3.cc execution test
FAIL: 27_io/basic_istream/extractors_arithmetic/char/12.cc execution test
FAIL: 27_io/objects/char/6.cc execution test
FAIL: 27_io/objects/wchar_t/6.cc execution test

		=== libstdc++ Summary ===

# of expected passes		2426
# of unexpected failures	5
# of expected failures		11
# of unsupported tests		7

Compiler version: 3.4 20031211 (experimental) 
Platform: powerpc-ibm-aix5.1.0.0
configure flags: --prefix=/gcc/dje/install/powerpc-ibm-aix5.1.0.0-20031210 --disable-werror --disable-win32-registry


Index Nav: [Date Index] [Subject Index] [Author Index] [Thread Index]
Message Nav: [Date Prev] [Date Next] [Thread Prev] [Thread Next]