This is the mail archive of the gcc-testresults@gcc.gnu.org mailing list for the GCC project.


Index Nav: [Date Index] [Subject Index] [Author Index] [Thread Index]
Message Nav: [Date Prev] [Date Next] [Thread Prev] [Thread Next]
Other format: [Raw text]

Results for 3.3.3 20031211 (prerelease) testsuite on x86_64-suse-linux-gnu


Bootstrap and regtesting on x86_64-suse-linux-gnu.
CVS sources: branch: 3.3 release branch.
LAST_UPDATED: Thu Dec 11 07:28:24 UTC 2003

Native configuration is x86_64-suse-linux-gnu

		=== g++ tests ===


Running target unix/-m32
XPASS: g++.other/init5.C  Execution test

		=== g++ Summary for unix/-m32 ===

# of expected passes		8123
# of unexpected successes	1
# of expected failures		94
# of untested testcases		22
# of unsupported tests		28

Running target unix
XPASS: g++.other/init5.C  Execution test
FAIL: g++.robertl/eb132.C (test for excess errors)

		=== g++ Summary for unix ===

# of expected passes		8122
# of unexpected failures	1
# of unexpected successes	1
# of expected failures		94
# of untested testcases		22
# of unsupported tests		28

		=== g++ Summary ===

# of expected passes		16245
# of unexpected failures	1
# of unexpected successes	2
# of expected failures		188
# of untested testcases		44
# of unsupported tests		56
/builds/gcc/misc/gcc/testsuite/../g++ version 3.3.3 20031211 (prerelease)

		=== g77 tests ===


Running target unix/-m32

		=== g77 Summary for unix/-m32 ===

# of expected passes		1686
# of unsupported tests		8

Running target unix

		=== g77 Summary for unix ===

# of expected passes		1686
# of unsupported tests		8

		=== g77 Summary ===

# of expected passes		3372
# of unsupported tests		16
/builds/gcc/misc/gcc/testsuite/../g77 version 3.3.3 20031211 (prerelease)

		=== gcc tests ===


Running target unix/-m32
XPASS: gcc.c-torture/execute/20020227-1.c execution,  -O0 
XPASS: gcc.c-torture/execute/20020227-1.c execution,  -O1 
XPASS: gcc.c-torture/execute/20020227-1.c execution,  -O2 
XPASS: gcc.c-torture/execute/20020227-1.c execution,  -O3 -fomit-frame-pointer 
XPASS: gcc.c-torture/execute/20020227-1.c execution,  -O3 -g 
XPASS: gcc.c-torture/execute/20020227-1.c execution,  -Os 
XPASS: gcc.c-torture/execute/20020720-1.c compilation,  -O1 
XPASS: gcc.c-torture/execute/20020720-1.c compilation,  -O2 
XPASS: gcc.c-torture/execute/20020720-1.c compilation,  -O3 -fomit-frame-pointer 
XPASS: gcc.c-torture/execute/20020720-1.c compilation,  -O3 -g 
XPASS: gcc.c-torture/execute/20020720-1.c compilation,  -Os 
FAIL: gcc.c-torture/execute/loop-2e.c execution,  -Os 
FAIL: gcc.c-torture/execute/ieee/20010114-2.c execution,  -O1 
FAIL: gcc.c-torture/execute/ieee/20010114-2.c execution,  -O2 
FAIL: gcc.c-torture/execute/ieee/20010114-2.c execution,  -Os 
FAIL: gcc.c-torture/execute/ieee/980619-1.c execution,  -O1 
FAIL: gcc.c-torture/execute/ieee/980619-1.c execution,  -O2 
FAIL: gcc.c-torture/execute/ieee/980619-1.c execution,  -O3 -fomit-frame-pointer 
FAIL: gcc.c-torture/execute/ieee/980619-1.c execution,  -O3 -fomit-frame-pointer -funroll-loops 
FAIL: gcc.c-torture/execute/ieee/980619-1.c execution,  -O3 -fomit-frame-pointer -funroll-all-loops -finline-functions 
FAIL: gcc.c-torture/execute/ieee/980619-1.c execution,  -O3 -g 
FAIL: gcc.c-torture/execute/ieee/980619-1.c execution,  -Os 
ERROR: (DejaGnu) proc "scan-file xwin1.i {(^|

		=== gcc Summary ===

# of expected passes		15129
# of unexpected failures	11
# of unexpected successes	11
# of expected failures		21
# of unsupported tests		2
/builds/gcc/misc/gcc/xgcc version 3.3.3 20031211 (prerelease)

		=== objc tests ===


Running target unix/-m32

		=== objc Summary for unix/-m32 ===

# of expected passes		1155

Running target unix

		=== objc Summary for unix ===

# of expected passes		1155

		=== objc Summary ===

# of expected passes		2310
/builds/gcc/misc/gcc/xgcc version 3.3.3 20031211 (prerelease)

		=== treelang tests ===


Running target unix/-m32

		=== treelang Summary for unix/-m32 ===

# of expected passes		1

Running target unix

		=== treelang Summary for unix ===


		=== treelang Summary ===

# of expected passes		1
		=== libjava tests ===


Running target unix/-m32
WARNING: program timed out.
FAIL: SyncTest execution - gij test
WARNING: program timed out.
FAIL: SyncTest execution - gij test
FAIL: Throw_2 execution - source compiled test
FAIL: Throw_2 execution - gij test
FAIL: Throw_2 execution - bytecode->native test
FAIL: Throw_2 -O execution - source compiled test
FAIL: Throw_2 execution - gij test
FAIL: Throw_2 -O execution - bytecode->native test

		=== libjava Summary for unix/-m32 ===

# of expected passes		2975
# of unexpected failures	8
# of expected failures		16
# of untested testcases		20

Running target unix
FAIL: SyncTest execution - gij test
FAIL: SyncTest execution - gij test

		=== libjava Summary for unix ===

# of expected passes		2987
# of unexpected failures	2
# of expected failures		16
# of untested testcases		14

		=== libjava Summary ===

# of expected passes		5962
# of unexpected failures	10
# of expected failures		32
# of untested testcases		34

		=== libstdc++-v3 check-abi Summary ===

# of added symbols:		 0
# of missing symbols:		 0
# of incompatible symbols:	 0
		=== libstdc++-v3 tests ===


Running target unix/-m32
FAIL: 22_locale/codecvt_members_unicode_char.cc execution test
XPASS: 22_locale/collate_byname.cc execution test
XPASS: 22_locale/collate_members_char.cc execution test
XPASS: 22_locale/collate_members_wchar_t.cc execution test
XPASS: 22_locale/ctype_is_char.cc execution test
XPASS: 22_locale/ctype_is_wchar_t.cc execution test
XPASS: 22_locale/members.cc execution test
XPASS: 22_locale/money_get_members_char.cc execution test
XPASS: 22_locale/money_put_members_char.cc execution test
XPASS: 22_locale/moneypunct_byname.cc execution test
XPASS: 22_locale/moneypunct_members_char.cc execution test
XPASS: 22_locale/moneypunct_members_wchar_t.cc execution test
XPASS: 22_locale/num_get_members_char.cc execution test
XPASS: 22_locale/num_get_members_wchar_t.cc execution test
XPASS: 22_locale/num_put_members_char.cc execution test
XPASS: 22_locale/num_put_members_wchar_t.cc execution test
XPASS: 22_locale/numpunct_byname.cc execution test
XPASS: 22_locale/numpunct_members_char.cc execution test
XPASS: 22_locale/numpunct_members_wchar_t.cc execution test
XPASS: 22_locale/time_get_members_char.cc execution test
XPASS: 22_locale/time_get_members_wchar_t.cc execution test

		=== libstdc++-v3 Summary for unix/-m32 ===

# of expected passes		452
# of unexpected failures	1
# of unexpected successes	20
# of expected failures		8

Running target unix
XPASS: 22_locale/collate_byname.cc execution test
XPASS: 22_locale/collate_members_char.cc execution test
XPASS: 22_locale/collate_members_wchar_t.cc execution test
XPASS: 22_locale/ctype_is_char.cc execution test
XPASS: 22_locale/ctype_is_wchar_t.cc execution test
XPASS: 22_locale/members.cc execution test
XPASS: 22_locale/money_get_members_char.cc execution test
XPASS: 22_locale/money_get_members_wchar_t.cc execution test
XPASS: 22_locale/money_put_members_char.cc execution test
XPASS: 22_locale/money_put_members_wchar_t.cc execution test
XPASS: 22_locale/moneypunct_byname.cc execution test
XPASS: 22_locale/moneypunct_members_char.cc execution test
XPASS: 22_locale/moneypunct_members_wchar_t.cc execution test
XPASS: 22_locale/num_get_members_char.cc execution test
XPASS: 22_locale/num_get_members_wchar_t.cc execution test
XPASS: 22_locale/num_put_members_char.cc execution test
XPASS: 22_locale/num_put_members_wchar_t.cc execution test
XPASS: 22_locale/numpunct_byname.cc execution test
XPASS: 22_locale/numpunct_members_char.cc execution test
XPASS: 22_locale/numpunct_members_wchar_t.cc execution test
XPASS: 22_locale/time_get_members_char.cc execution test
XPASS: 22_locale/time_get_members_wchar_t.cc execution test

		=== libstdc++-v3 Summary for unix ===

# of expected passes		453
# of unexpected successes	22
# of expected failures		6

		=== libstdc++-v3 Summary ===

# of expected passes		905
# of unexpected failures	1
# of unexpected successes	42
# of expected failures		14

Compiler version: 3.3.3 20031211 (prerelease) 
Platform: x86_64-suse-linux-gnu
configure flags: --host=x86_64-suse-linux-gnu --prefix=/opt/gcc/3.3-devel --disable-nls --enable-threads=posix --enable-clocale=gnu --enable-__cxa_atexit --enable-shared --enable-languages=c,c++,treelang,java,f77,objc --with-system-zlib
Version of binutils: GNU ld version 2.14.90.0.5 20030722 (SuSE Linux)
Version of glibc (/lib/libc.so.6): 2.3.2 (20030827)
Version of glibc (/lib64/libc.so.6): 2.3.2 (20030827)


Index Nav: [Date Index] [Subject Index] [Author Index] [Thread Index]
Message Nav: [Date Prev] [Date Next] [Thread Prev] [Thread Next]