This is the mail archive of the gcc-testresults@gcc.gnu.org mailing list for the GCC project.


Index Nav: [Date Index] [Subject Index] [Author Index] [Thread Index]
Message Nav: [Date Prev] [Date Next] [Thread Prev] [Thread Next]
Other format: [Raw text]

Results for 3.4 20031210 (experimental) testsuite on i586-suse-linux-gnu


LAST_UPDATED: Wed Dec 10 23:53:18 UTC 2003

Native configuration is i586-suse-linux-gnu

		=== g77 tests ===


Running target unix

		=== g77 Summary ===

# of expected passes		1758
# of expected failures		1
# of untested testcases		1
# of unsupported tests		6
/local/build/gcc/testsuite/../g77 version 3.4 20031210 (experimental)

		=== gcc tests ===


Running target unix
FAIL: gcc.c-torture/execute/va-arg-25.c execution,  -O0 
FAIL: gcc.c-torture/execute/va-arg-25.c execution,  -O1 
FAIL: gcc.c-torture/execute/va-arg-25.c execution,  -O2 
FAIL: gcc.c-torture/execute/va-arg-25.c execution,  -O3 -fomit-frame-pointer 
FAIL: gcc.c-torture/execute/va-arg-25.c execution,  -O3 -g 
FAIL: gcc.c-torture/execute/va-arg-25.c execution,  -Os 
XPASS: gcc.c-torture/execute/wchar_t-1.c compilation,  -O0 
XPASS: gcc.c-torture/execute/wchar_t-1.c compilation,  -O1 
XPASS: gcc.c-torture/execute/wchar_t-1.c compilation,  -O2 
XPASS: gcc.c-torture/execute/wchar_t-1.c compilation,  -O3 -fomit-frame-pointer 
XPASS: gcc.c-torture/execute/wchar_t-1.c compilation,  -O3 -g 
XPASS: gcc.c-torture/execute/wchar_t-1.c compilation,  -Os 
XPASS: gcc.dg/cpp/cmdlne-dI-M.c scan-file (^|\\n)cmdlne-dI-M.*:[^\\n]*cmdlne-dI-M.c
XPASS: gcc.dg/cpp/cmdlne-dM-M.c scan-file (^|\\n)cmdlne-dM-M[^\\n]*:[^\\n]*cmdlne-dM-M.c

		=== gcc Summary ===

# of expected passes		24044
# of unexpected failures	6
# of unexpected successes	8
# of expected failures		71
# of untested testcases		7
# of unsupported tests		160
/local/build/gcc/xgcc version 3.4 20031210 (experimental)

		=== g++ tests ===


Running target unix
XPASS: g++.dg/ext/lvalue1.C not an lvalue (test for errors, line 7)
FAIL: g++.dg/lookup/using9.C  (test for errors, line 7)
FAIL: g++.dg/lookup/using9.C  (test for errors, line 8)
FAIL: g++.dg/lookup/using9.C  (test for errors, line 12)
FAIL: g++.dg/lookup/using9.C  (test for errors, line 13)
FAIL: g++.dg/lookup/using9.C  (test for errors, line 14)
FAIL: g++.dg/lookup/using9.C  (test for errors, line 22)
FAIL: g++.dg/lookup/using9.C  (test for errors, line 23)
FAIL: g++.dg/lookup/using9.C (test for excess errors)
FAIL: g++.dg/template/ptrmem7.C  (test for errors, line 38)
FAIL: g++.dg/template/ptrmem7.C  (test for errors, line 39)
FAIL: g++.dg/template/ptrmem7.C  (test for errors, line 43)
FAIL: g++.dg/template/ptrmem7.C (test for excess errors)
XPASS: g++.dg/warn/Wunused-2.C  (test for warnings, line 5)
WARNING: g++.old-deja/g++.mike/p10769a.C compilation failed to produce executable
WARNING: g++.old-deja/g++.other/enum5.C compilation failed to produce executable
XPASS: g++.old-deja/g++.other/init5.C execution test
WARNING: g++.old-deja/g++.pt/friend44.C compilation failed to produce executable
FAIL: g++.old-deja/g++.pt/vaarg3.C  (test for errors, line 15)

		=== g++ Summary ===

# of expected passes		9207
# of unexpected failures	13
# of unexpected successes	3
# of expected failures		58
# of unsupported tests		29
/local/build/gcc/testsuite/../g++ version 3.4 20031210 (experimental)

		=== objc tests ===


Running target unix

		=== objc Summary ===

# of expected passes		1339
# of unsupported tests		7
/local/build/gcc/xgcc version 3.4 20031210 (experimental)


		=== libstdc++-v3 check-abi Summary ===

# of added symbols:		 231
# of missing symbols:		 244
# of incompatible symbols:	 251
		=== libstdc++ tests ===


Running target unix
FAIL: 22_locale/locale/cons/12352.cc execution test
XPASS: 26_numerics/c99_classification_macros_c.cc (test for excess errors)

		=== libstdc++ Summary ===

# of expected passes		2443
# of unexpected failures	1
# of unexpected successes	1
# of expected failures		11

Compiler version: 3.4 20031210 (experimental) 
Platform: i586-suse-linux-gnu
configure flags: --enable-threads=posix --prefix=/local/inst/gcc34 --enable-languages=c,c++,f77,objc --disable-checking --disable-libgcj --with-gxx-include-dir=/local/inst/gcc34/include/g++ --with-system-zlib --enable-shared --enable-__cxa_atexit i586-suse-linux


Index Nav: [Date Index] [Subject Index] [Author Index] [Thread Index]
Message Nav: [Date Prev] [Date Next] [Thread Prev] [Thread Next]