This is the mail archive of the
gcc-testresults@gcc.gnu.org
mailing list for the GCC project.
Results for 3.4 20031209 (experimental) testsuite on i686-pc-linux-gnu
- From: rasky at develer dot com
- To: gcc-testresults at gcc dot gnu dot org
- Date: 9 Dec 2003 14:31:17 -0000
- Subject: Results for 3.4 20031209 (experimental) testsuite on i686-pc-linux-gnu
LAST_UPDATED:
Native configuration is i686-pc-linux-gnu
=== g++ tests ===
Running target unix
XPASS: g++.dg/ext/lvalue1.C not an lvalue (test for errors, line 7)
FAIL: g++.dg/inherit/covariant2.C (test for excess errors)
WARNING: g++.dg/inherit/covariant2.C compilation failed to produce executable
FAIL: g++.dg/inherit/covariant3.C (test for excess errors)
WARNING: g++.dg/inherit/covariant3.C compilation failed to produce executable
FAIL: g++.dg/lookup/java1.C (test for errors, line 66)
FAIL: g++.dg/lookup/java1.C (test for errors, line 67)
FAIL: g++.dg/lookup/java1.C (test for excess errors)
FAIL: g++.dg/lookup/using9.C (test for errors, line 7)
FAIL: g++.dg/lookup/using9.C (test for errors, line 8)
FAIL: g++.dg/lookup/using9.C (test for errors, line 12)
FAIL: g++.dg/lookup/using9.C (test for errors, line 13)
FAIL: g++.dg/lookup/using9.C (test for errors, line 14)
FAIL: g++.dg/lookup/using9.C (test for errors, line 22)
FAIL: g++.dg/lookup/using9.C (test for errors, line 23)
FAIL: g++.dg/lookup/using9.C (test for excess errors)
FAIL: g++.dg/template/ptrmem7.C (test for errors, line 38)
FAIL: g++.dg/template/ptrmem7.C (test for errors, line 39)
FAIL: g++.dg/template/ptrmem7.C (test for errors, line 43)
FAIL: g++.dg/template/ptrmem7.C (test for excess errors)
XPASS: g++.dg/warn/Wunused-2.C (test for warnings, line 5)
FAIL: g++.dg/pch/empty.C (test for excess errors)
WARNING: g++.old-deja/g++.mike/p10769a.C compilation failed to produce executable
WARNING: g++.old-deja/g++.other/enum5.C compilation failed to produce executable
WARNING: g++.old-deja/g++.pt/friend44.C compilation failed to produce executable
FAIL: g++.old-deja/g++.pt/vaarg3.C (test for errors, line 15)
=== g++ Summary ===
# of expected passes 9181
# of unexpected failures 19
# of unexpected successes 2
# of expected failures 59
# of untested testcases 1
# of unsupported tests 29
/home/rasky/gcc/mainline/out/gcc/testsuite/../g++ version 3.4 20031209 (experimental)
=== libstdc++-v3 check-abi Summary ===
# of added symbols: 233
# of missing symbols: 234
# of incompatible symbols: 241
=== libstdc++ tests ===
Running target unix
XPASS: 26_numerics/c99_classification_macros_c.cc (test for excess errors)
=== libstdc++ Summary ===
# of expected passes 2440
# of unexpected successes 1
# of expected failures 11
Compiler version: 3.4 20031209 (experimental)
Platform: i686-pc-linux-gnu
configure flags: --enable-languages=c,c++,java --prefix=/home/rasky/gcc/mainline/install/