This is the mail archive of the
gcc-testresults@gcc.gnu.org
mailing list for the GCC project.
Results for 3.4 20031205 (experimental) testsuite on i686-pc-linux-gnu
- From: Steven Bosscher <s dot bosscher at student dot tudelft dot nl>
- To: gcc-testresults at gcc dot gnu dot org
- Date: Fri, 5 Dec 2003 20:57:07 +0100
- Subject: Results for 3.4 20031205 (experimental) testsuite on i686-pc-linux-gnu
LAST_UPDATED: Fri Dec 5 09:30:22 UTC 2003
Native configuration is i686-pc-linux-gnu
=== g77 tests ===
Running target unix
=== g77 Summary ===
# of expected passes 1764
# of expected failures 1
# of untested testcases 1
/home/steven/devel/trunkbuild/gcc/testsuite/../g77 version 3.4 20031205 (experimental)
=== gcc tests ===
Running target unix
FAIL: gcc.c-torture/execute/va-arg-25.c execution, -O0
FAIL: gcc.c-torture/execute/va-arg-25.c execution, -O1
FAIL: gcc.c-torture/execute/va-arg-25.c execution, -O2
FAIL: gcc.c-torture/execute/va-arg-25.c execution, -O3 -fomit-frame-pointer
FAIL: gcc.c-torture/execute/va-arg-25.c execution, -O3 -g
FAIL: gcc.c-torture/execute/va-arg-25.c execution, -Os
UNRESOLVED: gcc.c-torture/execute/wchar_t-1.c execution, -O0
UNRESOLVED: gcc.c-torture/execute/wchar_t-1.c execution, -O1
UNRESOLVED: gcc.c-torture/execute/wchar_t-1.c execution, -O2
UNRESOLVED: gcc.c-torture/execute/wchar_t-1.c execution, -O3 -fomit-frame-pointer
UNRESOLVED: gcc.c-torture/execute/wchar_t-1.c execution, -O3 -g
UNRESOLVED: gcc.c-torture/execute/wchar_t-1.c execution, -Os
=== gcc Summary ===
# of expected passes 23975
# of unexpected failures 6
# of expected failures 79
# of unresolved testcases 6
# of untested testcases 7
# of unsupported tests 160
/home/steven/devel/trunkbuild/gcc/xgcc version 3.4 20031205 (experimental)
=== g++ tests ===
Running target unix
XPASS: g++.dg/ext/lvalue1.C not an lvalue (test for errors, line 7)
FAIL: g++.dg/lookup/using9.C (test for errors, line 7)
FAIL: g++.dg/lookup/using9.C (test for errors, line 8)
FAIL: g++.dg/lookup/using9.C (test for errors, line 12)
FAIL: g++.dg/lookup/using9.C (test for errors, line 13)
FAIL: g++.dg/lookup/using9.C (test for errors, line 14)
FAIL: g++.dg/lookup/using9.C (test for errors, line 22)
FAIL: g++.dg/lookup/using9.C (test for errors, line 23)
FAIL: g++.dg/lookup/using9.C (test for excess errors)
FAIL: g++.dg/template/ptrmem7.C (test for errors, line 38)
FAIL: g++.dg/template/ptrmem7.C (test for errors, line 39)
FAIL: g++.dg/template/ptrmem7.C (test for errors, line 43)
FAIL: g++.dg/template/ptrmem7.C (test for excess errors)
XPASS: g++.dg/warn/Wunused-2.C (test for warnings, line 5)
WARNING: g++.old-deja/g++.mike/p10769a.C compilation failed to produce executable
WARNING: g++.old-deja/g++.other/enum5.C compilation failed to produce executable
WARNING: g++.old-deja/g++.pt/friend44.C compilation failed to produce executable
=== g++ Summary ===
# of expected passes 9178
# of unexpected failures 12
# of unexpected successes 2
# of expected failures 59
# of unsupported tests 29
/home/steven/devel/trunkbuild/gcc/testsuite/../g++ version 3.4 20031205 (experimental)
=== objc tests ===
Running target unix
=== objc Summary ===
# of expected passes 1339
# of unsupported tests 7
/home/steven/devel/trunkbuild/gcc/xgcc version 3.4 20031205 (experimental)
=== libstdc++-v3 check-abi Summary ===
# of added symbols: 215
# of missing symbols: 224
# of incompatible symbols: 231
=== libstdc++ tests ===
Running target unix
FAIL: 22_locale/locale/cons/12352.cc execution test
XPASS: 26_numerics/c99_classification_macros_c.cc (test for excess errors)
=== libstdc++ Summary ===
# of expected passes 2439
# of unexpected failures 1
# of unexpected successes 1
# of expected failures 11
Compiler version: 3.4 20031205 (experimental)
Platform: i686-pc-linux-gnu
configure flags: --enable-languages=c,c++,objc,f77 --prefix=/opt/experimental/ --program-suffix=-3.4