This is the mail archive of the
gcc-testresults@gcc.gnu.org
mailing list for the GCC project.
Results for 3.4 20031201 (experimental) testsuite on i686-pc-linux-gnu
- From: rasky at develer dot com
- To: gcc-testresults at gcc dot gnu dot org
- Date: 4 Dec 2003 23:07:17 -0000
- Subject: Results for 3.4 20031201 (experimental) testsuite on i686-pc-linux-gnu
LAST_UPDATED:
Native configuration is i686-pc-linux-gnu
=== g++ tests ===
Running target unix
XPASS: g++.dg/ext/lvalue1.C not an lvalue (test for errors, line 7)
FAIL: g++.dg/lookup/using9.C (test for errors, line 7)
FAIL: g++.dg/lookup/using9.C (test for errors, line 8)
FAIL: g++.dg/lookup/using9.C (test for errors, line 12)
FAIL: g++.dg/lookup/using9.C (test for errors, line 13)
FAIL: g++.dg/lookup/using9.C (test for errors, line 14)
FAIL: g++.dg/lookup/using9.C (test for errors, line 22)
FAIL: g++.dg/lookup/using9.C (test for errors, line 23)
FAIL: g++.dg/lookup/using9.C (test for excess errors)
FAIL: g++.dg/template/ptrmem7.C (test for errors, line 38)
FAIL: g++.dg/template/ptrmem7.C (test for errors, line 39)
FAIL: g++.dg/template/ptrmem7.C (test for errors, line 43)
FAIL: g++.dg/template/ptrmem7.C (test for excess errors)
XPASS: g++.dg/warn/Wunused-2.C (test for warnings, line 5)
FAIL: g++.dg/pch/empty.C (test for excess errors)
FAIL: g++.dg/pch/empty.C (test for excess errors)
WARNING: g++.old-deja/g++.mike/p10769a.C compilation failed to produce executable
WARNING: g++.old-deja/g++.other/enum5.C compilation failed to produce executable
XPASS: g++.old-deja/g++.other/init5.C execution test
WARNING: g++.old-deja/g++.pt/friend44.C compilation failed to produce executable
=== g++ Summary ===
# of expected passes 9162
# of unexpected failures 14
# of unexpected successes 3
# of expected failures 58
# of untested testcases 2
# of unsupported tests 29
/home/rasky/gcc/mainline/out/gcc/testsuite/../g++ version 3.4 20031201 (experimental)
=== libstdc++-v3 check-abi Summary ===
# of added symbols: 215
# of missing symbols: 224
# of incompatible symbols: 231
=== libstdc++ tests ===
Running target unix
=== libstdc++ Summary ===
# of expected passes 2412
# of expected failures 12
Compiler version: 3.4 20031201 (experimental)
Platform: i686-pc-linux-gnu
configure flags: --prefix=/home/rasky/gcc/mainline/install/ --enable-languages=c,c++,java --enable-shared --enable-threads=posix --with-system-zlib --enable-__cxa_atexit --disable-multilib