This is the mail archive of the gcc-testresults@gcc.gnu.org mailing list for the GCC project.
Index Nav: | [Date Index] [Subject Index] [Author Index] [Thread Index] | |
---|---|---|
Message Nav: | [Date Prev] [Date Next] | [Thread Prev] [Thread Next] |
Other format: | [Raw text] |
LAST_UPDATED: Wed Dec 3 04:42:17 UTC 2003 Native configuration is hppa64-hp-hpux11.11 === g++ tests === Running target unix WARNING: program timed out. FAIL: g++.dg/eh/cleanup1.C (test for excess errors) XPASS: g++.dg/ext/lvalue1.C not an lvalue (test for errors, line 7) XPASS: g++.dg/init/init-ref4.C execution test FAIL: g++.dg/lookup/using9.C (test for errors, line 7) FAIL: g++.dg/lookup/using9.C (test for errors, line 8) FAIL: g++.dg/lookup/using9.C (test for errors, line 12) FAIL: g++.dg/lookup/using9.C (test for errors, line 13) FAIL: g++.dg/lookup/using9.C (test for errors, line 14) FAIL: g++.dg/lookup/using9.C (test for errors, line 22) FAIL: g++.dg/lookup/using9.C (test for errors, line 23) FAIL: g++.dg/lookup/using9.C (test for excess errors) FAIL: g++.dg/opt/inline4.C scan-assembler-not _Z1g FAIL: g++.dg/opt/template1.C scan-assembler-not foo1 FAIL: g++.dg/template/ptrmem7.C (test for errors, line 38) FAIL: g++.dg/template/ptrmem7.C (test for errors, line 39) FAIL: g++.dg/template/ptrmem7.C (test for errors, line 43) FAIL: g++.dg/template/ptrmem7.C (test for excess errors) XPASS: g++.dg/warn/Wunused-2.C (test for warnings, line 5) FAIL: g++.old-deja/g++.eh/catch6.C execution test FAIL: g++.old-deja/g++.eh/catch6p.C execution test FAIL: g++.old-deja/g++.eh/catch7.C execution test FAIL: g++.old-deja/g++.eh/catch7p.C execution test WARNING: g++.old-deja/g++.mike/p10769a.C compilation failed to produce executable WARNING: g++.old-deja/g++.other/enum5.C compilation failed to produce executable FAIL: g++.old-deja/g++.pt/const2.C (test for excess errors) WARNING: g++.old-deja/g++.pt/friend44.C compilation failed to produce executable XPASS: g++.old-deja/g++.pt/static3.C execution test === g++ Summary === # of expected passes 8779 # of unexpected failures 20 # of unexpected successes 4 # of expected failures 61 # of unsupported tests 62 /xxx/gnu/gcc-3.3/objdir/gcc/testsuite/../g++ version 3.4 20031203 (experimental) === g77 tests === Running target unix === g77 Summary === # of expected passes 1752 # of expected failures 1 # of untested testcases 1 # of unsupported tests 6 /xxx/gnu/gcc-3.3/objdir/gcc/testsuite/../g77 version 3.4 20031203 (experimental) === gcc tests === Running target unix FAIL: gcc.c-torture/compile/20031023-1.c (test for excess errors) FAIL: gcc.c-torture/compile/20031023-2.c (test for excess errors) UNRESOLVED: gcc.c-torture/execute/wchar_t-1.c execution, -O0 UNRESOLVED: gcc.c-torture/execute/wchar_t-1.c execution, -O1 UNRESOLVED: gcc.c-torture/execute/wchar_t-1.c execution, -O2 UNRESOLVED: gcc.c-torture/execute/wchar_t-1.c execution, -O3 -fomit-frame-pointer UNRESOLVED: gcc.c-torture/execute/wchar_t-1.c execution, -O3 -g UNRESOLVED: gcc.c-torture/execute/wchar_t-1.c execution, -Os FAIL: gcc.dg/compat/struct-by-value-11 c_compat_x_tst.o compile FAIL: gcc.dg/compat/struct-by-value-11 c_compat_y_tst.o compile UNRESOLVED: gcc.dg/compat/struct-by-value-11 c_compat_x_tst.o-c_compat_y_tst.o link UNRESOLVED: gcc.dg/compat/struct-by-value-11 c_compat_x_tst.o-c_compat_y_tst.o execute FAIL: gcc.dg/compat/struct-by-value-12 c_compat_x_tst.o compile FAIL: gcc.dg/compat/struct-by-value-12 c_compat_y_tst.o compile UNRESOLVED: gcc.dg/compat/struct-by-value-12 c_compat_x_tst.o-c_compat_y_tst.o link UNRESOLVED: gcc.dg/compat/struct-by-value-12 c_compat_x_tst.o-c_compat_y_tst.o execute FAIL: gcc.dg/debug/debug-1.c scan-assembler xyzzy FAIL: gcc.dg/debug/debug-1.c scan-assembler xyzzy FAIL: gcc.dg/debug/debug-1.c scan-assembler xyzzy FAIL: gcc.dg/debug/debug-1.c scan-assembler xyzzy FAIL: gcc.dg/debug/debug-2.c scan-assembler xyzzy FAIL: gcc.dg/debug/debug-2.c scan-assembler xyzzy FAIL: gcc.dg/debug/debug-2.c scan-assembler xyzzy FAIL: gcc.dg/debug/debug-2.c scan-assembler xyzzy FAIL: gcc.dg/builtins-1.c scan-assembler-not __builtin_ FAIL: gcc.dg/builtins-18.c (test for excess errors) FAIL: gcc.dg/builtins-20.c (test for excess errors) FAIL: gcc.dg/funcorder.c scan-assembler-not link_error,%r FAIL: gcc.dg/sibcall-1.c execution test FAIL: gcc.dg/sibcall-2.c execution test FAIL: gcc.dg/sibcall-3.c execution test FAIL: gcc.dg/sibcall-4.c execution test === gcc Summary === # of expected passes 23189 # of unexpected failures 22 # of expected failures 83 # of unresolved testcases 10 # of untested testcases 7 # of unsupported tests 286 /xxx/gnu/gcc-3.3/objdir/gcc/xgcc version 3.4 20031203 (experimental) === objc tests === Running target unix FAIL: objc.dg/call-super-2.m (test for excess errors) FAIL: objc.dg/desig-init-1.m (test for excess errors) FAIL: objc.dg/encode-2.m execution test FAIL: objc.dg/encode-3.m execution test FAIL: objc.dg/proto-qual-1.m execution test === objc Summary === # of expected passes 1334 # of unexpected failures 5 # of unsupported tests 7 /xxx/gnu/gcc-3.3/objdir/gcc/xgcc version 3.4 20031203 (experimental) === libstdc++ tests === Running target unix FAIL: 26_numerics/c99_classification_macros_c++.cc (test for excess errors) FAIL: 26_numerics/c99_classification_macros_c.cc (test for excess errors) === libstdc++ Summary === # of expected passes 1816 # of unexpected failures 2 # of expected failures 1 # of unsupported tests 7 Compiler version: 3.4 20031203 (experimental) Platform: hppa64-hp-hpux11.11 configure flags: --with-gnu-as --with-as=/xxx/gnu/binutils-2.14.90/objdir64/gas/as-new --with-ld=/usr/ccs/bin/ld --enable-shared --disable-nls --with-local-prefix=/opt/gnu64 --prefix=/opt/gnu64 --host=hppa64-hp-hpux11.11
Index Nav: | [Date Index] [Subject Index] [Author Index] [Thread Index] | |
---|---|---|
Message Nav: | [Date Prev] [Date Next] | [Thread Prev] [Thread Next] |