This is the mail archive of the gcc-testresults@gcc.gnu.org mailing list for the GCC project.


Index Nav: [Date Index] [Subject Index] [Author Index] [Thread Index]
Message Nav: [Date Prev] [Date Next] [Thread Prev] [Thread Next]
Other format: [Raw text]

Results for 3.4 20031202 (experimental) testsuite on i686-suse9-linux-gnu


Compiler version: 3.4 20031202 (experimental) 
Platform:	  i686-suse9-linux-gnu

Sources:	  HEAD as of 2003/12/02 14:27:40 +0100
LAST_UPDATED:	  Tue Dec  2 13:27:40 UTC 2003
Patches:	  [1] `PATCH: Fix to successfully build libjava as a shared library'
		      <http://gcc.gnu.org/ml/gcc-patches/2001-09/msg00714.html>
Environment:	  - autoconf-2.13 (FSF release)
		  - automake-1.7.6-41
		  - binutils-2.14 (FSF release)
		  - dejagnu-1.4.3-217
		  - expect-5.38-98
		  - SuSE Linux 9.0 + recommended updates as of today
		  - Linux version 2.4.21-144-smp4G (root@i386.suse.de) (gcc version 3.3.1 (SuSE Linux)) #1 SMP Fri Nov 14 00:07:01 UTC 2003
		  - glibc-2.3.2-88

Remarks:	  None.


configure flags:  --host=i686-suse9-linux-gnu --target=i686-suse9-linux-gnu --build=i686-suse9-linux-gnu --srcdir=../gcc-20031202 --prefix=/opt/gnu --exec-prefix=/opt/gnu/H-ia32-linux --with-gnu-as --with-gnu-ld --enable-__cxa_atexit --disable-checking --enable-clocale=gnu --enable-interpreter --enable-shared --enable-threads=posix --with-system-zlib --with-local-prefix=/opt/gnu --enable-nls --verbose
BOOT_CC:	  gcc version 3.4 20030922 (experimental)
BOOT_CFLAGS:      -O3 -march=i686 -mtune=pentium4 -fomit-frame-pointer
CFLAGS:           -O3 -march=i686 -mtune=pentium4 -fomit-frame-pointer
CXXFLAGS:         -O3 -march=i686 -mtune=pentium4 -fomit-frame-pointer -g
GCJFLAGS:         -O3 -march=i686 -mtune=pentium4 -fomit-frame-pointer -g


		=== acats tests ===

FAIL:	c34005a
FAIL:	c34005d
FAIL:	c34005g
FAIL:	c34005j
FAIL:	c954026
FAIL:	cc3601a
FAIL:	cxb3010
FAIL:	cxb3014
FAIL:	cxb3015

		=== acats Summary ===

# of expected passes		2313
# of unexpected failures	9
Native configuration is i686-suse9-linux-gnu

		=== g++ tests ===

Running target unix
XPASS: g++.dg/ext/lvalue1.C not an lvalue (test for errors, line 7)
FAIL: g++.dg/lookup/using9.C  (test for errors, line 7)
FAIL: g++.dg/lookup/using9.C  (test for errors, line 8)
FAIL: g++.dg/lookup/using9.C  (test for errors, line 12)
FAIL: g++.dg/lookup/using9.C  (test for errors, line 13)
FAIL: g++.dg/lookup/using9.C  (test for errors, line 14)
FAIL: g++.dg/lookup/using9.C  (test for errors, line 22)
FAIL: g++.dg/lookup/using9.C  (test for errors, line 23)
FAIL: g++.dg/lookup/using9.C (test for excess errors)
FAIL: g++.dg/template/ptrmem7.C  (test for errors, line 38)
FAIL: g++.dg/template/ptrmem7.C  (test for errors, line 39)
FAIL: g++.dg/template/ptrmem7.C  (test for errors, line 43)
FAIL: g++.dg/template/ptrmem7.C (test for excess errors)
XPASS: g++.dg/warn/Wunused-2.C  (test for warnings, line 5)
WARNING: g++.old-deja/g++.mike/p10769a.C compilation failed to produce executable
WARNING: g++.old-deja/g++.other/enum5.C compilation failed to produce executable
XPASS: g++.old-deja/g++.other/init5.C execution test
WARNING: g++.old-deja/g++.pt/friend44.C compilation failed to produce executable

		=== g++ Summary ===

# of expected passes		9169
# of unexpected failures	12
# of unexpected successes	3
# of expected failures		58
# of unsupported tests		29
/home/gnu/work/GNU/gcc-20031202-i686-suse9-linux-gnu/gcc/testsuite/../g++ version 3.4 20031202 (experimental)

		=== g77 tests ===

Running target unix

		=== g77 Summary ===

# of expected passes		1764
# of expected failures		1
# of untested testcases		1
/home/gnu/work/GNU/gcc-20031202-i686-suse9-linux-gnu/gcc/testsuite/../g77 version 3.4 20031202 (experimental)

		=== gcc tests ===

Running target unix
FAIL: gcc.c-torture/execute/va-arg-25.c execution,  -O0 
FAIL: gcc.c-torture/execute/va-arg-25.c execution,  -O1 
FAIL: gcc.c-torture/execute/va-arg-25.c execution,  -O2 
FAIL: gcc.c-torture/execute/va-arg-25.c execution,  -O3 -fomit-frame-pointer 
FAIL: gcc.c-torture/execute/va-arg-25.c execution,  -O3 -g 
FAIL: gcc.c-torture/execute/va-arg-25.c execution,  -Os 
UNRESOLVED: gcc.c-torture/execute/wchar_t-1.c execution,  -O0 
UNRESOLVED: gcc.c-torture/execute/wchar_t-1.c execution,  -O1 
UNRESOLVED: gcc.c-torture/execute/wchar_t-1.c execution,  -O2 
UNRESOLVED: gcc.c-torture/execute/wchar_t-1.c execution,  -O3 -fomit-frame-pointer 
UNRESOLVED: gcc.c-torture/execute/wchar_t-1.c execution,  -O3 -g 
UNRESOLVED: gcc.c-torture/execute/wchar_t-1.c execution,  -Os 

		=== gcc Summary ===

# of expected passes		23955
# of unexpected failures	6
# of expected failures		79
# of unresolved testcases	6
# of untested testcases		7
# of unsupported tests		160
/home/gnu/work/GNU/gcc-20031202-i686-suse9-linux-gnu/gcc/xgcc version 3.4 20031202 (experimental)

		=== objc tests ===

Running target unix

		=== objc Summary ===

# of expected passes		1339
# of unsupported tests		7
/home/gnu/work/GNU/gcc-20031202-i686-suse9-linux-gnu/gcc/xgcc version 3.4 20031202 (experimental)

		=== libffi tests ===

Running target unix

		=== libffi Summary ===

# of expected passes		182
# of unsupported tests		2

		=== libjava tests ===

Running target unix
FAIL: linking simple
FAIL: /home/gnu/work/GNU/gcc-20031202/libjava/testsuite/libjava.jar/simple.jar execution - gij test

		=== libjava Summary ===

# of expected passes		3252
# of unexpected failures	2
# of expected failures		11
# of untested testcases		9

		=== libstdc++ tests ===

Running target unix

		=== libstdc++ Summary ===

# of expected passes		2414
# of expected failures		12


Counting all warnings,
there are 20 warnings in stage3 of this bootstrap.

Number of warnings per file:
      4	insn-conditions.c
      3	gcc/gcc.c
      3	g-32666
      2	gcc/objc/lang-specs.h
      2	gcc/f/sta.c
      1	op6225.c
      1	gcc/java/jvspec.c
      1	gcc/config/i386/i386.md
      1	gcc/ada/tracebak.c
      1	g-yacc.32669.c
      1	c-p32574.c

Number of warning types:
     10	string length `???' is greater than the length `???' ISO C89 compilers are required to support
      6	old-style parameter declaration
      2	dereferencing type-punned pointer will break strict-aliasing rules
      1	operand 1 missing mode?
      1	comparison of unsigned expression < 0 is always false


Index Nav: [Date Index] [Subject Index] [Author Index] [Thread Index]
Message Nav: [Date Prev] [Date Next] [Thread Prev] [Thread Next]