This is the mail archive of the gcc-testresults@gcc.gnu.org mailing list for the GCC project.


Index Nav: [Date Index] [Subject Index] [Author Index] [Thread Index]
Message Nav: [Date Prev] [Date Next] [Thread Prev] [Thread Next]
Other format: [Raw text]

Results for 3.4 20031201 (experimental) testsuite on sh64-unknown-elf


LAST_UPDATED: 2003-12-01 23:00 UTC

Target is sh64-unknown-elf
Host   is i686-pc-linux-gnu

		=== g++ tests ===


Running target sh64
FAIL: g++.dg/compat/eh/unexpected1 cp_compat_x_tst.o-cp_compat_y_tst.o execute 
FAIL: g++.dg/abi/bitfield5.C  (test for warnings, line 10)
FAIL: g++.dg/eh/registers1.C execution test
FAIL: g++.dg/eh/unexpected1.C execution test
XPASS: g++.dg/ext/lvalue1.C not an lvalue (test for errors, line 7)
FAIL: g++.dg/ext/stmtexpr1.C (test for excess errors)
WARNING: g++.dg/ext/stmtexpr1.C compilation failed to produce executable
FAIL: g++.dg/lookup/using9.C  (test for errors, line 7)
FAIL: g++.dg/lookup/using9.C  (test for errors, line 8)
FAIL: g++.dg/lookup/using9.C  (test for errors, line 12)
FAIL: g++.dg/lookup/using9.C  (test for errors, line 13)
FAIL: g++.dg/lookup/using9.C  (test for errors, line 14)
FAIL: g++.dg/lookup/using9.C  (test for errors, line 22)
FAIL: g++.dg/lookup/using9.C  (test for errors, line 23)
FAIL: g++.dg/lookup/using9.C (test for excess errors)
FAIL: g++.dg/other/packed1.C execution test
FAIL: g++.dg/template/ptrmem7.C  (test for errors, line 38)
FAIL: g++.dg/template/ptrmem7.C  (test for errors, line 39)
FAIL: g++.dg/template/ptrmem7.C  (test for errors, line 43)
FAIL: g++.dg/template/ptrmem7.C (test for excess errors)
XPASS: g++.dg/warn/Wunused-2.C  (test for warnings, line 5)
FAIL: g++.old-deja/g++.abi/cxa_vec.C execution test
FAIL: g++.old-deja/g++.eh/spec2.C execution test
FAIL: g++.old-deja/g++.jason/thunk2.C (test for excess errors)
WARNING: g++.old-deja/g++.jason/thunk2.C compilation failed to produce executable
XPASS: g++.old-deja/g++.jason/thunk3.C execution test
FAIL: g++.old-deja/g++.law/profile1.C (test for excess errors)
FAIL: g++.old-deja/g++.mike/eh33.C execution test
FAIL: g++.old-deja/g++.mike/eh50.C execution test
FAIL: g++.old-deja/g++.mike/eh51.C execution test
WARNING: g++.old-deja/g++.mike/p10769a.C compilation failed to produce executable
WARNING: g++.old-deja/g++.other/enum5.C compilation failed to produce executable
WARNING: g++.old-deja/g++.pt/friend44.C compilation failed to produce executable

		=== g++ Summary for sh64 ===

# of expected passes		9055
# of unexpected failures	25
# of unexpected successes	3
# of expected failures		59
# of unsupported tests		69

Running target sh64/-ml
FAIL: g++.dg/compat/eh/unexpected1 cp_compat_x_tst.o-cp_compat_y_tst.o execute 
FAIL: g++.dg/abi/bitfield5.C  (test for warnings, line 10)
FAIL: g++.dg/eh/forced1.C execution test
FAIL: g++.dg/eh/registers1.C execution test
FAIL: g++.dg/eh/unexpected1.C execution test
XPASS: g++.dg/ext/lvalue1.C not an lvalue (test for errors, line 7)
FAIL: g++.dg/ext/stmtexpr1.C (test for excess errors)
WARNING: g++.dg/ext/stmtexpr1.C compilation failed to produce executable
FAIL: g++.dg/lookup/using9.C  (test for errors, line 7)
FAIL: g++.dg/lookup/using9.C  (test for errors, line 8)
FAIL: g++.dg/lookup/using9.C  (test for errors, line 12)
FAIL: g++.dg/lookup/using9.C  (test for errors, line 13)
FAIL: g++.dg/lookup/using9.C  (test for errors, line 14)
FAIL: g++.dg/lookup/using9.C  (test for errors, line 22)
FAIL: g++.dg/lookup/using9.C  (test for errors, line 23)
FAIL: g++.dg/lookup/using9.C (test for excess errors)
FAIL: g++.dg/other/packed1.C execution test
FAIL: g++.dg/template/ptrmem7.C  (test for errors, line 38)
FAIL: g++.dg/template/ptrmem7.C  (test for errors, line 39)
FAIL: g++.dg/template/ptrmem7.C  (test for errors, line 43)
FAIL: g++.dg/template/ptrmem7.C (test for excess errors)
XPASS: g++.dg/warn/Wunused-2.C  (test for warnings, line 5)
FAIL: g++.old-deja/g++.abi/cxa_vec.C execution test
FAIL: g++.old-deja/g++.eh/spec2.C execution test
FAIL: g++.old-deja/g++.eh/spec3.C execution test
FAIL: g++.old-deja/g++.jason/thunk2.C (test for excess errors)
WARNING: g++.old-deja/g++.jason/thunk2.C compilation failed to produce executable
XPASS: g++.old-deja/g++.jason/thunk3.C execution test
FAIL: g++.old-deja/g++.law/profile1.C (test for excess errors)
FAIL: g++.old-deja/g++.mike/eh33.C execution test
FAIL: g++.old-deja/g++.mike/eh50.C execution test
FAIL: g++.old-deja/g++.mike/eh51.C execution test
WARNING: g++.old-deja/g++.mike/p10769a.C compilation failed to produce executable
WARNING: g++.old-deja/g++.other/enum5.C compilation failed to produce executable
WARNING: g++.old-deja/g++.pt/friend44.C compilation failed to produce executable

		=== g++ Summary for sh64/-ml ===

# of expected passes		9053
# of unexpected failures	27
# of unexpected successes	3
# of expected failures		59
# of unsupported tests		69

Running target sh64/-m5-compact/-ml
FAIL: g++.dg/compat/eh/unexpected1 cp_compat_x_tst.o-cp_compat_y_tst.o execute 
FAIL: g++.dg/abi/bitfield5.C  (test for warnings, line 10)
FAIL: g++.dg/eh/crossjump1.C execution test
FAIL: g++.dg/eh/registers1.C execution test
FAIL: g++.dg/eh/unexpected1.C execution test
XPASS: g++.dg/ext/lvalue1.C not an lvalue (test for errors, line 7)
FAIL: g++.dg/ext/stmtexpr1.C (test for excess errors)
WARNING: g++.dg/ext/stmtexpr1.C compilation failed to produce executable
FAIL: g++.dg/lookup/using9.C  (test for errors, line 7)
FAIL: g++.dg/lookup/using9.C  (test for errors, line 8)
FAIL: g++.dg/lookup/using9.C  (test for errors, line 12)
FAIL: g++.dg/lookup/using9.C  (test for errors, line 13)
FAIL: g++.dg/lookup/using9.C  (test for errors, line 14)
FAIL: g++.dg/lookup/using9.C  (test for errors, line 22)
FAIL: g++.dg/lookup/using9.C  (test for errors, line 23)
FAIL: g++.dg/lookup/using9.C (test for excess errors)
FAIL: g++.dg/opt/reg-stack2.C (test for excess errors)
FAIL: g++.dg/other/packed1.C execution test
FAIL: g++.dg/template/ptrmem7.C  (test for errors, line 38)
FAIL: g++.dg/template/ptrmem7.C  (test for errors, line 39)
FAIL: g++.dg/template/ptrmem7.C  (test for errors, line 43)
FAIL: g++.dg/template/ptrmem7.C (test for excess errors)
XPASS: g++.dg/warn/Wunused-2.C  (test for warnings, line 5)
FAIL: g++.old-deja/g++.abi/cxa_vec.C execution test
FAIL: g++.old-deja/g++.eh/badalloc1.C execution test
FAIL: g++.old-deja/g++.eh/fntry1.C execution test
FAIL: g++.old-deja/g++.eh/rethrow1.C execution test
FAIL: g++.old-deja/g++.eh/rethrow2.C execution test
FAIL: g++.old-deja/g++.eh/rethrow3.C execution test
FAIL: g++.old-deja/g++.eh/rethrow4.C execution test
FAIL: g++.old-deja/g++.eh/rethrow5.C execution test
FAIL: g++.old-deja/g++.eh/rethrow6.C execution test
FAIL: g++.old-deja/g++.eh/spec2.C execution test
FAIL: g++.old-deja/g++.eh/spec3.C execution test
XPASS: g++.old-deja/g++.jason/thunk3.C execution test
FAIL: g++.old-deja/g++.law/profile1.C (test for excess errors)
FAIL: g++.old-deja/g++.mike/eh33.C execution test
FAIL: g++.old-deja/g++.mike/eh39.C execution test
FAIL: g++.old-deja/g++.mike/eh40.C execution test
FAIL: g++.old-deja/g++.mike/eh50.C execution test
FAIL: g++.old-deja/g++.mike/eh51.C execution test
WARNING: g++.old-deja/g++.mike/p10769a.C compilation failed to produce executable
WARNING: g++.old-deja/g++.other/enum5.C compilation failed to produce executable
WARNING: g++.old-deja/g++.pt/friend44.C compilation failed to produce executable
FAIL: g++.old-deja/g++.robertl/eb31.C execution test

		=== g++ Summary for sh64/-m5-compact/-ml ===

# of expected passes		9043
# of unexpected failures	38
# of unexpected successes	3
# of expected failures		59
# of unsupported tests		69

		=== g++ Summary ===

# of expected passes		27151
# of unexpected failures	90
# of unexpected successes	9
# of expected failures		177
# of unsupported tests		207
/swbuild/nightly/2003-12-01/sh64-elf/gcc/testsuite/../g++ version 3.4 20031201 (experimental)

Host   is i686-pc-linux-gnu

		=== gcc tests ===


Running target sh64
FAIL: gcc.c-torture/execute/builtin-prefetch-6.c execution,  -O0 
FAIL: gcc.c-torture/execute/builtin-prefetch-6.c execution,  -O1 
FAIL: gcc.c-torture/execute/builtin-prefetch-6.c execution,  -O2 
FAIL: gcc.c-torture/execute/builtin-prefetch-6.c execution,  -O3 -fomit-frame-pointer 
FAIL: gcc.c-torture/execute/builtin-prefetch-6.c execution,  -O3 -fomit-frame-pointer -funroll-loops 
FAIL: gcc.c-torture/execute/builtin-prefetch-6.c execution,  -O3 -fomit-frame-pointer -funroll-all-loops -finline-functions 
FAIL: gcc.c-torture/execute/builtin-prefetch-6.c execution,  -O3 -g 
FAIL: gcc.c-torture/execute/builtin-prefetch-6.c execution,  -Os 
UNRESOLVED: gcc.c-torture/execute/wchar_t-1.c execution,  -O0 
UNRESOLVED: gcc.c-torture/execute/wchar_t-1.c execution,  -O1 
UNRESOLVED: gcc.c-torture/execute/wchar_t-1.c execution,  -O2 
UNRESOLVED: gcc.c-torture/execute/wchar_t-1.c execution,  -O3 -fomit-frame-pointer 
UNRESOLVED: gcc.c-torture/execute/wchar_t-1.c execution,  -O3 -g 
UNRESOLVED: gcc.c-torture/execute/wchar_t-1.c execution,  -Os 
FAIL: gcc.dg/compat/vector-2 c_compat_x_tst.o compile
FAIL: gcc.dg/compat/vector-2 c_compat_y_tst.o compile
UNRESOLVED: gcc.dg/compat/vector-2 c_compat_x_tst.o-c_compat_y_tst.o link 
UNRESOLVED: gcc.dg/compat/vector-2 c_compat_x_tst.o-c_compat_y_tst.o execute 
FAIL: gcc.dg/debug/debug-1.c -gdwarf-2 -O scan-assembler xyzzy
FAIL: gcc.dg/debug/debug-1.c -gdwarf-23 -O scan-assembler xyzzy
FAIL: gcc.dg/debug/debug-1.c -gstabs -O scan-assembler xyzzy
FAIL: gcc.dg/debug/debug-1.c -gstabs3 -O scan-assembler xyzzy
FAIL: gcc.dg/debug/debug-1.c -gstabs+ -O scan-assembler xyzzy
FAIL: gcc.dg/debug/debug-1.c -gstabs+3 -O scan-assembler xyzzy
FAIL: gcc.dg/debug/debug-2.c -gdwarf-2 -O scan-assembler xyzzy
FAIL: gcc.dg/debug/debug-2.c -gdwarf-23 -O scan-assembler xyzzy
FAIL: gcc.dg/debug/debug-2.c -gstabs -O scan-assembler xyzzy
FAIL: gcc.dg/debug/debug-2.c -gstabs3 -O scan-assembler xyzzy
FAIL: gcc.dg/debug/debug-2.c -gstabs+ -O scan-assembler xyzzy
FAIL: gcc.dg/debug/debug-2.c -gstabs+3 -O scan-assembler xyzzy
FAIL: gcc.dg/20021014-1.c (test for excess errors)
FAIL: gcc.dg/builtins-20.c (test for excess errors)
FAIL: gcc.dg/c99-flex-array-1.c not at end (test for errors, line 7)
FAIL: gcc.dg/c99-flex-array-1.c (test for excess errors)
FAIL: gcc.dg/nest.c (test for excess errors)
FAIL: gcc.dg/uninit-A.c uninitialized variable warning (test for bogus messages, line 52)
FAIL: gcc.dg/uninit-A.c uninitialized variable warning (test for bogus messages, line 53)

		=== gcc Summary for sh64 ===

# of expected passes		24175
# of unexpected failures	29
# of expected failures		83
# of unresolved testcases	8
# of untested testcases		7
# of unsupported tests		300

Running target sh64/-ml
FAIL: gcc.c-torture/execute/builtin-prefetch-6.c execution,  -O0 
FAIL: gcc.c-torture/execute/builtin-prefetch-6.c execution,  -O1 
FAIL: gcc.c-torture/execute/builtin-prefetch-6.c execution,  -O2 
FAIL: gcc.c-torture/execute/builtin-prefetch-6.c execution,  -O3 -fomit-frame-pointer 
FAIL: gcc.c-torture/execute/builtin-prefetch-6.c execution,  -O3 -fomit-frame-pointer -funroll-loops 
FAIL: gcc.c-torture/execute/builtin-prefetch-6.c execution,  -O3 -fomit-frame-pointer -funroll-all-loops -finline-functions 
FAIL: gcc.c-torture/execute/builtin-prefetch-6.c execution,  -O3 -g 
FAIL: gcc.c-torture/execute/builtin-prefetch-6.c execution,  -Os 
UNRESOLVED: gcc.c-torture/execute/wchar_t-1.c execution,  -O0 
UNRESOLVED: gcc.c-torture/execute/wchar_t-1.c execution,  -O1 
UNRESOLVED: gcc.c-torture/execute/wchar_t-1.c execution,  -O2 
UNRESOLVED: gcc.c-torture/execute/wchar_t-1.c execution,  -O3 -fomit-frame-pointer 
UNRESOLVED: gcc.c-torture/execute/wchar_t-1.c execution,  -O3 -g 
UNRESOLVED: gcc.c-torture/execute/wchar_t-1.c execution,  -Os 
FAIL: gcc.dg/compat/vector-2 c_compat_x_tst.o compile
FAIL: gcc.dg/compat/vector-2 c_compat_y_tst.o compile
UNRESOLVED: gcc.dg/compat/vector-2 c_compat_x_tst.o-c_compat_y_tst.o link 
UNRESOLVED: gcc.dg/compat/vector-2 c_compat_x_tst.o-c_compat_y_tst.o execute 
FAIL: gcc.dg/debug/debug-1.c -gdwarf-2 -O scan-assembler xyzzy
FAIL: gcc.dg/debug/debug-1.c -gdwarf-23 -O scan-assembler xyzzy
FAIL: gcc.dg/debug/debug-1.c -gstabs -O scan-assembler xyzzy
FAIL: gcc.dg/debug/debug-1.c -gstabs3 -O scan-assembler xyzzy
FAIL: gcc.dg/debug/debug-1.c -gstabs+ -O scan-assembler xyzzy
FAIL: gcc.dg/debug/debug-1.c -gstabs+3 -O scan-assembler xyzzy
FAIL: gcc.dg/debug/debug-2.c -gdwarf-2 -O scan-assembler xyzzy
FAIL: gcc.dg/debug/debug-2.c -gdwarf-23 -O scan-assembler xyzzy
FAIL: gcc.dg/debug/debug-2.c -gstabs -O scan-assembler xyzzy
FAIL: gcc.dg/debug/debug-2.c -gstabs3 -O scan-assembler xyzzy
FAIL: gcc.dg/debug/debug-2.c -gstabs+ -O scan-assembler xyzzy
FAIL: gcc.dg/debug/debug-2.c -gstabs+3 -O scan-assembler xyzzy
FAIL: gcc.dg/20021014-1.c (test for excess errors)
FAIL: gcc.dg/builtins-20.c (test for excess errors)
FAIL: gcc.dg/c99-flex-array-1.c not at end (test for errors, line 7)
FAIL: gcc.dg/c99-flex-array-1.c (test for excess errors)
FAIL: gcc.dg/nest.c (test for excess errors)
FAIL: gcc.dg/uninit-A.c uninitialized variable warning (test for bogus messages, line 52)
FAIL: gcc.dg/uninit-A.c uninitialized variable warning (test for bogus messages, line 53)

		=== gcc Summary for sh64/-ml ===

# of expected passes		24175
# of unexpected failures	29
# of expected failures		83
# of unresolved testcases	8
# of untested testcases		7
# of unsupported tests		300

Running target sh64/-m5-compact/-ml
WARNING: program timed out.
FAIL: gcc.c-torture/compile/20001226-1.c  -O3 -g  (test for excess errors)
XPASS: gcc.c-torture/execute/20020227-1.c execution,  -O0 
XPASS: gcc.c-torture/execute/20020227-1.c execution,  -O1 
XPASS: gcc.c-torture/execute/20020227-1.c execution,  -O2 
XPASS: gcc.c-torture/execute/20020227-1.c execution,  -O3 -fomit-frame-pointer 
XPASS: gcc.c-torture/execute/20020227-1.c execution,  -O3 -g 
XPASS: gcc.c-torture/execute/20020227-1.c execution,  -Os 
FAIL: gcc.c-torture/execute/20020720-1.c compilation,  -O1 
UNRESOLVED: gcc.c-torture/execute/20020720-1.c execution,  -O1 
FAIL: gcc.c-torture/execute/20020720-1.c compilation,  -O2 
UNRESOLVED: gcc.c-torture/execute/20020720-1.c execution,  -O2 
FAIL: gcc.c-torture/execute/20020720-1.c compilation,  -O3 -fomit-frame-pointer 
UNRESOLVED: gcc.c-torture/execute/20020720-1.c execution,  -O3 -fomit-frame-pointer 
FAIL: gcc.c-torture/execute/20020720-1.c compilation,  -O3 -g 
UNRESOLVED: gcc.c-torture/execute/20020720-1.c execution,  -O3 -g 
FAIL: gcc.c-torture/execute/20020720-1.c compilation,  -Os 
UNRESOLVED: gcc.c-torture/execute/20020720-1.c execution,  -Os 
UNRESOLVED: gcc.c-torture/execute/wchar_t-1.c execution,  -O0 
UNRESOLVED: gcc.c-torture/execute/wchar_t-1.c execution,  -O1 
UNRESOLVED: gcc.c-torture/execute/wchar_t-1.c execution,  -O2 
UNRESOLVED: gcc.c-torture/execute/wchar_t-1.c execution,  -O3 -fomit-frame-pointer 
UNRESOLVED: gcc.c-torture/execute/wchar_t-1.c execution,  -O3 -g 
UNRESOLVED: gcc.c-torture/execute/wchar_t-1.c execution,  -Os 
FAIL: gcc.dg/20021014-1.c (test for excess errors)
FAIL: gcc.dg/builtins-20.c (test for excess errors)
FAIL: gcc.dg/c99-flex-array-1.c not at end (test for errors, line 7)
FAIL: gcc.dg/c99-flex-array-1.c (test for excess errors)
FAIL: gcc.dg/nest.c (test for excess errors)
XPASS: gcc.dg/uninit-4.c uninitialized variable warning (test for bogus messages, line 26)

		=== gcc Summary for sh64/-m5-compact/-ml ===

# of expected passes		24190
# of unexpected failures	11
# of unexpected successes	7
# of expected failures		76
# of unresolved testcases	11
# of untested testcases		7
# of unsupported tests		300

		=== gcc Summary ===

# of expected passes		72540
# of unexpected failures	69
# of unexpected successes	7
# of expected failures		242
# of unresolved testcases	27
# of untested testcases		21
# of unsupported tests		900
/swbuild/nightly/2003-12-01/sh64-elf/gcc/xgcc version 3.4 20031201 (experimental)

Host   is i686-pc-linux-gnu

		=== objc tests ===


Running target sh64
FAIL: objc/execute/bf-10.m execution,  -O0 
FAIL: objc/execute/bf-10.m execution,  -O1 
FAIL: objc/execute/bf-10.m execution,  -O2 
FAIL: objc/execute/bf-10.m execution,  -O3 -fomit-frame-pointer 
FAIL: objc/execute/bf-10.m execution,  -O3 -g 
FAIL: objc/execute/bf-10.m execution,  -Os 
FAIL: objc/execute/bf-11.m execution,  -O0 
FAIL: objc/execute/bf-11.m execution,  -O1 
FAIL: objc/execute/bf-11.m execution,  -O2 
FAIL: objc/execute/bf-11.m execution,  -O3 -fomit-frame-pointer 
FAIL: objc/execute/bf-11.m execution,  -O3 -g 
FAIL: objc/execute/bf-11.m execution,  -Os 
FAIL: objc/execute/bf-12.m execution,  -O0 
FAIL: objc/execute/bf-12.m execution,  -O1 
FAIL: objc/execute/bf-12.m execution,  -O2 
FAIL: objc/execute/bf-12.m execution,  -O3 -fomit-frame-pointer 
FAIL: objc/execute/bf-12.m execution,  -O3 -g 
FAIL: objc/execute/bf-12.m execution,  -Os 
FAIL: objc/execute/bf-5.m execution,  -O0 
FAIL: objc/execute/bf-5.m execution,  -O1 
FAIL: objc/execute/bf-5.m execution,  -O2 
FAIL: objc/execute/bf-5.m execution,  -O3 -fomit-frame-pointer 
FAIL: objc/execute/bf-5.m execution,  -O3 -g 
FAIL: objc/execute/bf-5.m execution,  -Os 
FAIL: objc/execute/bf-6.m execution,  -O0 
FAIL: objc/execute/bf-6.m execution,  -O1 
FAIL: objc/execute/bf-6.m execution,  -O2 
FAIL: objc/execute/bf-6.m execution,  -O3 -fomit-frame-pointer 
FAIL: objc/execute/bf-6.m execution,  -O3 -g 
FAIL: objc/execute/bf-6.m execution,  -Os 
FAIL: objc/execute/bf-7.m execution,  -O0 
FAIL: objc/execute/bf-7.m execution,  -O1 
FAIL: objc/execute/bf-7.m execution,  -O2 
FAIL: objc/execute/bf-7.m execution,  -O3 -fomit-frame-pointer 
FAIL: objc/execute/bf-7.m execution,  -O3 -g 
FAIL: objc/execute/bf-7.m execution,  -Os 
FAIL: objc/execute/bf-8.m execution,  -O0 
FAIL: objc/execute/bf-8.m execution,  -O1 
FAIL: objc/execute/bf-8.m execution,  -O2 
FAIL: objc/execute/bf-8.m execution,  -O3 -fomit-frame-pointer 
FAIL: objc/execute/bf-8.m execution,  -O3 -g 
FAIL: objc/execute/bf-8.m execution,  -Os 
FAIL: objc/execute/bf-9.m execution,  -O0 
FAIL: objc/execute/bf-9.m execution,  -O1 
FAIL: objc/execute/bf-9.m execution,  -O2 
FAIL: objc/execute/bf-9.m execution,  -O3 -fomit-frame-pointer 
FAIL: objc/execute/bf-9.m execution,  -O3 -g 
FAIL: objc/execute/bf-9.m execution,  -Os 

		=== objc Summary for sh64 ===

# of expected passes		1289
# of unexpected failures	48
# of unsupported tests		7

Running target sh64/-ml
FAIL: objc/execute/bf-10.m execution,  -O0 
FAIL: objc/execute/bf-10.m execution,  -O1 
FAIL: objc/execute/bf-10.m execution,  -O2 
FAIL: objc/execute/bf-10.m execution,  -O3 -fomit-frame-pointer 
FAIL: objc/execute/bf-10.m execution,  -O3 -g 
FAIL: objc/execute/bf-10.m execution,  -Os 
FAIL: objc/execute/bf-11.m execution,  -O0 
FAIL: objc/execute/bf-11.m execution,  -O1 
FAIL: objc/execute/bf-11.m execution,  -O2 
FAIL: objc/execute/bf-11.m execution,  -O3 -fomit-frame-pointer 
FAIL: objc/execute/bf-11.m execution,  -O3 -g 
FAIL: objc/execute/bf-11.m execution,  -Os 
FAIL: objc/execute/bf-12.m execution,  -O0 
FAIL: objc/execute/bf-12.m execution,  -O1 
FAIL: objc/execute/bf-12.m execution,  -O2 
FAIL: objc/execute/bf-12.m execution,  -O3 -fomit-frame-pointer 
FAIL: objc/execute/bf-12.m execution,  -O3 -g 
FAIL: objc/execute/bf-12.m execution,  -Os 
FAIL: objc/execute/bf-5.m execution,  -O0 
FAIL: objc/execute/bf-5.m execution,  -O1 
FAIL: objc/execute/bf-5.m execution,  -O2 
FAIL: objc/execute/bf-5.m execution,  -O3 -fomit-frame-pointer 
FAIL: objc/execute/bf-5.m execution,  -O3 -g 
FAIL: objc/execute/bf-5.m execution,  -Os 
FAIL: objc/execute/bf-6.m execution,  -O0 
FAIL: objc/execute/bf-6.m execution,  -O1 
FAIL: objc/execute/bf-6.m execution,  -O2 
FAIL: objc/execute/bf-6.m execution,  -O3 -fomit-frame-pointer 
FAIL: objc/execute/bf-6.m execution,  -O3 -g 
FAIL: objc/execute/bf-6.m execution,  -Os 
FAIL: objc/execute/bf-7.m execution,  -O0 
FAIL: objc/execute/bf-7.m execution,  -O1 
FAIL: objc/execute/bf-7.m execution,  -O2 
FAIL: objc/execute/bf-7.m execution,  -O3 -fomit-frame-pointer 
FAIL: objc/execute/bf-7.m execution,  -O3 -g 
FAIL: objc/execute/bf-7.m execution,  -Os 
FAIL: objc/execute/bf-8.m execution,  -O0 
FAIL: objc/execute/bf-8.m execution,  -O1 
FAIL: objc/execute/bf-8.m execution,  -O2 
FAIL: objc/execute/bf-8.m execution,  -O3 -fomit-frame-pointer 
FAIL: objc/execute/bf-8.m execution,  -O3 -g 
FAIL: objc/execute/bf-8.m execution,  -Os 
FAIL: objc/execute/bf-9.m execution,  -O0 
FAIL: objc/execute/bf-9.m execution,  -O1 
FAIL: objc/execute/bf-9.m execution,  -O2 
FAIL: objc/execute/bf-9.m execution,  -O3 -fomit-frame-pointer 
FAIL: objc/execute/bf-9.m execution,  -O3 -g 
FAIL: objc/execute/bf-9.m execution,  -Os 

		=== objc Summary for sh64/-ml ===

# of expected passes		1289
# of unexpected failures	48
# of unsupported tests		7

Running target sh64/-m5-compact/-ml
FAIL: objc/execute/bf-10.m execution,  -O0 
FAIL: objc/execute/bf-10.m execution,  -O1 
FAIL: objc/execute/bf-10.m execution,  -O2 
FAIL: objc/execute/bf-10.m execution,  -O3 -fomit-frame-pointer 
FAIL: objc/execute/bf-10.m execution,  -O3 -g 
FAIL: objc/execute/bf-10.m execution,  -Os 
FAIL: objc/execute/bf-11.m execution,  -O0 
FAIL: objc/execute/bf-11.m execution,  -O1 
FAIL: objc/execute/bf-11.m execution,  -O2 
FAIL: objc/execute/bf-11.m execution,  -O3 -fomit-frame-pointer 
FAIL: objc/execute/bf-11.m execution,  -O3 -g 
FAIL: objc/execute/bf-11.m execution,  -Os 
FAIL: objc/execute/bf-12.m execution,  -O0 
FAIL: objc/execute/bf-12.m execution,  -O1 
FAIL: objc/execute/bf-12.m execution,  -O2 
FAIL: objc/execute/bf-12.m execution,  -O3 -fomit-frame-pointer 
FAIL: objc/execute/bf-12.m execution,  -O3 -g 
FAIL: objc/execute/bf-12.m execution,  -Os 
FAIL: objc/execute/bf-5.m execution,  -O0 
FAIL: objc/execute/bf-5.m execution,  -O1 
FAIL: objc/execute/bf-5.m execution,  -O2 
FAIL: objc/execute/bf-5.m execution,  -O3 -fomit-frame-pointer 
FAIL: objc/execute/bf-5.m execution,  -O3 -g 
FAIL: objc/execute/bf-5.m execution,  -Os 
FAIL: objc/execute/bf-6.m execution,  -O0 
FAIL: objc/execute/bf-6.m execution,  -O1 
FAIL: objc/execute/bf-6.m execution,  -O2 
FAIL: objc/execute/bf-6.m execution,  -O3 -fomit-frame-pointer 
FAIL: objc/execute/bf-6.m execution,  -O3 -g 
FAIL: objc/execute/bf-6.m execution,  -Os 
FAIL: objc/execute/bf-7.m execution,  -O0 
FAIL: objc/execute/bf-7.m execution,  -O1 
FAIL: objc/execute/bf-7.m execution,  -O2 
FAIL: objc/execute/bf-7.m execution,  -O3 -fomit-frame-pointer 
FAIL: objc/execute/bf-7.m execution,  -O3 -g 
FAIL: objc/execute/bf-7.m execution,  -Os 
FAIL: objc/execute/bf-8.m execution,  -O0 
FAIL: objc/execute/bf-8.m execution,  -O1 
FAIL: objc/execute/bf-8.m execution,  -O2 
FAIL: objc/execute/bf-8.m execution,  -O3 -fomit-frame-pointer 
FAIL: objc/execute/bf-8.m execution,  -O3 -g 
FAIL: objc/execute/bf-8.m execution,  -Os 
FAIL: objc/execute/bf-9.m execution,  -O0 
FAIL: objc/execute/bf-9.m execution,  -O1 
FAIL: objc/execute/bf-9.m execution,  -O2 
FAIL: objc/execute/bf-9.m execution,  -O3 -fomit-frame-pointer 
FAIL: objc/execute/bf-9.m execution,  -O3 -g 
FAIL: objc/execute/bf-9.m execution,  -Os 

		=== objc Summary for sh64/-m5-compact/-ml ===

# of expected passes		1289
# of unexpected failures	48
# of unsupported tests		7

		=== objc Summary ===

# of expected passes		3867
# of unexpected failures	144
# of unsupported tests		21
/swbuild/nightly/2003-12-01/sh64-elf/gcc/xgcc version 3.4 20031201 (experimental)


Compiler version: 3.4 20031201 (experimental) 
Platform: sh64-unknown-elf
configure flags: --cache-file=.././config.cache --build=i686-pc-linux-gnu --host=i686-pc-linux-gnu --target=sh64-elf --with-gnu-as --with-gnu-ld --with-newlib --with-headers --with-newlib '--program-transform-name=s,^,sh64-elf-,; ' --srcdir=../../srcw/gcc


Index Nav: [Date Index] [Subject Index] [Author Index] [Thread Index]
Message Nav: [Date Prev] [Date Next] [Thread Prev] [Thread Next]