This is the mail archive of the
gcc-testresults@gcc.gnu.org
mailing list for the GCC project.
Results for 3.4 20031201 (experimental) testsuite on mips-sgi-irix6.5
- From: "Kaveh R. Ghazi" <ghazi at caip dot rutgers dot edu>
- To: gcc-testresults at gcc dot gnu dot org
- Date: Mon, 1 Dec 2003 09:24:13 -0500 (EST)
- Subject: Results for 3.4 20031201 (experimental) testsuite on mips-sgi-irix6.5
LAST_UPDATED:
Native configuration is mips-sgi-irix6.5
=== g++ tests ===
Running target unix
FAIL: g++.dg/expr/anew1.C execution test
FAIL: g++.dg/expr/anew2.C execution test
FAIL: g++.dg/expr/anew3.C execution test
FAIL: g++.dg/expr/anew4.C execution test
XPASS: g++.dg/ext/lvalue1.C not an lvalue (test for errors, line 7)
FAIL: g++.dg/ext/pretty1.C scan-assembler int bar\\(T\\).*with T = int
FAIL: g++.dg/ext/pretty1.C scan-assembler top level
FAIL: g++.dg/ext/pretty1.C scan-assembler int main\\(\\)
FAIL: g++.dg/ext/pretty1.C scan-assembler int bar\\(T\\).*with T = double
FAIL: g++.dg/ext/pretty1.C scan-assembler int bar\\(T\\).*with T = unsigned char*
FAIL: g++.dg/lookup/using9.C (test for errors, line 7)
FAIL: g++.dg/lookup/using9.C (test for errors, line 8)
FAIL: g++.dg/lookup/using9.C (test for errors, line 12)
FAIL: g++.dg/lookup/using9.C (test for errors, line 13)
FAIL: g++.dg/lookup/using9.C (test for errors, line 14)
FAIL: g++.dg/lookup/using9.C (test for errors, line 22)
FAIL: g++.dg/lookup/using9.C (test for errors, line 23)
FAIL: g++.dg/lookup/using9.C (test for excess errors)
FAIL: g++.dg/template/ptrmem7.C (test for errors, line 38)
FAIL: g++.dg/template/ptrmem7.C (test for errors, line 39)
FAIL: g++.dg/template/ptrmem7.C (test for errors, line 43)
FAIL: g++.dg/template/ptrmem7.C (test for excess errors)
XPASS: g++.dg/warn/Wunused-2.C (test for warnings, line 5)
FAIL: g++.dg/pch/system-1.C -g assembly comparison
FAIL: g++.dg/pch/system-2.C -g assembly comparison
FAIL: g++.old-deja/g++.jason/thunk1.C (test for excess errors)
WARNING: g++.old-deja/g++.jason/thunk1.C compilation failed to produce executable
FAIL: g++.old-deja/g++.jason/thunk2.C (test for excess errors)
WARNING: g++.old-deja/g++.jason/thunk2.C compilation failed to produce executable
FAIL: g++.old-deja/g++.jason/thunk3.C (test for excess errors)
WARNING: g++.old-deja/g++.jason/thunk3.C compilation failed to produce executable
FAIL: g++.old-deja/g++.law/profile1.C (test for excess errors)
WARNING: g++.old-deja/g++.law/profile1.C compilation failed to produce executable
WARNING: g++.old-deja/g++.mike/p10769a.C compilation failed to produce executable
WARNING: g++.old-deja/g++.other/enum5.C compilation failed to produce executable
WARNING: g++.old-deja/g++.pt/friend44.C compilation failed to produce executable
=== g++ Summary ===
# of expected passes 8761
# of unexpected failures 27
# of unexpected successes 2
# of expected failures 60
# of unsupported tests 62
/caip/u58/ghazi/gcc-testing/build/gcc/testsuite/../g++ version 3.4 20031201 (experimental)
=== g77 tests ===
Running target unix
=== g77 Summary ===
# of expected passes 1752
# of expected failures 1
# of untested testcases 1
# of unsupported tests 6
/caip/u58/ghazi/gcc-testing/build/gcc/testsuite/../g77 version 3.4 20031201 (experimental)
=== gcc tests ===
Running target unix
UNRESOLVED: gcc.c-torture/execute/wchar_t-1.c execution, -O0
UNRESOLVED: gcc.c-torture/execute/wchar_t-1.c execution, -O1
UNRESOLVED: gcc.c-torture/execute/wchar_t-1.c execution, -O2
UNRESOLVED: gcc.c-torture/execute/wchar_t-1.c execution, -O3 -fomit-frame-pointer
UNRESOLVED: gcc.c-torture/execute/wchar_t-1.c execution, -O3 -g
UNRESOLVED: gcc.c-torture/execute/wchar_t-1.c execution, -Os
WARNING: gcc.dg/20021014-1.c compilation failed to produce executable
FAIL: gcc.dg/builtins-18.c (test for excess errors)
FAIL: gcc.dg/builtins-20.c (test for excess errors)
FAIL: gcc.dg/const-elim-2.c scan-assembler-times hi there 1
WARNING: gcc.dg/nest.c compilation failed to produce executable
XPASS: gcc.dg/sibcall-3.c execution test
XPASS: gcc.dg/sibcall-4.c execution test
FAIL: gcc.dg/unused-5.c scan-assembler string_to_look_for
FAIL: gcc.dg/special/wkali-2.c (test for excess errors)
FAIL: gcc.dg/special/wkali-2.c execution test
=== gcc Summary ===
# of expected passes 23921
# of unexpected failures 6
# of unexpected successes 2
# of expected failures 83
# of unresolved testcases 6
# of untested testcases 7
# of unsupported tests 258
/caip/u58/ghazi/gcc-testing/build/gcc/xgcc version 3.4 20031201 (experimental)
=== objc tests ===
Running target unix
FAIL: objc.dg/encode-2.m execution test
FAIL: objc.dg/encode-3.m execution test
FAIL: objc.dg/encode-4.m execution test
=== objc Summary ===
# of expected passes 1334
# of unexpected failures 3
# of unsupported tests 7
/caip/u58/ghazi/gcc-testing/build/gcc/xgcc version 3.4 20031201 (experimental)
=== libstdc++ tests ===
Running target unix
FAIL: 22_locale/ctype/cons/char/1.cc execution test
FAIL: 27_io/basic_filebuf/sgetn/char/1-in.cc execution test
FAIL: 27_io/basic_filebuf/sgetn/char/1-io.cc execution test
FAIL: 27_io/basic_filebuf/sgetn/char/2-in.cc execution test
FAIL: 27_io/basic_filebuf/sgetn/char/2-io.cc execution test
FAIL: 27_io/basic_istream/readsome/char/6746-2.cc execution test
=== libstdc++ Summary ===
# of expected passes 1808
# of unexpected failures 6
# of expected failures 1
# of unsupported tests 7
Compiler version: 3.4 20031201 (experimental)
Platform: mips-sgi-irix6.5
configure flags: --verbose --enable-languages=c,objc,c++,f77,java --with-included-gettext