This is the mail archive of the gcc-testresults@gcc.gnu.org mailing list for the GCC project.


Index Nav: [Date Index] [Subject Index] [Author Index] [Thread Index]
Message Nav: [Date Prev] [Date Next] [Thread Prev] [Thread Next]
Other format: [Raw text]

Results for 3.3.2-hammer testsuite on i686-suse-linux-gnu


Bootstrap and regtesting on i686-suse-linux-gnu.
CVS sources: branch: hammer-3_3-branch.
LAST_UPDATED: Sun Nov 30 22:14:51 UTC 2003

Native configuration is i686-suse-linux-gnu

		=== g++ tests ===


Running target unix
FAIL: g++.dg/overload/template1.C (test for excess errors)
FAIL: 14:is 2:should be 1
FAIL: g++.dg/gcov/gcov-3.C gcov: 1 failures in line counts, 0 in branch percentages, 0 in return percentages
XPASS: g++.other/init5.C  Execution test

		=== g++ Summary ===

# of expected passes		8157
# of unexpected failures	3
# of unexpected successes	1
# of expected failures		94
# of untested testcases		9
# of unsupported tests		14
/builds/gcc/misc/gcc/testsuite/../g++ version 3.3.2-hammer

		=== g77 tests ===


Running target unix

		=== g77 Summary ===

# of expected passes		1702
/builds/gcc/misc/gcc/testsuite/../g77 version 3.3.2-hammer

		=== gcc tests ===


Running target unix
FAIL: gcc.dg/cpp/include3.c (test for excess errors)
FAIL: gcc.dg/duff-2.c (test for excess errors)
FAIL: gcc.dg/gnu89-init-2.c scan-assembler-not __compound_literal
FAIL: gcc.dg/noreturn-1.c detect falling off end of noreturn (test for warnings, line 10)
FAIL: gcc.dg/noreturn-1.c this function should not get any warnings (test for bogus messages, line 18)
FAIL: gcc.dg/return-type-1.c warning for falling off end of non-void function (test for warnings, line 8)
FAIL: gcc.dg/return-type-1.c (test for excess errors)
FAIL: gcc.dg/warn-1.c  (test for warnings, line 8)
FAIL: gcc.dg/warn-1.c  (test for warnings, line 15)

		=== gcc Summary ===

# of expected passes		21219
# of unexpected failures	9
# of expected failures		69
# of unsupported tests		88
/builds/gcc/misc/gcc/xgcc version 3.3.2-hammer

		=== objc tests ===


Running target unix

		=== objc Summary ===

# of expected passes		1153
/builds/gcc/misc/gcc/xgcc version 3.3.2-hammer

		=== treelang tests ===


Running target unix

		=== treelang Summary ===

# of expected passes		1
		=== libstdc++-v3 tests ===


Running target unix
XPASS: 22_locale/collate_byname.cc execution test
XPASS: 22_locale/collate_members_char.cc execution test
XPASS: 22_locale/collate_members_wchar_t.cc execution test
XPASS: 22_locale/ctype_is_char.cc execution test
XPASS: 22_locale/ctype_is_wchar_t.cc execution test
XPASS: 22_locale/members.cc execution test
XPASS: 22_locale/money_get_members_char.cc execution test
XPASS: 22_locale/money_get_members_wchar_t.cc execution test
XPASS: 22_locale/money_put_members_char.cc execution test
XPASS: 22_locale/money_put_members_wchar_t.cc execution test
XPASS: 22_locale/moneypunct_byname.cc execution test
XPASS: 22_locale/moneypunct_members_char.cc execution test
XPASS: 22_locale/moneypunct_members_wchar_t.cc execution test
XPASS: 22_locale/num_get_members_char.cc execution test
XPASS: 22_locale/num_get_members_wchar_t.cc execution test
XPASS: 22_locale/num_put_members_char.cc execution test
XPASS: 22_locale/num_put_members_wchar_t.cc execution test
XPASS: 22_locale/numpunct_byname.cc execution test
XPASS: 22_locale/numpunct_members_char.cc execution test
XPASS: 22_locale/numpunct_members_wchar_t.cc execution test
XPASS: 22_locale/time_get_members_char.cc execution test
XPASS: 22_locale/time_get_members_wchar_t.cc execution test

		=== libstdc++-v3 Summary ===

# of expected passes		433
# of unexpected successes	22
# of expected failures		6

Compiler version: 3.3.2-hammer 
Platform: i686-suse-linux-gnu
configure flags: --host=i686-suse-linux-gnu --prefix=/opt/gcc/hammer-3_3-branch --disable-nls --enable-threads=posix --enable-clocale=gnu --enable-__cxa_atexit --enable-shared --enable-languages=c,c++,ada,treelang,f77,objc --with-system-zlib
Version of binutils: GNU ld version 2.14.90.0.5 20030722 (SuSE Linux)
Version of glibc (/lib/libc.so.6): 2.3.2 (20030827)


Index Nav: [Date Index] [Subject Index] [Author Index] [Thread Index]
Message Nav: [Date Prev] [Date Next] [Thread Prev] [Thread Next]