This is the mail archive of the
gcc-testresults@gcc.gnu.org
mailing list for the GCC project.
Results for 3.4 20031130 (experimental) testsuite on x86_64-suse-linux-gnu
- From: aj at suse dot de (Andreas Jaeger)
- To: gcc-testresults at gcc dot gnu dot org
- Date: Sun, 30 Nov 2003 13:35:01 UT
- Subject: Results for 3.4 20031130 (experimental) testsuite on x86_64-suse-linux-gnu
Bootstrap and regtesting on x86_64-suse-linux-gnu.
CVS sources: mainline.
LAST_UPDATED: Sun Nov 30 11:22:44 UTC 2003
=== acats tests ===
FAIL: c37213f
FAIL: c37215f
FAIL: c380004
FAIL: c954025
FAIL: cd2a83c
FAIL: cd2a91c
FAIL: cxa5015
FAIL: cxb3010
FAIL: cxb3014
FAIL: cxb3015
FAIL: cxg2002
FAIL: cxg2003
FAIL: cxg2004
FAIL: cxg2006
FAIL: cxg2007
FAIL: cxg2010
FAIL: cxg2011
FAIL: cxg2012
FAIL: cxg2013
FAIL: cxg2014
FAIL: cxg2015
FAIL: cxg2016
FAIL: cxg2017
FAIL: cxg2018
FAIL: cxg2019
FAIL: cxg2020
FAIL: cxg2021
=== acats Summary ===
# of expected passes 2295
# of unexpected failures 27
Native configuration is x86_64-suse-linux-gnu
=== g++ tests ===
Running target unix/-m32
FAIL: g++.dg/eh/simd-2.C (test for excess errors)
XPASS: g++.dg/ext/lvalue1.C not an lvalue (test for errors, line 7)
FAIL: g++.dg/lookup/using9.C (test for errors, line 7)
FAIL: g++.dg/lookup/using9.C (test for errors, line 8)
FAIL: g++.dg/lookup/using9.C (test for errors, line 12)
FAIL: g++.dg/lookup/using9.C (test for errors, line 13)
FAIL: g++.dg/lookup/using9.C (test for errors, line 14)
FAIL: g++.dg/lookup/using9.C (test for errors, line 22)
FAIL: g++.dg/lookup/using9.C (test for errors, line 23)
FAIL: g++.dg/lookup/using9.C (test for excess errors)
FAIL: g++.dg/template/ptrmem7.C (test for errors, line 38)
FAIL: g++.dg/template/ptrmem7.C (test for errors, line 39)
FAIL: g++.dg/template/ptrmem7.C (test for errors, line 43)
FAIL: g++.dg/template/ptrmem7.C (test for excess errors)
XPASS: g++.dg/warn/Wunused-2.C (test for warnings, line 5)
WARNING: g++.old-deja/g++.mike/p10769a.C compilation failed to produce executable
WARNING: g++.old-deja/g++.other/enum5.C compilation failed to produce executable
XPASS: g++.old-deja/g++.other/init5.C execution test
WARNING: g++.old-deja/g++.pt/friend44.C compilation failed to produce executable
=== g++ Summary for unix/-m32 ===
# of expected passes 9104
# of unexpected failures 13
# of unexpected successes 3
# of expected failures 58
# of unsupported tests 59
Running target unix
XPASS: g++.dg/ext/lvalue1.C not an lvalue (test for errors, line 7)
FAIL: g++.dg/lookup/using9.C (test for errors, line 7)
FAIL: g++.dg/lookup/using9.C (test for errors, line 8)
FAIL: g++.dg/lookup/using9.C (test for errors, line 12)
FAIL: g++.dg/lookup/using9.C (test for errors, line 13)
FAIL: g++.dg/lookup/using9.C (test for errors, line 14)
FAIL: g++.dg/lookup/using9.C (test for errors, line 22)
FAIL: g++.dg/lookup/using9.C (test for errors, line 23)
FAIL: g++.dg/lookup/using9.C (test for excess errors)
FAIL: g++.dg/template/ptrmem7.C (test for errors, line 38)
FAIL: g++.dg/template/ptrmem7.C (test for errors, line 39)
FAIL: g++.dg/template/ptrmem7.C (test for errors, line 43)
FAIL: g++.dg/template/ptrmem7.C (test for excess errors)
XPASS: g++.dg/warn/Wunused-2.C (test for warnings, line 5)
WARNING: g++.old-deja/g++.mike/p10769a.C compilation failed to produce executable
WARNING: g++.old-deja/g++.other/enum5.C compilation failed to produce executable
XPASS: g++.old-deja/g++.other/init5.C execution test
WARNING: g++.old-deja/g++.pt/friend44.C compilation failed to produce executable
=== g++ Summary for unix ===
# of expected passes 9105
# of unexpected failures 12
# of unexpected successes 3
# of expected failures 58
# of unsupported tests 59
=== g++ Summary ===
# of expected passes 18209
# of unexpected failures 25
# of unexpected successes 6
# of expected failures 116
# of unsupported tests 118
/builds/gcc/misc/gcc/testsuite/../g++ version 3.4 20031130 (experimental)
=== g77 tests ===
Running target unix/-m32
=== g77 Summary for unix/-m32 ===
# of expected passes 1752
# of expected failures 1
# of untested testcases 1
# of unsupported tests 6
Running target unix
FAIL: g77.f-torture/execute/19990826-2.f compilation, -O1
FAIL: g77.f-torture/execute/19990826-2.f compilation, -O2
FAIL: g77.f-torture/execute/19990826-2.f compilation, -O3 -fomit-frame-pointer
FAIL: g77.f-torture/execute/19990826-2.f compilation, -O3 -g
FAIL: g77.f-torture/execute/19990826-2.f compilation, -Os
FAIL: g77.f-torture/execute/20010116.f compilation, -O1
FAIL: g77.f-torture/execute/20010116.f compilation, -O2
FAIL: g77.f-torture/execute/20010116.f compilation, -O3 -fomit-frame-pointer
FAIL: g77.f-torture/execute/20010116.f compilation, -O3 -fomit-frame-pointer -funroll-loops
FAIL: g77.f-torture/execute/20010116.f compilation, -O3 -fomit-frame-pointer -funroll-all-loops -finline-functions
FAIL: g77.f-torture/execute/20010116.f compilation, -O3 -g
FAIL: g77.f-torture/execute/20010116.f compilation, -Os
=== g77 Summary for unix ===
# of expected passes 1728
# of unexpected failures 12
# of expected failures 1
# of untested testcases 13
# of unsupported tests 6
=== g77 Summary ===
# of expected passes 3480
# of unexpected failures 12
# of expected failures 2
# of untested testcases 14
# of unsupported tests 12
/builds/gcc/misc/gcc/testsuite/../g77 version 3.4 20031130 (experimental)
=== gcc tests ===
Running target unix/-m32
FAIL: gcc.c-torture/execute/loop-2e.c execution, -Os
FAIL: gcc.c-torture/execute/va-arg-25.c execution, -O0
FAIL: gcc.c-torture/execute/va-arg-25.c execution, -O1
FAIL: gcc.c-torture/execute/va-arg-25.c execution, -O2
FAIL: gcc.c-torture/execute/va-arg-25.c execution, -O3 -fomit-frame-pointer
FAIL: gcc.c-torture/execute/va-arg-25.c execution, -O3 -g
FAIL: gcc.c-torture/execute/va-arg-25.c execution, -Os
UNRESOLVED: gcc.c-torture/execute/wchar_t-1.c execution, -O0
UNRESOLVED: gcc.c-torture/execute/wchar_t-1.c execution, -O1
UNRESOLVED: gcc.c-torture/execute/wchar_t-1.c execution, -O2
UNRESOLVED: gcc.c-torture/execute/wchar_t-1.c execution, -O3 -fomit-frame-pointer
UNRESOLVED: gcc.c-torture/execute/wchar_t-1.c execution, -O3 -g
UNRESOLVED: gcc.c-torture/execute/wchar_t-1.c execution, -Os
FAIL: gcc.c-torture/execute/ieee/20010114-2.c execution, -O1
FAIL: gcc.c-torture/execute/ieee/20010114-2.c execution, -O2
FAIL: gcc.c-torture/execute/ieee/20010114-2.c execution, -Os
FAIL: gcc.c-torture/execute/ieee/20030331-1.c execution, -O1
FAIL: gcc.c-torture/execute/ieee/20030331-1.c execution, -O2
FAIL: gcc.c-torture/execute/ieee/20030331-1.c execution, -O3 -fomit-frame-pointer
FAIL: gcc.c-torture/execute/ieee/20030331-1.c execution, -O3 -g
FAIL: gcc.c-torture/execute/ieee/20030331-1.c execution, -Os
FAIL: gcc.c-torture/execute/ieee/980619-1.c execution, -O1
FAIL: gcc.c-torture/execute/ieee/980619-1.c execution, -O2
FAIL: gcc.c-torture/execute/ieee/980619-1.c execution, -O3 -fomit-frame-pointer
FAIL: gcc.c-torture/execute/ieee/980619-1.c execution, -O3 -fomit-frame-pointer -funroll-loops
FAIL: gcc.c-torture/execute/ieee/980619-1.c execution, -O3 -fomit-frame-pointer -funroll-all-loops -finline-functions
FAIL: gcc.c-torture/execute/ieee/980619-1.c execution, -O3 -g
FAIL: gcc.c-torture/execute/ieee/980619-1.c execution, -Os
FAIL: gcc.dg/compat/vector-1 c_compat_x_alt.o compile
FAIL: gcc.dg/compat/vector-1 c_compat_y_alt.o compile
UNRESOLVED: gcc.dg/compat/vector-1 c_compat_x_tst.o-c_compat_y_alt.o link
UNRESOLVED: gcc.dg/compat/vector-1 c_compat_x_tst.o-c_compat_y_alt.o execute
UNRESOLVED: gcc.dg/compat/vector-1 c_compat_x_alt.o-c_compat_y_tst.o link
UNRESOLVED: gcc.dg/compat/vector-1 c_compat_x_alt.o-c_compat_y_tst.o execute
UNRESOLVED: gcc.dg/compat/vector-1 c_compat_x_alt.o-c_compat_y_alt.o link
UNRESOLVED: gcc.dg/compat/vector-1 c_compat_x_alt.o-c_compat_y_alt.o execute
FAIL: gcc.dg/compat/vector-2 c_compat_x_alt.o compile
FAIL: gcc.dg/compat/vector-2 c_compat_y_alt.o compile
UNRESOLVED: gcc.dg/compat/vector-2 c_compat_x_tst.o-c_compat_y_alt.o link
UNRESOLVED: gcc.dg/compat/vector-2 c_compat_x_tst.o-c_compat_y_alt.o execute
UNRESOLVED: gcc.dg/compat/vector-2 c_compat_x_alt.o-c_compat_y_tst.o link
UNRESOLVED: gcc.dg/compat/vector-2 c_compat_x_alt.o-c_compat_y_tst.o execute
UNRESOLVED: gcc.dg/compat/vector-2 c_compat_x_alt.o-c_compat_y_alt.o link
UNRESOLVED: gcc.dg/compat/vector-2 c_compat_x_alt.o-c_compat_y_alt.o execute
XPASS: gcc.dg/cpp/cmdlne-dI-M.c scan-file (^|\\n)cmdlne-dI-M.*:[^\\n]*cmdlne-dI-M.c
XPASS: gcc.dg/cpp/cmdlne-dM-M.c scan-file (^|\\n)cmdlne-dM-M[^\\n]*:[^\\n]*cmdlne-dM-M.c
FAIL: linkage.c
=== gcc Summary for unix/-m32 ===
# of expected passes 24029
# of unexpected failures 27
# of unexpected successes 2
# of expected failures 76
# of unresolved testcases 18
# of untested testcases 7
# of unsupported tests 244
Running target unix
FAIL: gcc.c-torture/compile/simd-3.c (test for excess errors)
UNRESOLVED: gcc.c-torture/execute/wchar_t-1.c execution, -O0
UNRESOLVED: gcc.c-torture/execute/wchar_t-1.c execution, -O1
UNRESOLVED: gcc.c-torture/execute/wchar_t-1.c execution, -O2
UNRESOLVED: gcc.c-torture/execute/wchar_t-1.c execution, -O3 -fomit-frame-pointer
UNRESOLVED: gcc.c-torture/execute/wchar_t-1.c execution, -O3 -g
UNRESOLVED: gcc.c-torture/execute/wchar_t-1.c execution, -Os
FAIL: gcc.dg/compat/vector-1 c_compat_x_alt.o compile
FAIL: gcc.dg/compat/vector-1 c_compat_y_alt.o compile
FAIL: gcc.dg/compat/vector-1 c_compat_x_tst.o compile
FAIL: gcc.dg/compat/vector-1 c_compat_y_tst.o compile
UNRESOLVED: gcc.dg/compat/vector-1 c_compat_x_tst.o-c_compat_y_tst.o link
UNRESOLVED: gcc.dg/compat/vector-1 c_compat_x_tst.o-c_compat_y_tst.o execute
UNRESOLVED: gcc.dg/compat/vector-1 c_compat_x_tst.o-c_compat_y_alt.o link
UNRESOLVED: gcc.dg/compat/vector-1 c_compat_x_tst.o-c_compat_y_alt.o execute
UNRESOLVED: gcc.dg/compat/vector-1 c_compat_x_alt.o-c_compat_y_tst.o link
UNRESOLVED: gcc.dg/compat/vector-1 c_compat_x_alt.o-c_compat_y_tst.o execute
UNRESOLVED: gcc.dg/compat/vector-1 c_compat_x_alt.o-c_compat_y_alt.o link
UNRESOLVED: gcc.dg/compat/vector-1 c_compat_x_alt.o-c_compat_y_alt.o execute
FAIL: gcc.dg/compat/vector-2 c_compat_x_alt.o compile
FAIL: gcc.dg/compat/vector-2 c_compat_y_alt.o compile
FAIL: gcc.dg/compat/vector-2 c_compat_x_tst.o compile
FAIL: gcc.dg/compat/vector-2 c_compat_y_tst.o compile
UNRESOLVED: gcc.dg/compat/vector-2 c_compat_x_tst.o-c_compat_y_tst.o link
UNRESOLVED: gcc.dg/compat/vector-2 c_compat_x_tst.o-c_compat_y_tst.o execute
UNRESOLVED: gcc.dg/compat/vector-2 c_compat_x_tst.o-c_compat_y_alt.o link
UNRESOLVED: gcc.dg/compat/vector-2 c_compat_x_tst.o-c_compat_y_alt.o execute
UNRESOLVED: gcc.dg/compat/vector-2 c_compat_x_alt.o-c_compat_y_tst.o link
UNRESOLVED: gcc.dg/compat/vector-2 c_compat_x_alt.o-c_compat_y_tst.o execute
UNRESOLVED: gcc.dg/compat/vector-2 c_compat_x_alt.o-c_compat_y_alt.o link
UNRESOLVED: gcc.dg/compat/vector-2 c_compat_x_alt.o-c_compat_y_alt.o execute
XPASS: gcc.dg/cpp/cmdlne-dI-M.c scan-file (^|\\n)cmdlne-dI-M.*:[^\\n]*cmdlne-dI-M.c
XPASS: gcc.dg/cpp/cmdlne-dM-M.c scan-file (^|\\n)cmdlne-dM-M[^\\n]*:[^\\n]*cmdlne-dM-M.c
FAIL: gcc.dg/20020103-1.c scan-assembler-not LC
FAIL: gcc.dg/i386-local.c scan-assembler magic[^\\n]*eax
FAIL: gcc.dg/i386-sse-2.c (test for excess errors)
WARNING: program timed out.
FAIL: gcc.misc-tests/gcov-9.c execution test
WARNING: program timed out.
FAIL: linkage.c
WARNING: program timed out.
FAIL: gcc.misc-tests/mg.c
=== gcc Summary for unix ===
# of expected passes 24037
# of unexpected failures 15
# of unexpected successes 2
# of expected failures 76
# of unresolved testcases 22
# of untested testcases 7
# of unsupported tests 244
=== gcc Summary ===
# of expected passes 48066
# of unexpected failures 42
# of unexpected successes 4
# of expected failures 152
# of unresolved testcases 40
# of untested testcases 14
# of unsupported tests 488
WARNING: program timed out.
=== objc tests ===
Running target unix/-m32
=== objc Summary for unix/-m32 ===
# of expected passes 1337
# of unsupported tests 7
Running target unix
FAIL: objc.dg/call-super-2.m (test for excess errors)
FAIL: objc.dg/desig-init-1.m (test for excess errors)
FAIL: objc.dg/encode-2.m execution test
FAIL: objc.dg/encode-3.m execution test
FAIL: objc.dg/proto-qual-1.m execution test
=== objc Summary for unix ===
# of expected passes 1332
# of unexpected failures 5
# of unsupported tests 7
=== objc Summary ===
# of expected passes 2669
# of unexpected failures 5
# of unsupported tests 14
/builds/gcc/misc/gcc/xgcc version 3.4 20031130 (experimental)
=== treelang tests ===
Running target unix/-m32
=== treelang Summary for unix/-m32 ===
# of expected passes 1
Running target unix
=== treelang Summary for unix ===
=== treelang Summary ===
# of expected passes 1
=== libffi tests ===
Running target unix/-m32
FAIL: libffi.call/cls_1_1byte.c output pattern test, is 12 178: 190
FAIL: libffi.call/cls_2byte.c output pattern test, is 12 127 1 13: 13 140
FAIL: libffi.call/cls_3_1byte.c output pattern test, is 12 13 14 178 179 180: 190 192 194
FAIL: libffi.call/cls_5byte.c output pattern test, is 127 120 1 128 9 80: 255 129 81
FAIL: libffi.call/cls_6byte.c output pattern test, is 127 120 1 128 128 32521 80 80: 255 32641 81 208
=== libffi Summary for unix/-m32 ===
# of expected passes 161
# of unexpected failures 5
# of unsupported tests 2
Running target unix
FAIL: libffi.call/cls_12byte.c output pattern test, is 7 4 9 1 5 3: 8 9 12
FAIL: libffi.call/cls_16byte.c output pattern test, is 7 8 9 1 9 3: 8 17 12
FAIL: libffi.call/cls_18byte.c output pattern test, is 1 127 126 3 4 125 124 5: 5 252 250 8
FAIL: libffi.call/cls_19byte.c output pattern test, is 1 127 126 3 120 4 125 124 5 119: 5 252 250 8 239
FAIL: libffi.call/cls_1_1byte.c execution test
FAIL: libffi.call/cls_20byte.c output pattern test, is 1 2 3 4 5 7: 5 7 10
FAIL: libffi.call/cls_20byte1.c output pattern test, is 1 2 3 4 5 7: 5 7 10
FAIL: libffi.call/cls_24byte.c execution test
FAIL: libffi.call/cls_2byte.c output pattern test, is 12 127 1 13: 13 140
FAIL: libffi.call/cls_3_1byte.c output pattern test, is 12 13 14 178 179 180: 190 192 194
FAIL: libffi.call/cls_3byte1.c output pattern test, is 12 119 1 15: 13 134
FAIL: libffi.call/cls_3byte2.c output pattern test, is 15 125 9 19: 24 144
FAIL: libffi.call/cls_4_1byte.c output pattern test, is 12 13 14 15 178 179 180 181: 190 192 194 196
FAIL: libffi.call/cls_4byte.c output pattern test, is 127 120 12 128: 139 248
FAIL: libffi.call/cls_5byte.c output pattern test, is 127 120 1 12 128 9: 139 248 10
FAIL: libffi.call/cls_64byte.c execution test
FAIL: libffi.call/cls_6byte.c output pattern test, is 127 120 1 128 12 128 9 127: 139 248 10 255
FAIL: libffi.call/cls_7byte.c output pattern test, is 127 120 1 254 12 128 9 255: 139 248 10 509
FAIL: libffi.call/cls_8byte.c output pattern test, is 1 2 4 5: 5 7
FAIL: libffi.call/cls_9byte1.c output pattern test, is 7 8 1 9: 8 17
FAIL: libffi.call/cls_9byte2.c output pattern test, is 7 8 1 9: 8 17
FAIL: libffi.call/nested_struct.c execution test
FAIL: libffi.call/nested_struct1.c output pattern test, is 9 2 6 1 2 3 4 5 6 3 1 8 3 2 4: 15 10 13 10 12 13
FAIL: libffi.call/nested_struct2.c output pattern test, is 1 7 12 127 99: 13 233 134
FAIL: libffi.call/nested_struct3.c output pattern test, is 1 7 12 127 99: 13 233 134
FAIL: libffi.call/problem1.c output pattern test, is 1 2 3 1 2 3: 2 4 6
FAIL: libffi.call/pyobjc-tc.c execution test
=== libffi Summary for unix ===
# of expected passes 135
# of unexpected failures 27
# of unsupported tests 2
=== libffi Summary ===
# of expected passes 296
# of unexpected failures 32
# of unsupported tests 4
=== libjava tests ===
Running target unix/-m32
FAIL: linking simple
FAIL: /cvs/gcc/libjava/testsuite/libjava.jar/simple.jar execution - gij test
FAIL: Thread_Interrupt -O3 output - source compiled test
FAIL: Thread_Interrupt -O3 output - bytecode->native test
FAIL: Throw_2 execution - source compiled test
FAIL: Throw_2 execution - gij test
FAIL: Throw_2 execution - bytecode->native test
FAIL: Throw_2 -O3 execution - source compiled test
FAIL: Throw_2 execution - gij test
FAIL: Throw_2 -O3 execution - bytecode->native test
=== libjava Summary for unix/-m32 ===
# of expected passes 3226
# of unexpected failures 10
# of expected failures 11
# of untested testcases 15
Running target unix
FAIL: linking simple
FAIL: /cvs/gcc/libjava/testsuite/libjava.jar/simple.jar execution - gij test
FAIL: Thread_Interrupt output - source compiled test
FAIL: Thread_Interrupt output - bytecode->native test
=== libjava Summary for unix ===
# of expected passes 3238
# of unexpected failures 4
# of expected failures 11
# of untested testcases 9
=== libjava Summary ===
# of expected passes 6464
# of unexpected failures 14
# of expected failures 22
# of untested testcases 24
=== libstdc++-v3 check-abi Summary ===
# of added symbols: 215
# of missing symbols: 224
# of incompatible symbols: 231
=== libstdc++ tests ===
Running target unix/-m32
FAIL: 22_locale/codecvt/in/wchar_t/2.cc execution test
FAIL: 22_locale/codecvt/in/wchar_t/3.cc execution test
FAIL: 22_locale/codecvt/length/wchar_t/2.cc execution test
FAIL: 22_locale/codecvt/length/wchar_t/3.cc execution test
FAIL: 22_locale/codecvt/out/wchar_t/2.cc execution test
FAIL: 22_locale/codecvt/out/wchar_t/3.cc execution test
FAIL: 22_locale/codecvt/unicode/1.cc execution test
FAIL: 22_locale/codecvt/unicode/char.cc execution test
FAIL: 22_locale/ctype/widen/wchar_t/2.cc execution test
FAIL: 22_locale/messages/members/char/1.cc execution test
FAIL: 22_locale/messages/members/char/2.cc execution test
FAIL: 22_locale/messages/members/char/wrapped_env.cc execution test
FAIL: 22_locale/messages_byname/named_equivalence.cc execution test
FAIL: 22_locale/money_get/get/wchar_t/1.cc execution test
FAIL: 22_locale/money_get/get/wchar_t/wrapped_env.cc execution test
FAIL: 22_locale/money_put/put/wchar_t/1.cc execution test
FAIL: 22_locale/money_put/put/wchar_t/3.cc execution test
FAIL: 22_locale/money_put/put/wchar_t/wrapped_env.cc execution test
XPASS: 26_numerics/c99_classification_macros_c.cc (test for excess errors)
FAIL: 27_io/basic_filebuf/underflow/wchar_t/9520.cc execution test
FAIL: 27_io/objects/wchar_t/9520.cc execution test
=== libstdc++ Summary for unix/-m32 ===
# of expected passes 2390
# of unexpected failures 20
# of unexpected successes 1
# of expected failures 11
Running target unix
FAIL: 22_locale/locale/cons/12438.cc execution test
FAIL: 22_locale/messages/members/char/1.cc execution test
FAIL: 22_locale/messages/members/char/2.cc execution test
FAIL: 22_locale/messages/members/char/wrapped_env.cc execution test
FAIL: 22_locale/messages/members/char/wrapped_locale.cc execution test
FAIL: 22_locale/messages_byname/named_equivalence.cc execution test
XPASS: 26_numerics/c99_classification_macros_c.cc (test for excess errors)
WARNING: program timed out.
FAIL: thread/pthread1.cc execution test
=== libstdc++ Summary for unix ===
# of expected passes 2403
# of unexpected failures 7
# of unexpected successes 1
# of expected failures 11
=== libstdc++ Summary ===
# of expected passes 4793
# of unexpected failures 27
# of unexpected successes 2
# of expected failures 22
Compiler version: 3.4 20031130 (experimental)
Platform: x86_64-suse-linux-gnu
configure flags: --prefix=/opt/gcc/3.4-devel --disable-nls --enable-threads=posix --enable-clocale=gnu --enable-__cxa_atexit --enable-shared --enable-languages=c,c++,ada,treelang,java,f77,objc --with-system-zlib x86_64-suse-linux-gnu