This is the mail archive of the
gcc-testresults@gcc.gnu.org
mailing list for the GCC project.
Results for 3.3.3 20031121 (prerelease) testsuite on powerpc-apple-darwin7.0.0
- From: Andreas Tobler <toa at pop dot agri dot ch>
- To: gcc-results <gcc-testresults at gcc dot gnu dot org>
- Date: Sat, 22 Nov 2003 20:44:58 +0100
- Subject: Results for 3.3.3 20031121 (prerelease) testsuite on powerpc-apple-darwin7.0.0
LAST_UPDATED: Fri Nov 21 15:43:01 UTC 2003
Native configuration is powerpc-apple-darwin7.0.0
=== g++ tests ===
Running target unix
XPASS: g++.dg/other/packed1.C execution test
FAIL: g++.dg/template/inline1.C scan-assembler-not _ZN1X3FooIiEEvT_:
FAIL: g++.dg/warn/weak1.C (test for excess errors)
FAIL: g++.dg/special/conpr-3.C conpr-3a.o conpr-3b.o execution test
XPASS: g++.eh/badalloc1.C Execution test
FAIL: g++.ext/attrib5.C (test for excess errors)
FAIL: g++.other/comdat3.C (test for excess errors)
FAIL: g++.other/mangle3.C (test for excess errors)
FAIL: g++.pt/static3.C (test for excess errors)
FAIL: g++.pt/static6.C (test for excess errors)
=== g++ Summary ===
# of expected passes 7964
# of unexpected failures 8
# of unexpected successes 2
# of expected failures 99
# of untested testcases 23
# of unsupported tests 29
/Volumes/xufs/gcc-branch-test/objdir/gcc/testsuite/../g++ version 3.3.3 20031121 (prerelease)
=== gcc tests ===
Running target unix
FAIL: gcc.c-torture/execute/pure-1.c compilation, -O1
UNRESOLVED: gcc.c-torture/execute/pure-1.c execution, -O1
FAIL: gcc.c-torture/execute/pure-1.c compilation, -O2
UNRESOLVED: gcc.c-torture/execute/pure-1.c execution, -O2
FAIL: gcc.c-torture/execute/pure-1.c compilation, -Os
UNRESOLVED: gcc.c-torture/execute/pure-1.c execution, -Os
FAIL: gcc.dg/duff-2.c (test for excess errors)
FAIL: gcc.dg/struct-by-value-1.c (test for excess errors)
WARNING: gcc.dg/struct-by-value-1.c compilation failed to produce executable
UNRESOLVED: weak-1.c
UNRESOLVED: weak-2.c
UNRESOLVED: wkali-1.c
UNRESOLVED: wkali-2.c
UNRESOLVED: gcc.dg/weak
=== gcc Summary ===
# of expected passes 20738
# of unexpected failures 5
# of expected failures 67
# of unresolved testcases 8
# of unsupported tests 168
/Volumes/xufs/gcc-branch-test/objdir/gcc/xgcc version 3.3.3 20031121 (prerelease)
=== libjava tests ===
Running target unix
FAIL: calls run
FAIL: cxxtest.c compilation
FAIL: field run
FAIL: final_method run
FAIL: findclass run
FAIL: invoke run
FAIL: martin run
FAIL: noclass run
FAIL: overload run
FAIL: register run
FAIL: simple_int run
FAIL: throwit run
FAIL: virtual run
FAIL: Throw_2 execution - source compiled test
FAIL: Throw_2 execution - gij test
FAIL: Throw_2 execution - bytecode->native test
FAIL: Throw_2 -O execution - source compiled test
FAIL: Throw_2 execution - gij test
FAIL: Throw_2 -O execution - bytecode->native test
=== libjava Summary ===
# of expected passes 2844
# of unexpected failures 19
# of expected failures 16
# of untested testcases 150
=== libstdc++-v3 tests ===
Running target unix
XPASS: 22_locale/ctype_is_wchar_t.cc execution test
FAIL: 26_numerics/c99_classification_macros_c.cc (test for excess errors)
FAIL: 27_io/filebuf_members.cc execution test
FAIL: ext/concept_checks.cc (test for excess errors)
WARNING: ext/concept_checks.cc compilation failed to produce executable
=== libstdc++-v3 Summary ===
# of expected passes 450
# of unexpected failures 3
# of unexpected successes 1
# of expected failures 26
Compiler version: 3.3.3 20031121 (prerelease)
Platform: powerpc-apple-darwin7.0.0
configure flags: --host=powerpc-apple-darwin7.0.0 --prefix=/Volumes/xufs/gcc-branch-test/testbin --enable-languages=c,c++,java --enable-libgcj