This is the mail archive of the
gcc-testresults@gcc.gnu.org
mailing list for the GCC project.
Results for 3.4 20031116 (experimental) testsuite on powerpc-unknown-linux-gnu
- From: Matthias Klose <doko at auric dot debian dot org>
- To: gcc-testresults at gcc dot gnu dot org
- Cc: debian-gcc at lists dot debian dot org
- Date: Mon, 17 Nov 2003 17:54:36 -0500
- Subject: Results for 3.4 20031116 (experimental) testsuite on powerpc-unknown-linux-gnu
- Reply-to: Matthias Klose <doko at debian dot org>
LAST_UPDATED: Sun Nov 16 11:24:54 UTC 2003
Native configuration is powerpc-unknown-linux-gnu
=== g++ tests ===
Running target unix
XPASS: g++.dg/ext/lvalue1.C not an lvalue (test for errors, line 7)
FAIL: g++.dg/lookup/using9.C (test for errors, line 7)
FAIL: g++.dg/lookup/using9.C (test for errors, line 8)
FAIL: g++.dg/lookup/using9.C (test for errors, line 12)
FAIL: g++.dg/lookup/using9.C (test for errors, line 13)
FAIL: g++.dg/lookup/using9.C (test for errors, line 14)
FAIL: g++.dg/lookup/using9.C (test for errors, line 22)
FAIL: g++.dg/lookup/using9.C (test for errors, line 23)
FAIL: g++.dg/lookup/using9.C (test for excess errors)
XPASS: g++.dg/other/packed1.C execution test
FAIL: g++.dg/template/ptrmem7.C (test for errors, line 38)
FAIL: g++.dg/template/ptrmem7.C (test for errors, line 39)
FAIL: g++.dg/template/ptrmem7.C (test for errors, line 43)
FAIL: g++.dg/template/ptrmem7.C (test for excess errors)
XPASS: g++.dg/warn/Wunused-2.C (test for warnings, line 5)
WARNING: g++.old-deja/g++.mike/p10769a.C compilation failed to produce executable
WARNING: g++.old-deja/g++.other/enum5.C compilation failed to produce executable
XPASS: g++.old-deja/g++.other/init5.C execution test
WARNING: g++.old-deja/g++.pt/friend44.C compilation failed to produce executable
=== g++ Summary ===
# of expected passes 9055
# of unexpected failures 12
# of unexpected successes 4
# of expected failures 59
# of unsupported tests 61
/build/buildd/gcc-snapshot-20031116/build/gcc/testsuite/../g++ version 3.4 20031116 (experimental)
=== g77 tests ===
Running target unix
FAIL: g77.f-torture/execute/labug1.f compilation, -O3 -fomit-frame-pointer
FAIL: g77.f-torture/execute/labug1.f compilation, -O3 -fomit-frame-pointer -funroll-loops
FAIL: g77.f-torture/execute/labug1.f compilation, -O3 -fomit-frame-pointer -funroll-all-loops -finline-functions
FAIL: g77.f-torture/execute/labug1.f compilation, -O3 -g
=== g77 Summary ===
# of expected passes 1744
# of unexpected failures 4
# of expected failures 1
# of untested testcases 5
# of unsupported tests 6
/build/buildd/gcc-snapshot-20031116/build/gcc/testsuite/../g77 version 3.4 20031116 (experimental)
=== gcc tests ===
Running target unix
FAIL: gcc.c-torture/execute/20030125-1.c execution, -O1
FAIL: gcc.c-torture/execute/20030125-1.c execution, -O2
FAIL: gcc.c-torture/execute/20030125-1.c execution, -O3 -fomit-frame-pointer
FAIL: gcc.c-torture/execute/20030125-1.c execution, -O3 -g
FAIL: gcc.c-torture/execute/20030125-1.c execution, -Os
FAIL: gcc.c-torture/execute/va-arg-25.c execution, -O0
FAIL: gcc.c-torture/execute/va-arg-25.c execution, -O1
FAIL: gcc.c-torture/execute/va-arg-25.c execution, -O2
FAIL: gcc.c-torture/execute/va-arg-25.c execution, -O3 -fomit-frame-pointer
FAIL: gcc.c-torture/execute/va-arg-25.c execution, -O3 -g
FAIL: gcc.c-torture/execute/va-arg-25.c execution, -Os
UNRESOLVED: gcc.c-torture/execute/wchar_t-1.c execution, -O0
UNRESOLVED: gcc.c-torture/execute/wchar_t-1.c execution, -O1
UNRESOLVED: gcc.c-torture/execute/wchar_t-1.c execution, -O2
UNRESOLVED: gcc.c-torture/execute/wchar_t-1.c execution, -O3 -fomit-frame-pointer
UNRESOLVED: gcc.c-torture/execute/wchar_t-1.c execution, -O3 -g
UNRESOLVED: gcc.c-torture/execute/wchar_t-1.c execution, -Os
FAIL: gcc.dg/compat/scalar-by-value-3 c_compat_x_tst.o-c_compat_y_tst.o execute
FAIL: gcc.dg/compat/scalar-return-3 c_compat_x_tst.o-c_compat_y_tst.o execute
FAIL: gcc.dg/20031111-1.c (test for errors, line 8)
FAIL: gcc.dg/20031111-1.c (test for errors, line 12)
FAIL: gcc.dg/altivec-5.c (test for excess errors)
FAIL: gcc.dg/attr-invalid.c (test for excess errors)
FAIL: gcc.dg/builtins-18.c (test for excess errors)
FAIL: gcc.dg/builtins-20.c (test for excess errors)
FAIL: gcc.dg/complex-1.c execution test
FAIL: gcc.dg/ppc-sdata-1.c scan-assembler sdat@sdarel\\(13\\)
FAIL: gcc.dg/ppc-sdata-1.c scan-assembler sdat2@sda21\\(2\\)
=== gcc Summary ===
# of expected passes 24338
# of unexpected failures 22
# of expected failures 78
# of unresolved testcases 6
# of untested testcases 7
# of unsupported tests 256
/build/buildd/gcc-snapshot-20031116/build/gcc/xgcc version 3.4 20031116 (experimental)
=== objc tests ===
Running target unix
FAIL: objc.dg/encode-2.m execution test
FAIL: objc.dg/encode-3.m execution test
FAIL: objc.dg/encode-4.m execution test
=== objc Summary ===
# of expected passes 1334
# of unexpected failures 3
# of unsupported tests 7
/build/buildd/gcc-snapshot-20031116/build/gcc/xgcc version 3.4 20031116 (experimental)
=== treelang tests ===
Running target unix
=== treelang Summary ===
# of expected passes 1
=== libffi tests ===
Running target unix
=== libffi Summary ===
# of expected passes 164
# of unsupported tests 2
=== libjava tests ===
Running target unix
FAIL: linking simple
FAIL: /build/buildd/gcc-snapshot-20031116/src/libjava/testsuite/libjava.jar/simple.jar execution - gij test
FAIL: bytecompile /build/buildd/gcc-snapshot-20031116/src/libjava/testsuite/libjava.jni/calls.java
FAIL: bytecompile /build/buildd/gcc-snapshot-20031116/src/libjava/testsuite/libjava.jni/cxxtest.java
FAIL: bytecompile /build/buildd/gcc-snapshot-20031116/src/libjava/testsuite/libjava.jni/field.java
FAIL: bytecompile /build/buildd/gcc-snapshot-20031116/src/libjava/testsuite/libjava.jni/final_method.java
FAIL: bytecompile /build/buildd/gcc-snapshot-20031116/src/libjava/testsuite/libjava.jni/findclass.java
FAIL: bytecompile /build/buildd/gcc-snapshot-20031116/src/libjava/testsuite/libjava.jni/invoke.java
FAIL: bytecompile /build/buildd/gcc-snapshot-20031116/src/libjava/testsuite/libjava.jni/jniutf.java
FAIL: bytecompile /build/buildd/gcc-snapshot-20031116/src/libjava/testsuite/libjava.jni/martin.java
FAIL: bytecompile /build/buildd/gcc-snapshot-20031116/src/libjava/testsuite/libjava.jni/noclass.java
FAIL: bytecompile /build/buildd/gcc-snapshot-20031116/src/libjava/testsuite/libjava.jni/overload.java
FAIL: bytecompile /build/buildd/gcc-snapshot-20031116/src/libjava/testsuite/libjava.jni/pr11951.java
FAIL: bytecompile /build/buildd/gcc-snapshot-20031116/src/libjava/testsuite/libjava.jni/register.java
FAIL: bytecompile /build/buildd/gcc-snapshot-20031116/src/libjava/testsuite/libjava.jni/simple_int.java
FAIL: bytecompile /build/buildd/gcc-snapshot-20031116/src/libjava/testsuite/libjava.jni/throwit.java
FAIL: bytecompile /build/buildd/gcc-snapshot-20031116/src/libjava/testsuite/libjava.jni/virtual.java
FAIL: Array_3 -O3 execution - source compiled test
=== libjava Summary ===
# of expected passes 3157
# of unexpected failures 18
# of expected failures 11
# of untested testcases 10
=== libstdc++ tests ===
Running target unix
XPASS: 26_numerics/c99_classification_macros_c.cc (test for excess errors)
=== libstdc++ Summary ===
# of expected passes 2349
# of unexpected successes 1
# of expected failures 11
Compiler version: 3.4 20031116 (experimental)
Platform: powerpc-unknown-linux-gnu
configure flags: -v --enable-languages=c,c++,java,f77,objc,ada,treelang --prefix=/usr/lib/gcc-snapshot --enable-shared --with-system-zlib --enable-nls --without-included-gettext --enable-__cxa_atexit --enable-clocale=gnu --enable-libstdcxx-debug --enable-java-gc=boehm --enable-java-awt=xlib,gtk --with-cpp-install-dir=bin --disable-multilib --disable-werror powerpc-linux
BOOT_CFLAGS=-O2
Build Dependencies:
Desired=Unknown/Install/Remove/Purge/Hold
| Status=Not/Installed/Config-files/Unpacked/Failed-config/Half-installed
|/ Err?=(none)/Hold/Reinst-required/X=both-problems (Status,Err: uppercase=bad)
||/ Name Version Description
+++-==============-==============-============================================
ii binutils 2.14.90.0.7-2 The GNU assembler, linker and binary utiliti
ii libc6-dev 2.3.2.ds1-10 GNU C Library: Development Libraries and Hea
Patches that Debian applied in this version:
test-summary:
add libstdc++-v3's abi baseline to the test summary