This is the mail archive of the
gcc-testresults@gcc.gnu.org
mailing list for the GCC project.
Results for 3.3.3 20031110 (prerelease) testsuite on i686-suse-linux-gnu
- From: Andreas Jaeger <aj at suse dot de>
- To: gcc-testresults at gcc dot gnu dot org
- Date: Mon, 10 Nov 2003 17:03:44 UT
- Subject: Results for 3.3.3 20031110 (prerelease) testsuite on i686-suse-linux-gnu
Bootstrap and regtesting on i686-suse-linux-gnu.
CVS sources: branch: 3.3 release branch.
LAST_UPDATED: Mon Nov 10 13:12:37 UTC 2003
Native configuration is i686-suse-linux-gnu
=== g++ tests ===
Running target unix
XPASS: g++.other/init5.C Execution test
=== g++ Summary ===
# of expected passes 8162
# of unexpected successes 1
# of expected failures 94
# of untested testcases 9
# of unsupported tests 14
/builds/gcc/misc/gcc/testsuite/../g++ version 3.3.3 20031110 (prerelease)
=== g77 tests ===
Running target unix
=== g77 Summary ===
# of expected passes 1702
/builds/gcc/misc/gcc/testsuite/../g77 version 3.3.3 20031110 (prerelease)
=== gcc tests ===
Running target unix
FAIL: gcc.dg/duff-2.c (test for excess errors)
FAIL: gcc.dg/typespec-1.c unsigned long long int double (test for errors, line 934)
FAIL: gcc.dg/typespec-1.c unsigned long long int signed (test for errors, line 935)
FAIL: gcc.dg/typespec-1.c unsigned long long int unsigned (test for errors, line 936)
FAIL: gcc.dg/typespec-1.c unsigned long long int _Bool (test for errors, line 937)
FAIL: gcc.dg/typespec-1.c (test for excess errors)
FAIL: gcc.dg/format/c99-printf-1.c %hhn plain char (test for warnings, line 195)
FAIL: gcc.dg/format/c99-printf-1.c %hhn unsigned char (test for warnings, line 196)
FAIL: gcc.dg/format/c99-printf-1.c %hhn plain char (test for warnings, line 195)
FAIL: gcc.dg/format/c99-printf-1.c %hhn unsigned char (test for warnings, line 196)
=== gcc Summary ===
# of expected passes 21225
# of unexpected failures 10
# of expected failures 69
# of unsupported tests 90
/builds/gcc/misc/gcc/xgcc version 3.3.3 20031110 (prerelease)
=== objc tests ===
Running target unix
=== objc Summary ===
# of expected passes 1153
/builds/gcc/misc/gcc/xgcc version 3.3.3 20031110 (prerelease)
=== treelang tests ===
Running target unix
=== treelang Summary ===
# of expected passes 1
=== libjava tests ===
Running target unix
WARNING: program timed out.
FAIL: SyncTest execution - gij test
WARNING: program timed out.
FAIL: SyncTest execution - gij test
=== libjava Summary ===
# of expected passes 2987
# of unexpected failures 2
# of expected failures 16
# of untested testcases 14
=== libstdc++-v3 tests ===
Running target unix
XPASS: 22_locale/collate_byname.cc execution test
XPASS: 22_locale/collate_members_char.cc execution test
XPASS: 22_locale/collate_members_wchar_t.cc execution test
XPASS: 22_locale/ctype_is_char.cc execution test
XPASS: 22_locale/ctype_is_wchar_t.cc execution test
XPASS: 22_locale/members.cc execution test
XPASS: 22_locale/money_get_members_char.cc execution test
XPASS: 22_locale/money_get_members_wchar_t.cc execution test
XPASS: 22_locale/money_put_members_char.cc execution test
XPASS: 22_locale/money_put_members_wchar_t.cc execution test
XPASS: 22_locale/moneypunct_byname.cc execution test
XPASS: 22_locale/moneypunct_members_char.cc execution test
XPASS: 22_locale/moneypunct_members_wchar_t.cc execution test
XPASS: 22_locale/num_get_members_char.cc execution test
XPASS: 22_locale/num_get_members_wchar_t.cc execution test
XPASS: 22_locale/num_put_members_char.cc execution test
XPASS: 22_locale/num_put_members_wchar_t.cc execution test
XPASS: 22_locale/numpunct_byname.cc execution test
XPASS: 22_locale/numpunct_members_char.cc execution test
XPASS: 22_locale/numpunct_members_wchar_t.cc execution test
XPASS: 22_locale/time_get_members_char.cc execution test
XPASS: 22_locale/time_get_members_wchar_t.cc execution test
XPASS: 22_locale/time_put_members_char.cc execution test
XPASS: 22_locale/time_put_members_wchar_t.cc execution test
=== libstdc++-v3 Summary ===
# of expected passes 453
# of unexpected successes 24
# of expected failures 4
Compiler version: 3.3.3 20031110 (prerelease)
Platform: i686-suse-linux-gnu
configure flags: --host=i686-suse-linux-gnu --prefix=/opt/gcc/3.3-devel --disable-nls --enable-threads=posix --enable-clocale=gnu --enable-__cxa_atexit --enable-shared --enable-languages=c,c++,ada,treelang,java,f77,objc --with-system-zlib