This is the mail archive of the
gcc-testresults@gcc.gnu.org
mailing list for the GCC project.
Results for 3.3.2 testsuite on sparc-sun-solaris2.5.1
- From: Hugh Sasse Staff Elec Eng <hgs at dmu dot ac dot uk>
- To: gcc-testresults at gcc dot gnu dot org
- Date: Mon, 10 Nov 2003 11:56:38 +0000
- Subject: Results for 3.3.2 testsuite on sparc-sun-solaris2.5.1
Built as follows:
#!/bin/ksh
CC=gcc
export CC
CXX=g++
export CXX
ASOPT="--with-as=/usr/local/bin/as"
LDOPT="--with-ld=/usr/local/bin/ld"
LANGOPT="--enable-languages=c,c++,f77,java,objc"
../gcc-3.3.2/configure \$ASOPT \$LDOPT \$LANGOPTS --disable-nls && \\
gmake --jobs=2 bootstrap-lean
Tested as follows:
#!/bin/ksh
CC=gcc
export CC
CXX=g++
export CXX
TCL_LIBRARY=/usr/local/share/tcl8.0
export TCL_LIBRARY
DEJAGNULIBS=/usr/local/share/dejagnu
export DEJAGNULIBS
COMMENTS=my_commentry.txt
export COMMENTS
gmake -k check
echo Built as follows: > \$COMMENTS
cat ../build-gcc.ksh >> \$COMMENTS
echo Tested as follows: >> \$COMMENTS
cat ../test-gcc.ksh >> \$COMMENTS
echo Test Summary as follows: >> \$COMMENTS
cat ../build-gcc.ksh ../test-gcc.ksh >> my_commentry.txt
/apps/hgs/gcc-3.3.2/contrib/test_summary -p my_commentry.txt \\
-m gcc-testresults@gcc.gnu.org > my-gcc-report.sh
Test Summary as follows:
#!/bin/ksh
CC=gcc
export CC
CXX=g++
export CXX
ASOPT="--with-as=/usr/local/bin/as"
LDOPT="--with-ld=/usr/local/bin/ld"
LANGOPT="--enable-languages=c,c++,f77,java,objc"
../gcc-3.3.2/configure \$ASOPT \$LDOPT \$LANGOPTS --disable-nls && \\
gmake --jobs=2 bootstrap-lean
#!/bin/ksh
CC=gcc
export CC
CXX=g++
export CXX
TCL_LIBRARY=/usr/local/share/tcl8.0
export TCL_LIBRARY
DEJAGNULIBS=/usr/local/share/dejagnu
export DEJAGNULIBS
COMMENTS=my_commentry.txt
export COMMENTS
gmake -k check
echo Built as follows: > \$COMMENTS
cat ../build-gcc.ksh >> \$COMMENTS
echo Tested as follows: >> \$COMMENTS
cat ../test-gcc.ksh >> \$COMMENTS
echo Test Summary as follows: >> \$COMMENTS
cat ../build-gcc.ksh ../test-gcc.ksh >> my_commentry.txt
/apps/hgs/gcc-3.3.2/contrib/test_summary -p my_commentry.txt \\
-m gcc-testresults@gcc.gnu.org > my-gcc-report.sh
LAST_UPDATED:
Native configuration is sparc-sun-solaris2.5.1
=== g++ tests ===
Running target unix
XPASS: g++.dg/special/conpr-2.C execution test
XPASS: g++.dg/special/initp1.C execution test
=== g++ Summary ===
# of expected passes 8087
# of unexpected successes 2
# of expected failures 96
# of untested testcases 21
# of unsupported tests 27
/apps/hgs/gcc-build/gcc/testsuite/../g++ version 3.3.2
=== g77 tests ===
Running target unix
=== g77 Summary ===
# of expected passes 1686
# of unsupported tests 8
/apps/hgs/gcc-build/gcc/testsuite/../g77 version 3.3.2
=== gcc tests ===
Running target unix
WARNING: program timed out.
FAIL: gcc.c-torture/compile/20001226-1.c, -O2
WARNING: program timed out.
FAIL: gcc.c-torture/compile/20001226-1.c, -O3 -fomit-frame-pointer
WARNING: program timed out.
FAIL: gcc.c-torture/compile/20001226-1.c, -O3 -g
WARNING: program timed out.
FAIL: gcc.c-torture/compile/20001226-1.c, -Os
WARNING: gcc.dg/20021014-1.c compilation failed to produce executable
FAIL: gcc.dg/duff-2.c (test for excess errors)
FAIL: gcc.dg/uninit-C.c (test for excess errors)
=== gcc Summary ===
# of expected passes 21405
# of unexpected failures 6
# of expected failures 67
# of unsupported tests 166
/apps/hgs/gcc-build/gcc/xgcc version 3.3.2
=== objc tests ===
Running target unix
=== objc Summary ===
# of expected passes 1153
/apps/hgs/gcc-build/gcc/xgcc version 3.3.2
=== libjava tests ===
Running target unix
FAIL: PR1343 compilation from bytecode
FAIL: PR1343 -O compilation from bytecode
FAIL: PR238 compilation from bytecode
FAIL: PR238 -O compilation from bytecode
FAIL: PR295 compilation from bytecode
FAIL: PR295 -O compilation from bytecode
FAIL: SuperConstr compilation from bytecode
FAIL: SuperConstr -O compilation from bytecode
FAIL: XercesBug compilation from bytecode
FAIL: XercesBug -O compilation from bytecode
FAIL: inner_1 compilation from bytecode
FAIL: inner_1 -O compilation from bytecode
FAIL: inner_data compilation from bytecode
FAIL: inner_data -O compilation from bytecode
FAIL: inner_inherit compilation from bytecode
FAIL: inner_inherit -O compilation from bytecode
FAIL: inner_priv compilation from bytecode
FAIL: inner_priv -O compilation from bytecode
FAIL: inner_pub compilation from bytecode
FAIL: inner_pub -O compilation from bytecode
FAIL: not_a_redef compilation from bytecode
FAIL: not_a_redef -O compilation from bytecode
FAIL: pr172 compilation from bytecode
FAIL: pr172 -O compilation from bytecode
FAIL: pr174 compilation from bytecode
FAIL: pr174 -O compilation from bytecode
FAIL: pr176 compilation from bytecode
FAIL: pr176 -O compilation from bytecode
FAIL: static_2 compilation from bytecode
FAIL: static_2 -O compilation from bytecode
FAIL: static_3 compilation from bytecode
FAIL: static_3 -O compilation from bytecode
FAIL: static_inner compilation from bytecode
FAIL: static_inner -O compilation from bytecode
FAIL: Array_3 execution - gij test
FAIL: Array_3 execution - gij test
FAIL: FileHandleGcTest execution - source compiled test
FAIL: FileHandleGcTest execution - gij test
FAIL: FileHandleGcTest execution - bytecode->native test
FAIL: FileHandleGcTest -O execution - source compiled test
FAIL: FileHandleGcTest execution - gij test
FAIL: FileHandleGcTest -O execution - bytecode->native test
WARNING: program timed out.
FAIL: SyncTest execution - gij test
WARNING: program timed out.
FAIL: SyncTest execution - bytecode->native test
WARNING: program timed out.
FAIL: SyncTest execution - gij test
WARNING: program timed out.
FAIL: SyncTest -O execution - bytecode->native test
FAIL: Thread_Interrupt output - source compiled test
FAIL: Thread_Interrupt output - gij test
FAIL: Thread_Interrupt output - bytecode->native test
FAIL: Thread_Interrupt -O output - source compiled test
FAIL: Thread_Interrupt output - gij test
FAIL: Thread_Interrupt -O output - bytecode->native test
FAIL: Throw_2 execution - source compiled test
FAIL: Throw_2 execution - gij test
FAIL: Throw_2 execution - bytecode->native test
FAIL: Throw_2 -O execution - source compiled test
FAIL: Throw_2 execution - gij test
FAIL: Throw_2 -O execution - bytecode->native test
=== libjava Summary ===
# of expected passes 2915
# of unexpected failures 58
# of expected failures 16
# of untested testcases 30
=== libstdc++-v3 tests ===
Running target unix
FAIL: 22_locale/codecvt_members_char_char.cc (test for excess errors)
WARNING: 22_locale/codecvt_members_char_char.cc compilation failed to produce executable
FAIL: 22_locale/facet.cc (test for excess errors)
WARNING: 22_locale/facet.cc compilation failed to produce executable
FAIL: 22_locale/global_templates.cc (test for excess errors)
WARNING: 22_locale/global_templates.cc compilation failed to produce executable
FAIL: 22_locale/operators.cc (test for excess errors)
WARNING: 22_locale/operators.cc compilation failed to produce executable
FAIL: 22_locale/static_members.cc (test for excess errors)
WARNING: 22_locale/static_members.cc compilation failed to produce executable
FAIL: 23_containers/vector_resize.cc execution test
FAIL: 27_io/filebuf_virtuals.cc (test for excess errors)
WARNING: 27_io/filebuf_virtuals.cc compilation failed to produce executable
FAIL: 27_io/ios_base_storage.cc execution test
FAIL: 27_io/istream_unformatted.cc execution test
FAIL: thread/pthread1.cc (test for excess errors)
WARNING: thread/pthread1.cc compilation failed to produce executable
FAIL: thread/pthread2.cc (test for excess errors)
WARNING: thread/pthread2.cc compilation failed to produce executable
FAIL: thread/pthread3.cc (test for excess errors)
WARNING: thread/pthread3.cc compilation failed to produce executable
FAIL: thread/pthread4.cc (test for excess errors)
WARNING: thread/pthread4.cc compilation failed to produce executable
FAIL: thread/pthread5.cc (test for excess errors)
WARNING: thread/pthread5.cc compilation failed to produce executable
FAIL: thread/pthread6.cc (test for excess errors)
WARNING: thread/pthread6.cc compilation failed to produce executable
=== libstdc++-v3 Summary ===
# of expected passes 402
# of unexpected failures 15
# of expected failures 18
Compiler version: 3.3.2
Platform: sparc-sun-solaris2.5.1
configure flags: --host=sparc-sun-solaris2.5.1 --with-as=/usr/local/bin/as --with-ld=/usr/local/bin/ld --disable-nls