This is the mail archive of the gcc-testresults@gcc.gnu.org mailing list for the GCC project.
Index Nav: | [Date Index] [Subject Index] [Author Index] [Thread Index] | |
---|---|---|
Message Nav: | [Date Prev] [Date Next] | [Thread Prev] [Thread Next] |
Other format: | [Raw text] |
LAST_UPDATED: Native configuration is hppa1.1-unknown-linux-gnu === gcc tests === Running target unix WARNING: program timed out. FAIL: gcc.c-torture/compile/20001226-1.c (test for excess errors) WARNING: program timed out. FAIL: gcc.c-torture/compile/20001226-1.c (test for excess errors) WARNING: program timed out. FAIL: gcc.c-torture/compile/20001226-1.c (test for excess errors) WARNING: program timed out. FAIL: gcc.c-torture/compile/20001226-1.c (test for excess errors) WARNING: program timed out. FAIL: gcc.c-torture/compile/20001226-1.c (test for excess errors) WARNING: program timed out. FAIL: gcc.c-torture/compile/20001226-1.c (test for excess errors) WARNING: program timed out. FAIL: gcc.c-torture/compile/950512-1.c (test for excess errors) WARNING: program timed out. FAIL: gcc.c-torture/compile/950512-1.c (test for excess errors) WARNING: program timed out. FAIL: gcc.c-torture/compile/950512-1.c (test for excess errors) WARNING: program timed out. FAIL: gcc.c-torture/compile/950512-1.c (test for excess errors) WARNING: program timed out. FAIL: gcc.c-torture/compile/950512-1.c (test for excess errors) FAIL: gcc.c-torture/execute/20000603-1.c execution, -O3 -fomit-frame-pointer FAIL: gcc.c-torture/execute/20000603-1.c execution, -O3 -g FAIL: gcc.c-torture/execute/20010403-1.c execution, -O3 -fomit-frame-pointer FAIL: gcc.c-torture/execute/20010403-1.c execution, -O3 -g FAIL: gcc.c-torture/execute/20030307-1.c execution, -O2 FAIL: gcc.c-torture/execute/20030307-1.c execution, -Os XPASS: gcc.c-torture/execute/string-opt-18.c execution, -O0 XPASS: gcc.c-torture/execute/string-opt-18.c execution, -O1 XPASS: gcc.c-torture/execute/string-opt-18.c execution, -O2 XPASS: gcc.c-torture/execute/string-opt-18.c execution, -O3 -fomit-frame-pointer XPASS: gcc.c-torture/execute/string-opt-18.c execution, -O3 -g XPASS: gcc.c-torture/execute/string-opt-18.c execution, -Os FAIL: gcc.c-torture/execute/string-opt-7.c execution, -O1 FAIL: gcc.c-torture/execute/string-opt-7.c execution, -O2 FAIL: gcc.c-torture/execute/string-opt-7.c execution, -O3 -fomit-frame-pointer FAIL: gcc.c-torture/execute/string-opt-7.c execution, -O3 -g FAIL: gcc.c-torture/execute/string-opt-7.c execution, -Os UNRESOLVED: gcc.c-torture/execute/wchar_t-1.c execution, -O0 UNRESOLVED: gcc.c-torture/execute/wchar_t-1.c execution, -O1 UNRESOLVED: gcc.c-torture/execute/wchar_t-1.c execution, -O2 UNRESOLVED: gcc.c-torture/execute/wchar_t-1.c execution, -O3 -fomit-frame-pointer UNRESOLVED: gcc.c-torture/execute/wchar_t-1.c execution, -O3 -g UNRESOLVED: gcc.c-torture/execute/wchar_t-1.c execution, -Os XPASS: gcc.dg/cpp/cmdlne-dI-M.c scan-file (^|\\n)cmdlne-dI-M.*:[^\\n]*cmdlne-dI-M.c XPASS: gcc.dg/cpp/cmdlne-dM-M.c scan-file (^|\\n)cmdlne-dM-M[^\\n]*:[^\\n]*cmdlne-dM-M.c FAIL: gcc.dg/debug/debug-1.c scan-assembler xyzzy FAIL: gcc.dg/debug/debug-1.c scan-assembler xyzzy FAIL: gcc.dg/debug/debug-1.c scan-assembler xyzzy FAIL: gcc.dg/debug/debug-1.c scan-assembler xyzzy FAIL: gcc.dg/debug/debug-1.c scan-assembler xyzzy FAIL: gcc.dg/debug/debug-1.c scan-assembler xyzzy FAIL: gcc.dg/debug/debug-1.c scan-assembler xyzzy FAIL: gcc.dg/debug/debug-1.c scan-assembler xyzzy FAIL: gcc.dg/debug/debug-2.c scan-assembler xyzzy FAIL: gcc.dg/debug/debug-2.c scan-assembler xyzzy FAIL: gcc.dg/debug/debug-2.c scan-assembler xyzzy FAIL: gcc.dg/debug/debug-2.c scan-assembler xyzzy FAIL: gcc.dg/debug/debug-2.c scan-assembler xyzzy FAIL: gcc.dg/debug/debug-2.c scan-assembler xyzzy FAIL: gcc.dg/debug/debug-2.c scan-assembler xyzzy FAIL: gcc.dg/debug/debug-2.c scan-assembler xyzzy FAIL: gcc.dg/20021014-1.c execution test FAIL: gcc.dg/20030331-2.c (test for excess errors) FAIL: gcc.dg/Wunreachable-4.c (test for excess errors) FAIL: gcc.dg/builtins-10.c (test for excess errors) FAIL: gcc.dg/builtins-26.c (test for excess errors) FAIL: gcc.dg/builtins-7.c (test for excess errors) WARNING: program timed out. FAIL: gcc.dg/c99-intconst-1.c (test for excess errors) FAIL: gcc.dg/c99-scope-2.c execution test FAIL: gcc.dg/nest.c execution test XPASS: gcc.dg/uninit-4.c uninitialized variable warning (test for bogus messages, line 26) XPASS: gcc.dg/uninit-5.c uninitialized variable warning (test for bogus messages, line 13) XPASS: gcc.dg/uninit-5.c uninitialized variable warning (test for bogus messages, line 27) XPASS: gcc.dg/uninit-8.c uninitialized variable warning (test for bogus messages, line 14) FAIL: gcc.dg/uninit-D.c (test for excess errors) FAIL: gcc.dg/warn-1.c (test for warnings, line 8) FAIL: gcc.dg/noncompile/920507-1.c (test for errors, line 4) FAIL: gcc.dg/noncompile/920507-1.c (test for excess errors) FAIL: gcc.dg/noncompile/920507-1.c (test for errors, line 4) FAIL: gcc.dg/noncompile/920507-1.c (test for excess errors) FAIL: gcc.dg/noncompile/920507-1.c (test for errors, line 4) FAIL: gcc.dg/noncompile/920507-1.c (test for excess errors) FAIL: gcc.dg/noncompile/920507-1.c (test for errors, line 4) FAIL: gcc.dg/noncompile/920507-1.c (test for excess errors) FAIL: gcc.dg/noncompile/920507-1.c (test for errors, line 4) FAIL: gcc.dg/noncompile/920507-1.c (test for excess errors) FAIL: gcc.dg/noncompile/920507-1.c (test for errors, line 4) FAIL: gcc.dg/noncompile/920507-1.c (test for excess errors) FAIL: gcc.dg/torture/builtin-explog-1.c (test for excess errors) FAIL: gcc.dg/torture/builtin-explog-1.c (test for excess errors) FAIL: gcc.dg/torture/builtin-explog-1.c (test for excess errors) FAIL: gcc.dg/torture/builtin-explog-1.c (test for excess errors) FAIL: gcc.dg/torture/builtin-explog-1.c (test for excess errors) FAIL: gcc.dg/torture/builtin-explog-1.c (test for excess errors) FAIL: gcc.dg/tree-ssa/20030728-1.c scan-tree-dump-times = 0 2 ERROR: gcc.dg/tree-ssa/20030730-1.c: error executing dg-final: no files matched glob pattern "20030730-1.c.t??.dom2" UNRESOLVED: gcc.dg/tree-ssa/20030730-1.c: error executing dg-final: no files matched glob pattern "20030730-1.c.t??.dom2" ERROR: gcc.dg/tree-ssa/20030730-2.c: error executing dg-final: no files matched glob pattern "20030730-2.c.t??.dom2" UNRESOLVED: gcc.dg/tree-ssa/20030730-2.c: error executing dg-final: no files matched glob pattern "20030730-2.c.t??.dom2" FAIL: gcc.dg/tree-ssa/20030731-1.c scan-tree-dump-times target.*!= 0 0 FAIL: gcc.dg/tree-ssa/20030807-3.c scan-tree-dump-times if 2 FAIL: gcc.dg/tree-ssa/20030807-4.c scan-tree-dump-times if 2 FAIL: gcc.dg/tree-ssa/20030807-7.c scan-tree-dump-times if 1 FAIL: gcc.dg/tree-ssa/20030808-1.c scan-tree-dump-times ->code 0 FAIL: gcc.dg/tree-ssa/20030814-6.c scan-tree-dump-times common.code 1 FAIL: gcc.dg/tree-ssa/20030821-1.c scan-tree-dump-times dont_remove \\(\\) 1 FAIL: gcc.dg/tree-ssa/20030824-1.c scan-tree-dump-times y \\+ x 1 FAIL: gcc.dg/tree-ssa/20030824-2.c scan-tree-dump-times return y \\+ x 1 FAIL: gcc.dg/tree-ssa/20030825-1.c scan-tree-dump-times bla 1 FAIL: gcc.dg/tree-ssa/20030907-1.c scan-tree-dump-times abort 1 FAIL: gcc.dg/tree-ssa/20030922-1.c scan-tree-dump-times if 0 FAIL: gcc.dg/tree-ssa/20030922-2.c scan-tree-dump-times if 2 FAIL: gcc.dg/tree-ssa/20031021-1.c scan-tree-dump-times a.i 1 FAIL: gcc.dg/tree-ssa/20031106-6.c scan-tree-dump-times temp_struct 0 FAIL: gcc.dg/tree-ssa/asm-1.c scan-tree-dump-times 42 1 FAIL: gcc.dg/tree-ssa/asm-1.c scan-tree-dump-times 63 1 FAIL: gcc.dg/tree-ssa/ssa-ccp-3.c scan-tree-dump-times link_error 0 FAIL: gcc.dg/tree-ssa/ssa-ccp-4.c scan-tree-dump-times link_error 0 FAIL: gcc.dg/tree-ssa/ssa-ccp-6.c scan-tree-dump-times link_error 0 FAIL: gcc.dg/tree-ssa/ssa-ccp-8.c scan-tree-dump-times link_error 0 === gcc Summary === # of expected passes 24489 # of unexpected failures 89 # of unexpected successes 12 # of expected failures 72 # of unresolved testcases 8 # of untested testcases 7 # of unsupported tests 281 /home/paul/gcc-obj/gcc/xgcc version 3.5-tree-ssa 20031108 (merged 20031026) === gfortran tests === Running target unix FAIL: gfortran.fortran-torture/execute/arrayarg.f90 compilation, -O2 -fomit-frame-pointer -finline-functions FAIL: gfortran.fortran-torture/execute/arrayarg.f90 compilation, -O2 -fomit-frame-pointer -finline-functions -funroll-loops FAIL: gfortran.fortran-torture/execute/arrayarg.f90 compilation, -O2 -fomit-frame-pointer -finline-functions -funroll-all-loops FAIL: gfortran.fortran-torture/execute/arrayarg.f90 compilation, -O3 -g FAIL: gfortran.fortran-torture/execute/forall_3.f90 execution, -O0 FAIL: gfortran.fortran-torture/execute/forall_3.f90 execution, -O1 FAIL: gfortran.fortran-torture/execute/forall_3.f90 execution, -O2 FAIL: gfortran.fortran-torture/execute/forall_3.f90 execution, -O2 -fomit-frame-pointer -finline-functions FAIL: gfortran.fortran-torture/execute/forall_3.f90 execution, -O2 -fomit-frame-pointer -finline-functions -funroll-loops FAIL: gfortran.fortran-torture/execute/forall_3.f90 execution, -O2 -fomit-frame-pointer -finline-functions -funroll-all-loops FAIL: gfortran.fortran-torture/execute/forall_3.f90 execution, -O2 -fno-repack-arrays FAIL: gfortran.fortran-torture/execute/forall_3.f90 execution, -O2 -fg77-calls FAIL: gfortran.fortran-torture/execute/forall_3.f90 execution, -O3 -g FAIL: gfortran.fortran-torture/execute/forall_3.f90 execution, -Os FAIL: gfortran.fortran-torture/execute/intrinsic_scale.f90 execution, -O0 FAIL: gfortran.fortran-torture/execute/specifics.f90 execution, -O0 FAIL: gfortran.fortran-torture/execute/specifics.f90 execution, -O1 FAIL: gfortran.fortran-torture/execute/specifics.f90 execution, -O2 FAIL: gfortran.fortran-torture/execute/specifics.f90 execution, -O2 -fomit-frame-pointer -finline-functions FAIL: gfortran.fortran-torture/execute/specifics.f90 execution, -O2 -fomit-frame-pointer -finline-functions -funroll-loops FAIL: gfortran.fortran-torture/execute/specifics.f90 execution, -O2 -fomit-frame-pointer -finline-functions -funroll-all-loops FAIL: gfortran.fortran-torture/execute/specifics.f90 execution, -O2 -fno-repack-arrays FAIL: gfortran.fortran-torture/execute/specifics.f90 execution, -O2 -fg77-calls FAIL: gfortran.fortran-torture/execute/specifics.f90 execution, -O3 -g FAIL: gfortran.fortran-torture/execute/specifics.f90 execution, -Os === gfortran Summary === # of expected passes 2251 # of unexpected failures 25 # of untested testcases 4 /home/paul/gcc-obj/gcc/testsuite/../gfortran version 3.5-tree-ssa 20031108 (merged 20031026) Compiler version: 3.5-tree-ssa20031108(merged20031026) Platform: hppa1.1-unknown-linux-gnu configure flags: --prefix=/home/paul/usr --program-suffix=-pb --enable-languages=c,f95 --disable-checking --with-libbanshee
Index Nav: | [Date Index] [Subject Index] [Author Index] [Thread Index] | |
---|---|---|
Message Nav: | [Date Prev] [Date Next] | [Thread Prev] [Thread Next] |