This is the mail archive of the
gcc-testresults@gcc.gnu.org
mailing list for the GCC project.
Results for 3.5-tree-ssa 20031106 (merged 20031026) testsuite on powerpc64-unknown-linux-gnu
- From: stevenb at suse dot de (Steven Bosscher)
- To: gcc-testresults at gcc dot gnu dot org
- Date: Thu, 6 Nov 2003 22:58:55 +0100 (CET)
- Subject: Results for 3.5-tree-ssa 20031106 (merged 20031026) testsuite on powerpc64-unknown-linux-gnu
LAST_UPDATED: Thu Nov 6 10:11:02 UTC 2003
Native configuration is powerpc64-unknown-linux-gnu
=== g++ tests ===
Running target unix
XPASS: g++.dg/ext/lvalue1.C not an lvalue (test for errors, line 7)
FAIL: g++.dg/ext/pretty1.C scan-assembler top level
FAIL: g++.dg/ext/pretty2.C (test for excess errors)
WARNING: g++.dg/ext/pretty2.C compilation failed to produce executable
WARNING: g++.dg/ext/stmtexpr1.C compilation failed to produce executable
FAIL: g++.dg/opt/nrv3.C execution test
XPASS: g++.dg/parse/stack1.C (test for excess errors)
XPASS: g++.dg/warn/Wunused-2.C (test for warnings, line 5)
FAIL: 200:is 4:should be 11
FAIL: 202:is 12:should be 1
FAIL: 212:is -:should be 11
FAIL: 214:is 11:should be 3
FAIL: 201: expected branch percentages not found: 27 50
FAIL: 213: expected branch percentages not found: 9 10 11
FAIL: 258: expected branch percentages not found: 25
FAIL: g++.dg/gcov/gcov-1.C gcov: 4 failures in line counts, 3 in branch percentages, 0 in return percentages
FAIL: 23:is 2:should be 1
FAIL: g++.dg/gcov/gcov-2.C gcov: 1 failures in line counts, 0 in branch percentages, 0 in return percentages
FAIL: g++.old-deja/g++.brendan/crash30.C (test for excess errors)
FAIL: g++.old-deja/g++.eh/crash1.C (test for excess errors)
FAIL: g++.old-deja/g++.martin/sts_vectini.C execution test
WARNING: g++.old-deja/g++.mike/p10769a.C compilation failed to produce executable
WARNING: g++.old-deja/g++.other/enum5.C compilation failed to produce executable
WARNING: g++.old-deja/g++.pt/friend44.C compilation failed to produce executable
FAIL: g++.old-deja/g++.pt/vaarg3.C (test for excess errors)
=== g++ Summary ===
# of expected passes 9003
# of unexpected failures 17
# of unexpected successes 3
# of expected failures 61
# of unsupported tests 62
/abuild/stevenb/gcc/testsuite/../g++ version 3.5-tree-ssa 20031106 (merged 20031026)
=== gcc tests ===
Running target unix
FAIL: gcc.c-torture/execute/20000603-1.c execution, -O3 -fomit-frame-pointer
FAIL: gcc.c-torture/execute/20000603-1.c execution, -O3 -g
FAIL: gcc.c-torture/execute/20010403-1.c execution, -O3 -fomit-frame-pointer
FAIL: gcc.c-torture/execute/20010403-1.c execution, -O3 -g
FAIL: gcc.c-torture/execute/20030125-1.c execution, -O1
FAIL: gcc.c-torture/execute/20030125-1.c execution, -O2
FAIL: gcc.c-torture/execute/20030125-1.c execution, -O3 -fomit-frame-pointer
FAIL: gcc.c-torture/execute/20030125-1.c execution, -O3 -g
FAIL: gcc.c-torture/execute/20030125-1.c execution, -Os
XPASS: gcc.c-torture/execute/string-opt-18.c execution, -O0
XPASS: gcc.c-torture/execute/string-opt-18.c execution, -O1
XPASS: gcc.c-torture/execute/string-opt-18.c execution, -O2
XPASS: gcc.c-torture/execute/string-opt-18.c execution, -O3 -fomit-frame-pointer
XPASS: gcc.c-torture/execute/string-opt-18.c execution, -O3 -g
XPASS: gcc.c-torture/execute/string-opt-18.c execution, -Os
FAIL: gcc.c-torture/execute/string-opt-7.c execution, -O1
FAIL: gcc.c-torture/execute/string-opt-7.c execution, -O2
FAIL: gcc.c-torture/execute/string-opt-7.c execution, -O3 -fomit-frame-pointer
FAIL: gcc.c-torture/execute/string-opt-7.c execution, -O3 -g
FAIL: gcc.c-torture/execute/string-opt-7.c execution, -Os
UNRESOLVED: gcc.c-torture/execute/wchar_t-1.c execution, -O0
UNRESOLVED: gcc.c-torture/execute/wchar_t-1.c execution, -O1
UNRESOLVED: gcc.c-torture/execute/wchar_t-1.c execution, -O2
UNRESOLVED: gcc.c-torture/execute/wchar_t-1.c execution, -O3 -fomit-frame-pointer
UNRESOLVED: gcc.c-torture/execute/wchar_t-1.c execution, -O3 -g
UNRESOLVED: gcc.c-torture/execute/wchar_t-1.c execution, -Os
FAIL: gcc.dg/compat/scalar-by-value-3 c_compat_x_tst.o-c_compat_y_tst.o execute
FAIL: gcc.dg/compat/scalar-return-3 c_compat_x_tst.o-c_compat_y_tst.o execute
FAIL: gcc.dg/debug/20020327-1.c (test for excess errors)
FAIL: gcc.dg/debug/20020327-1.c (test for excess errors)
FAIL: gcc.dg/debug/20020327-1.c (test for excess errors)
FAIL: gcc.dg/debug/20020327-1.c (test for excess errors)
FAIL: gcc.dg/debug/20020327-1.c (test for excess errors)
FAIL: gcc.dg/debug/20020327-1.c (test for excess errors)
FAIL: gcc.dg/debug/20020327-1.c (test for excess errors)
FAIL: gcc.dg/debug/20020327-1.c (test for excess errors)
FAIL: gcc.dg/debug/20020327-1.c (test for excess errors)
FAIL: gcc.dg/debug/20020327-1.c (test for excess errors)
FAIL: gcc.dg/debug/20020327-1.c (test for excess errors)
FAIL: gcc.dg/debug/20020327-1.c (test for excess errors)
FAIL: gcc.dg/debug/20020327-1.c (test for excess errors)
FAIL: gcc.dg/debug/20020327-1.c (test for excess errors)
FAIL: gcc.dg/debug/20020327-1.c (test for excess errors)
FAIL: gcc.dg/debug/20020327-1.c (test for excess errors)
FAIL: gcc.dg/debug/20020327-1.c (test for excess errors)
FAIL: gcc.dg/debug/20020327-1.c (test for excess errors)
FAIL: gcc.dg/20020304-1.c (test for excess errors)
FAIL: gcc.dg/20030331-2.c (test for excess errors)
FAIL: gcc.dg/20030711-1.c execution test
FAIL: gcc.dg/Wunreachable-4.c (test for excess errors)
FAIL: gcc.dg/builtins-10.c (test for excess errors)
FAIL: gcc.dg/builtins-18.c (test for excess errors)
FAIL: gcc.dg/builtins-20.c (test for excess errors)
FAIL: gcc.dg/builtins-26.c (test for excess errors)
FAIL: gcc.dg/builtins-7.c (test for excess errors)
FAIL: gcc.dg/cleanup-8.c execution test
FAIL: gcc.dg/cleanup-9.c execution test
XPASS: gcc.dg/uninit-4.c uninitialized variable warning (test for bogus messages, line 26)
XPASS: gcc.dg/uninit-5.c uninitialized variable warning (test for bogus messages, line 13)
XPASS: gcc.dg/uninit-5.c uninitialized variable warning (test for bogus messages, line 27)
XPASS: gcc.dg/uninit-8.c uninitialized variable warning (test for bogus messages, line 14)
FAIL: gcc.dg/uninit-A.c uninitialized variable warning (test for bogus messages, line 52)
FAIL: gcc.dg/uninit-A.c uninitialized variable warning (test for bogus messages, line 53)
FAIL: gcc.dg/uninit-D.c (test for excess errors)
FAIL: gcc.dg/warn-1.c (test for warnings, line 8)
FAIL: gcc.dg/noncompile/920507-1.c (test for errors, line 4)
FAIL: gcc.dg/noncompile/920507-1.c (test for excess errors)
FAIL: gcc.dg/noncompile/920507-1.c (test for errors, line 4)
FAIL: gcc.dg/noncompile/920507-1.c (test for excess errors)
FAIL: gcc.dg/noncompile/920507-1.c (test for errors, line 4)
FAIL: gcc.dg/noncompile/920507-1.c (test for excess errors)
FAIL: gcc.dg/noncompile/920507-1.c (test for errors, line 4)
FAIL: gcc.dg/noncompile/920507-1.c (test for excess errors)
FAIL: gcc.dg/noncompile/920507-1.c (test for errors, line 4)
FAIL: gcc.dg/noncompile/920507-1.c (test for excess errors)
FAIL: gcc.dg/noncompile/920507-1.c (test for errors, line 4)
FAIL: gcc.dg/noncompile/920507-1.c (test for excess errors)
FAIL: gcc.dg/torture/builtin-explog-1.c (test for excess errors)
FAIL: gcc.dg/torture/builtin-explog-1.c (test for excess errors)
FAIL: gcc.dg/torture/builtin-explog-1.c (test for excess errors)
FAIL: gcc.dg/torture/builtin-explog-1.c (test for excess errors)
FAIL: gcc.dg/torture/builtin-explog-1.c (test for excess errors)
FAIL: gcc.dg/torture/builtin-explog-1.c (test for excess errors)
FAIL: gcc.dg/tree-ssa/20030728-1.c scan-tree-dump-times = 0 2
FAIL: gcc.dg/tree-ssa/20030730-1.c (test for excess errors)
ERROR: gcc.dg/tree-ssa/20030730-1.c: error executing dg-final: no files matched glob pattern "20030730-1.c.t??.dom2"
UNRESOLVED: gcc.dg/tree-ssa/20030730-1.c: error executing dg-final: no files matched glob pattern "20030730-1.c.t??.dom2"
FAIL: gcc.dg/tree-ssa/20030730-2.c (test for excess errors)
ERROR: gcc.dg/tree-ssa/20030730-2.c: error executing dg-final: no files matched glob pattern "20030730-2.c.t??.dom2"
UNRESOLVED: gcc.dg/tree-ssa/20030730-2.c: error executing dg-final: no files matched glob pattern "20030730-2.c.t??.dom2"
FAIL: gcc.dg/tree-ssa/20030731-1.c scan-tree-dump-times target.*!= 0 0
FAIL: gcc.dg/tree-ssa/20030807-3.c scan-tree-dump-times if 2
FAIL: gcc.dg/tree-ssa/20030807-4.c scan-tree-dump-times if 2
FAIL: gcc.dg/tree-ssa/20030807-7.c scan-tree-dump-times if 1
FAIL: gcc.dg/tree-ssa/20030808-1.c scan-tree-dump-times ->code 0
FAIL: gcc.dg/tree-ssa/20030814-6.c scan-tree-dump-times common.code 1
FAIL: gcc.dg/tree-ssa/20030821-1.c scan-tree-dump-times dont_remove \\(\\) 1
FAIL: gcc.dg/tree-ssa/20030824-1.c scan-tree-dump-times y \\+ x 1
FAIL: gcc.dg/tree-ssa/20030824-2.c scan-tree-dump-times return y \\+ x 1
FAIL: gcc.dg/tree-ssa/20030825-1.c scan-tree-dump-times bla 1
FAIL: gcc.dg/tree-ssa/20030907-1.c scan-tree-dump-times abort 1
FAIL: gcc.dg/tree-ssa/20030917-2.c (test for excess errors)
FAIL: gcc.dg/tree-ssa/20030922-1.c scan-tree-dump-times if 0
FAIL: gcc.dg/tree-ssa/20030922-2.c scan-tree-dump-times if 2
FAIL: gcc.dg/tree-ssa/20031021-1.c scan-tree-dump-times a.i 1
FAIL: gcc.dg/tree-ssa/asm-1.c scan-tree-dump-times 42 1
FAIL: gcc.dg/tree-ssa/asm-1.c scan-tree-dump-times 63 1
FAIL: gcc.dg/tree-ssa/ssa-ccp-3.c scan-tree-dump-times link_error 0
FAIL: gcc.dg/tree-ssa/ssa-ccp-4.c scan-tree-dump-times link_error 0
FAIL: gcc.dg/tree-ssa/ssa-ccp-6.c scan-tree-dump-times link_error 0
FAIL: gcc.dg/tree-ssa/ssa-ccp-8.c scan-tree-dump-times link_error 0
FAIL: 209: expected branch percentages not found: 25
FAIL: gcc.misc-tests/gcov-4b.c gcov: 0 failures in line counts, 1 in branch percentages, 0 in return percentages
FAIL: linkage.c
=== gcc Summary ===
# of expected passes 23820
# of unexpected failures 94
# of unexpected successes 10
# of expected failures 74
# of unresolved testcases 8
# of untested testcases 7
# of unsupported tests 271
/abuild/stevenb/gcc/xgcc version 3.5-tree-ssa 20031106 (merged 20031026)
Compiler version: 3.5-tree-ssa 20031106 (merged 20031026)
Platform: powerpc64-unknown-linux-gnu
configure flags: --enable-languages=c,c++ --with-libbanshee