This is the mail archive of the
gcc-testresults@gcc.gnu.org
mailing list for the GCC project.
Results for 3.4 20031104 (experimental) testsuite oni686-pc-linux-gnu
- From: Laurent GUERBY <laurent at guerby dot net>
- To: gcc-testresults at gcc dot gnu dot org
- Date: Wed, 05 Nov 2003 00:15:46 +0100
- Subject: Results for 3.4 20031104 (experimental) testsuite oni686-pc-linux-gnu
* Linux version 2.4.20-20.9 (bhcompile@stripples.devel.redhat.com) (gcc
version 3.2.2 20030222 (Red Hat Linux 3.2.2-5)) #1 Mon Aug 18 11:45:58
EDT 2003
* binutils-2.13.90.0.18-9
* glibc-2.3.2-27.9
* cpuinfo:
model name : Pentium III (Coppermine)
stepping : 10
cpu MHz : 997.838
Laurent
Native configuration is i686-pc-linux-gnu
=== ACATS tests ===
FAIL: c34005a
FAIL: c34005d
FAIL: c34005g
FAIL: c34005j
FAIL: c64105c
FAIL: cc3601a
FAIL: cxb3010
FAIL: cxb3014
FAIL: cxb3015
=== ACATS Summary ===
# of expected passes 2313
# of unexpected failures 9
=== gcc tests ===
Running target unix
WARNING: program timed out.
FAIL: gcc.c-torture/compile/20001226-1.c (test for excess errors)
FAIL: gcc.c-torture/execute/va-arg-25.c execution, -O0
FAIL: gcc.c-torture/execute/va-arg-25.c execution, -O1
FAIL: gcc.c-torture/execute/va-arg-25.c execution, -O2
FAIL: gcc.c-torture/execute/va-arg-25.c execution, -O3
-fomit-frame-pointer
FAIL: gcc.c-torture/execute/va-arg-25.c execution, -O3 -g
FAIL: gcc.c-torture/execute/va-arg-25.c execution, -Os
UNRESOLVED: gcc.c-torture/execute/wchar_t-1.c execution, -O0
UNRESOLVED: gcc.c-torture/execute/wchar_t-1.c execution, -O1
UNRESOLVED: gcc.c-torture/execute/wchar_t-1.c execution, -O2
UNRESOLVED: gcc.c-torture/execute/wchar_t-1.c execution, -O3
-fomit-frame-pointer
UNRESOLVED: gcc.c-torture/execute/wchar_t-1.c execution, -O3 -g
UNRESOLVED: gcc.c-torture/execute/wchar_t-1.c execution, -Os
=== gcc Summary ===
# of expected passes 23906
# of unexpected failures 7
# of expected failures 81
# of unresolved testcases 6
# of untested testcases 7
# of unsupported tests 156
/mnt/maxtor/guerby/gcc/build/build-20031104T202615/gcc/xgcc version 3.4
20031104 (experimental)
Compiler version: 3.4 20031104 (experimental)
Platform: i686-pc-linux-gnu
configure flags:
--prefix=/mnt/maxtor/guerby/gcc/install/install-20031104T202615
--enable-languages=ada,c --enable-threads --disable-nls