This is the mail archive of the
gcc-testresults@gcc.gnu.org
mailing list for the GCC project.
Results for 3.3.2 testsuite on hppa1.1-hp-hpux10.20
- From: John David Anglin <dave at hiauly1 dot hia dot nrc dot ca>
- To: dave at hiauly1 dot hia dot nrc dot ca, gcc-testresults at gcc dot gnu dot org
- Date: Mon, 3 Nov 2003 11:10:44 -0500 (EST)
- Subject: Results for 3.3.2 testsuite on hppa1.1-hp-hpux10.20
LAST_UPDATED: Sun Nov 2 04:35:29 UTC 2003
Native configuration is hppa1.1-hp-hpux10.20
=== g++ tests ===
Running target unix
FAIL: g++.dg/compat/break/bitfield7 x_tst.o compile
UNRESOLVED: g++.dg/compat/break/bitfield7 x_tst.o-y_tst.o link
UNRESOLVED: g++.dg/compat/break/bitfield7 x_tst.o-y_tst.o execute
FAIL: g++.dg/opt/inline4.C scan-assembler-not _Z1g
FAIL: g++.dg/warn/weak1.C (test for excess errors)
FAIL: g++.ext/attrib5.C (test for excess errors)
FAIL: g++.other/comdat3.C (test for excess errors)
FAIL: g++.other/mangle3.C (test for excess errors)
=== g++ Summary ===
# of expected passes 7952
# of unexpected failures 6
# of expected failures 101
# of unresolved testcases 2
# of untested testcases 23
# of unsupported tests 29
/xxx/gnu/gcc-3.3/objdir/gcc/testsuite/../g++ version 3.3.2
=== g77 tests ===
Running target unix
=== g77 Summary ===
# of expected passes 1686
# of unsupported tests 8
/xxx/gnu/gcc-3.3/objdir/gcc/testsuite/../g77 version 3.3.2
=== gcc tests ===
Running target unix
WARNING: program timed out.
FAIL: gcc.c-torture/compile/20001226-1.c, -O3 -g
WARNING: program timed out.
FAIL: gcc.c-torture/compile/20001226-1.c, -Os
FAIL: gcc.dg/duff-2.c (test for excess errors)
UNRESOLVED: weak-1.c
UNRESOLVED: weak-2.c
UNRESOLVED: wkali-1.c
UNRESOLVED: wkali-2.c
UNRESOLVED: gcc.dg/weak
=== gcc Summary ===
# of expected passes 21103
# of unexpected failures 3
# of expected failures 79
# of unresolved testcases 5
# of unsupported tests 185
/xxx/gnu/gcc-3.3/objdir/gcc/xgcc version 3.3.2
=== objc tests ===
Running target unix
=== objc Summary ===
# of expected passes 1153
/xxx/gnu/gcc-3.3/objdir/gcc/xgcc version 3.3.2
=== libstdc++-v3 tests ===
Running target unix
=== libstdc++-v3 Summary ===
# of expected passes 418
# of expected failures 17
# of unsupported tests 6
Compiler version: 3.3.2
Platform: hppa1.1-hp-hpux10.20
configure flags: --host=hppa1.1-hp-hpux10.20 --with-gnu-as --with-as=/usr/local/bin/as --enable-shared --prefix=/opt/gnu/gcc/gcc-3.3.2 --disable-nls --enable-debug=no