This is the mail archive of the
gcc-testresults@gcc.gnu.org
mailing list for the GCC project.
Results for 3.4 20031027 (experimental) testsuite on i786-pc-cygwin
- From: Christian Joensson <christian at j-son dot org>
- To: gcc-testresults at gcc dot gnu dot org
- Date: Mon, 27 Oct 2003 21:28:50 +0100
- Subject: Results for 3.4 20031027 (experimental) testsuite on i786-pc-cygwin
Windows XP/Pro SP1 cygwin P4 system with these packages:
binutils 2.14.90 20030901 (cygwin ver. 20030901-1)
bison 1.875b (cygwin ver. 20030307-1)
cygwin 1.5.5-1
dejagnu 1.4.2.x (cygwin ver. 20021217-2)
gawk 3.1.3-3
gcc 3.3.1-2
w32api 2.4-1
LAST_UPDATED: Mon Oct 27 06:59:22 GMT 2003
Native configuration is i786-pc-cygwin
=== g++ tests ===
Running target unix
FAIL: g++.dg/abi/bitfield3.C execution test
FAIL: g++.dg/abi/vcall1.C execution test
FAIL: g++.dg/ext/dllexport1.C scan-assembler -export:_ZN3Bar10inline_barEi
FAIL: g++.dg/ext/instantiate3.C scan-assembler-not
XPASS: g++.dg/ext/lvalue1.C not an lvalue (test for errors, line 7)
FAIL: g++.dg/ext/pretty1.C scan-assembler top level
FAIL: g++.dg/ext/pretty2.C (test for excess errors)
WARNING: g++.dg/ext/pretty2.C compilation failed to produce executable
FAIL: g++.dg/inherit/covariant1.C execution test
FAIL: g++.dg/inherit/covariant2.C execution test
FAIL: g++.dg/inherit/covariant3.C execution test
FAIL: g++.dg/inherit/covariant4.C execution test
FAIL: g++.dg/init/array4.C (test for excess errors)
FAIL: g++.dg/opt/vt1.C scan-assembler-not section[^
FAIL: g++.dg/parse/crash10.C (test for errors, line 14)
FAIL: g++.dg/parse/parse5.C (test for excess errors)
FAIL: g++.dg/parse/stack1.C (test for excess errors)
FAIL: g++.dg/template/friend.C (test for excess errors)
FAIL: g++.dg/template/friend10.C (test for excess errors)
WARNING: g++.dg/template/friend10.C compilation failed to produce executable
XPASS: g++.dg/warn/Wunused-2.C (test for warnings, line 5)
FAIL: g++.dg/pch/empty.C (test for excess errors)
FAIL: g++.dg/pch/empty.C (test for excess errors)
FAIL: g++.dg/pch/empty.C (test for excess errors)
FAIL: g++.dg/pch/static-1.C (test for excess errors)
FAIL: g++.dg/pch/static-1.C (test for excess errors)
FAIL: g++.dg/pch/static-1.C (test for excess errors)
FAIL: g++.dg/pch/system-1.C (test for excess errors)
FAIL: g++.dg/pch/system-1.C (test for excess errors)
FAIL: g++.dg/pch/system-1.C (test for excess errors)
FAIL: g++.dg/pch/system-2.C (test for excess errors)
FAIL: g++.dg/pch/system-2.C (test for excess errors)
FAIL: g++.dg/pch/system-2.C (test for excess errors)
FAIL: g++.dg/pch/uninst.C (test for excess errors)
FAIL: g++.dg/pch/uninst.C (test for excess errors)
FAIL: g++.dg/pch/uninst.C (test for excess errors)
FAIL: g++.dg/special/initp1.C execution test
FAIL: g++.old-deja/g++.abi/vtable3a.C execution test
FAIL: g++.old-deja/g++.abi/vtable3b.C execution test
FAIL: g++.old-deja/g++.abi/vtable3c.C execution test
FAIL: g++.old-deja/g++.abi/vtable3d.C execution test
FAIL: g++.old-deja/g++.abi/vtable3e.C execution test
FAIL: g++.old-deja/g++.abi/vtable3f.C execution test
FAIL: g++.old-deja/g++.abi/vtable3g.C execution test
FAIL: g++.old-deja/g++.abi/vtable3h.C execution test
FAIL: g++.old-deja/g++.abi/vtable3i.C execution test
FAIL: g++.old-deja/g++.abi/vtable3j.C execution test
FAIL: g++.old-deja/g++.benjamin/15071.C (test for excess errors)
WARNING: g++.old-deja/g++.benjamin/15071.C compilation failed to produce executable
FAIL: g++.old-deja/g++.brendan/copy9.C (test for excess errors)
WARNING: g++.old-deja/g++.brendan/copy9.C compilation failed to produce executable
FAIL: g++.old-deja/g++.brendan/crash15.C (test for excess errors)
FAIL: g++.old-deja/g++.brendan/crash20.C (test for excess errors)
FAIL: g++.old-deja/g++.brendan/crash30.C (test for excess errors)
FAIL: g++.old-deja/g++.brendan/crash38.C (test for excess errors)
FAIL: g++.old-deja/g++.brendan/crash49.C (test for excess errors)
FAIL: g++.old-deja/g++.brendan/crash62.C (test for excess errors)
FAIL: g++.old-deja/g++.brendan/cvt1.C (test for excess errors)
FAIL: g++.old-deja/g++.brendan/err-msg3.C (test for excess errors)
FAIL: g++.old-deja/g++.brendan/nest21.C (test for excess errors)
WARNING: g++.old-deja/g++.brendan/nest21.C compilation failed to produce executable
FAIL: g++.old-deja/g++.brendan/ptolemy2.C (test for excess errors)
WARNING: g++.old-deja/g++.brendan/ptolemy2.C compilation failed to produce executable
FAIL: g++.old-deja/g++.eh/badalloc1.C execution test
FAIL: g++.old-deja/g++.ext/attrib5.C (test for excess errors)
XPASS: g++.old-deja/g++.ext/attrib5.C execution test
FAIL: g++.old-deja/g++.jason/template24.C (test for excess errors)
WARNING: g++.old-deja/g++.jason/template24.C compilation failed to produce executable
FAIL: g++.old-deja/g++.jason/template31.C (test for excess errors)
WARNING: g++.old-deja/g++.jason/template31.C compilation failed to produce executable
FAIL: g++.old-deja/g++.jason/typeid1.C (test for excess errors)
FAIL: g++.old-deja/g++.law/arg1.C (test for excess errors)
FAIL: g++.old-deja/g++.law/arg8.C (test for excess errors)
WARNING: g++.old-deja/g++.law/arg8.C compilation failed to produce executable
FAIL: g++.old-deja/g++.law/arm12.C (test for excess errors)
FAIL: g++.old-deja/g++.law/arm9.C (test for excess errors)
FAIL: g++.old-deja/g++.law/bad-error7.C (test for excess errors)
FAIL: g++.old-deja/g++.law/code-gen5.C (test for excess errors)
WARNING: g++.old-deja/g++.law/code-gen5.C compilation failed to produce executable
FAIL: g++.old-deja/g++.law/ctors10.C (test for excess errors)
FAIL: g++.old-deja/g++.law/ctors12.C (test for excess errors)
WARNING: g++.old-deja/g++.law/ctors12.C compilation failed to produce executable
FAIL: g++.old-deja/g++.law/ctors13.C (test for excess errors)
FAIL: g++.old-deja/g++.law/ctors17.C (test for excess errors)
FAIL: g++.old-deja/g++.law/ctors6.C (test for excess errors)
FAIL: g++.old-deja/g++.law/cvt16.C (test for excess errors)
FAIL: g++.old-deja/g++.law/cvt2.C (test for excess errors)
WARNING: g++.old-deja/g++.law/cvt2.C compilation failed to produce executable
FAIL: g++.old-deja/g++.law/missed-error2.C (test for excess errors)
FAIL: g++.old-deja/g++.law/nest3.C (test for excess errors)
FAIL: g++.old-deja/g++.law/operators32.C (test for excess errors)
FAIL: g++.old-deja/g++.law/operators4.C (test for excess errors)
FAIL: g++.old-deja/g++.law/vbase1.C (test for excess errors)
FAIL: g++.old-deja/g++.law/virtual3.C (test for excess errors)
WARNING: g++.old-deja/g++.law/virtual3.C compilation failed to produce executable
FAIL: g++.old-deja/g++.law/visibility1.C (test for excess errors)
FAIL: g++.old-deja/g++.law/visibility10.C (test for excess errors)
FAIL: g++.old-deja/g++.law/visibility13.C (test for excess errors)
FAIL: g++.old-deja/g++.law/visibility17.C (test for excess errors)
FAIL: g++.old-deja/g++.law/visibility2.C (test for excess errors)
FAIL: g++.old-deja/g++.law/visibility22.C (test for excess errors)
FAIL: g++.old-deja/g++.law/visibility25.C (test for excess errors)
FAIL: g++.old-deja/g++.law/visibility7.C (test for excess errors)
FAIL: g++.old-deja/g++.martin/bitset1.C (test for excess errors)
WARNING: g++.old-deja/g++.martin/bitset1.C compilation failed to produce executable
FAIL: g++.old-deja/g++.mike/dyncast5.C execution test
FAIL: g++.old-deja/g++.mike/misc13.C execution test
FAIL: g++.old-deja/g++.mike/net39.C execution test
FAIL: g++.old-deja/g++.mike/net46.C (test for excess errors)
WARNING: g++.old-deja/g++.mike/net46.C compilation failed to produce executable
WARNING: g++.old-deja/g++.mike/p10769a.C compilation failed to produce executable
FAIL: g++.old-deja/g++.mike/p2960.C execution test
FAIL: g++.old-deja/g++.mike/p3068.C execution test
FAIL: g++.old-deja/g++.mike/p3708b.C execution test
FAIL: g++.old-deja/g++.mike/p4246.C execution test
FAIL: g++.old-deja/g++.mike/p4736b.C execution test
FAIL: g++.old-deja/g++.mike/p4736c.C execution test
FAIL: g++.old-deja/g++.mike/p658.C (test for excess errors)
WARNING: g++.old-deja/g++.mike/p658.C compilation failed to produce executable
FAIL: g++.old-deja/g++.mike/pmf2.C execution test
FAIL: g++.old-deja/g++.mike/rtti1.C (test for excess errors)
FAIL: g++.old-deja/g++.mike/virt2.C execution test
FAIL: g++.old-deja/g++.mike/virt5.C execution test
FAIL: g++.old-deja/g++.ns/koenig9.C (test for excess errors)
FAIL: g++.old-deja/g++.oliva/thunk1.C execution test
FAIL: g++.old-deja/g++.other/defarg6.C (test for excess errors)
WARNING: g++.old-deja/g++.other/enum5.C compilation failed to produce executable
FAIL: g++.old-deja/g++.other/headers1.C (test for excess errors)
WARNING: g++.old-deja/g++.other/headers1.C compilation failed to produce executable
FAIL: g++.old-deja/g++.other/inline14.C (test for excess errors)
FAIL: g++.old-deja/g++.pt/crash68.C (test for excess errors)
WARNING: g++.old-deja/g++.pt/friend44.C compilation failed to produce executable
FAIL: g++.old-deja/g++.pt/instantiate10.C (test for excess errors)
FAIL: g++.old-deja/g++.robertl/eb109.C (test for excess errors)
FAIL: g++.old-deja/g++.robertl/eb113.C (test for excess errors)
FAIL: g++.old-deja/g++.robertl/eb124.C (test for excess errors)
FAIL: g++.old-deja/g++.robertl/eb127.C (test for excess errors)
FAIL: g++.old-deja/g++.robertl/eb129.C (test for excess errors)
FAIL: g++.old-deja/g++.robertl/eb129a.C (test for excess errors)
FAIL: g++.old-deja/g++.robertl/eb15.C (test for excess errors)
FAIL: g++.old-deja/g++.robertl/eb17.C execution test
FAIL: g++.old-deja/g++.robertl/eb21.C (test for excess errors)
WARNING: g++.old-deja/g++.robertl/eb21.C compilation failed to produce executable
FAIL: g++.old-deja/g++.robertl/eb24.C (test for excess errors)
FAIL: g++.old-deja/g++.robertl/eb3.C (test for excess errors)
FAIL: g++.old-deja/g++.robertl/eb30.C (test for excess errors)
FAIL: g++.old-deja/g++.robertl/eb31.C (test for excess errors)
WARNING: g++.old-deja/g++.robertl/eb31.C compilation failed to produce executable
FAIL: g++.old-deja/g++.robertl/eb33.C (test for excess errors)
WARNING: g++.old-deja/g++.robertl/eb33.C compilation failed to produce executable
FAIL: g++.old-deja/g++.robertl/eb39.C (test for excess errors)
FAIL: g++.old-deja/g++.robertl/eb4.C (test for excess errors)
FAIL: g++.old-deja/g++.robertl/eb41.C (test for excess errors)
WARNING: g++.old-deja/g++.robertl/eb41.C compilation failed to produce executable
FAIL: g++.old-deja/g++.robertl/eb43.C (test for excess errors)
FAIL: g++.old-deja/g++.robertl/eb44.C (test for excess errors)
FAIL: g++.old-deja/g++.robertl/eb46.C (test for excess errors)
WARNING: g++.old-deja/g++.robertl/eb46.C compilation failed to produce executable
FAIL: g++.old-deja/g++.robertl/eb54.C (test for excess errors)
WARNING: g++.old-deja/g++.robertl/eb54.C compilation failed to produce executable
FAIL: g++.old-deja/g++.robertl/eb55.C (test for excess errors)
FAIL: g++.old-deja/g++.robertl/eb59.C (test for excess errors)
WARNING: g++.old-deja/g++.robertl/eb59.C compilation failed to produce executable
FAIL: g++.old-deja/g++.robertl/eb60.C (test for excess errors)
FAIL: g++.old-deja/g++.robertl/eb65.C (test for excess errors)
WARNING: g++.old-deja/g++.robertl/eb65.C compilation failed to produce executable
FAIL: g++.old-deja/g++.robertl/eb66.C (test for excess errors)
WARNING: g++.old-deja/g++.robertl/eb66.C compilation failed to produce executable
FAIL: g++.old-deja/g++.robertl/eb77.C (test for excess errors)
WARNING: g++.old-deja/g++.robertl/eb77.C compilation failed to produce executable
FAIL: g++.old-deja/g++.robertl/eb79.C (test for excess errors)
FAIL: g++.old-deja/g++.robertl/eb91.C (test for excess errors)
WARNING: g++.old-deja/g++.robertl/eb91.C compilation failed to produce executable
=== g++ Summary ===
# of expected passes 8918
# of unexpected failures 139
# of unexpected successes 3
# of expected failures 60
# of untested testcases 15
# of unsupported tests 23
/usr/local/src/gcc-binutils/trunk/objdir/gcc/testsuite/../g++ version 3.4 20031027 (experimental)
=== g77 tests ===
Running target unix
FAIL: g77.f-torture/execute/auto0.f execution, -O3 -fomit-frame-pointer
FAIL: g77.f-torture/execute/auto0.f execution, -O3 -fomit-frame-pointer -funroll-loops
FAIL: g77.f-torture/execute/auto0.f execution, -O3 -fomit-frame-pointer -funroll-all-loops -finline-functions
FAIL: g77.f-torture/execute/auto0.f execution, -O3 -g
FAIL: g77.f-torture/execute/auto1.f execution, -O3 -fomit-frame-pointer
FAIL: g77.f-torture/execute/auto1.f execution, -O3 -fomit-frame-pointer -funroll-loops
FAIL: g77.f-torture/execute/auto1.f execution, -O3 -fomit-frame-pointer -funroll-all-loops -finline-functions
FAIL: g77.f-torture/execute/auto1.f execution, -O3 -g
FAIL: g77.f-torture/execute/labug1.f execution, -O2
FAIL: g77.f-torture/execute/labug1.f execution, -O3 -g
FAIL: g77.f-torture/execute/labug1.f execution, -Os
=== g77 Summary ===
# of expected passes 1753
# of unexpected failures 11
# of expected failures 1
# of untested testcases 1
/usr/local/src/gcc-binutils/trunk/objdir/gcc/testsuite/../g77 version 3.4 20031027 (experimental)
=== gcc tests ===
Running target unix
FAIL: gcc.c-torture/execute/va-arg-25.c execution, -O0
FAIL: gcc.c-torture/execute/va-arg-25.c execution, -O1
FAIL: gcc.c-torture/execute/va-arg-25.c execution, -O2
FAIL: gcc.c-torture/execute/va-arg-25.c execution, -O3 -fomit-frame-pointer
FAIL: gcc.c-torture/execute/va-arg-25.c execution, -O3 -g
FAIL: gcc.c-torture/execute/va-arg-25.c execution, -Os
UNRESOLVED: gcc.c-torture/execute/wchar_t-1.c execution, -O0
UNRESOLVED: gcc.c-torture/execute/wchar_t-1.c execution, -O1
UNRESOLVED: gcc.c-torture/execute/wchar_t-1.c execution, -O2
UNRESOLVED: gcc.c-torture/execute/wchar_t-1.c execution, -O3 -fomit-frame-pointer
UNRESOLVED: gcc.c-torture/execute/wchar_t-1.c execution, -O3 -g
UNRESOLVED: gcc.c-torture/execute/wchar_t-1.c execution, -Os
FAIL: gcc.dg/20021014-1.c (test for excess errors)
WARNING: gcc.dg/20021014-1.c compilation failed to produce executable
FAIL: gcc.dg/bf-ms-layout.c execution test
FAIL: gcc.dg/builtins-20.c (test for excess errors)
FAIL: gcc.dg/i386-bitfield1.c execution test
FAIL: gcc.dg/i386-bitfield2.c execution test
FAIL: gcc.dg/i386-pic-1.c (test for errors, line 9)
FAIL: gcc.dg/old-style-asm-1.c (test for excess errors)
ERROR: gcc.dg/old-style-asm-1.c: error executing dg-final: couldn't open "old-style-asm-1.s": no such file or directory
UNRESOLVED: gcc.dg/old-style-asm-1.c: error executing dg-final: couldn't open "old-style-asm-1.s": no such file or directory
FAIL: gcc.dg/pch/common-1.c (test for excess errors)
FAIL: gcc.dg/pch/common-1.c (test for excess errors)
FAIL: gcc.dg/pch/common-1.c (test for excess errors)
FAIL: gcc.dg/pch/common-1.c (test for excess errors)
FAIL: gcc.dg/pch/common-1.c (test for excess errors)
FAIL: gcc.dg/pch/common-1.c (test for excess errors)
FAIL: gcc.dg/pch/common-1.c (test for excess errors)
FAIL: gcc.dg/pch/cpp-1.c (test for excess errors)
FAIL: gcc.dg/pch/cpp-1.c (test for excess errors)
FAIL: gcc.dg/pch/cpp-1.c (test for excess errors)
FAIL: gcc.dg/pch/cpp-1.c (test for excess errors)
FAIL: gcc.dg/pch/cpp-1.c (test for excess errors)
FAIL: gcc.dg/pch/cpp-1.c (test for excess errors)
FAIL: gcc.dg/pch/cpp-1.c (test for excess errors)
FAIL: gcc.dg/pch/cpp-2.c (test for excess errors)
FAIL: gcc.dg/pch/cpp-2.c (test for excess errors)
FAIL: gcc.dg/pch/cpp-2.c (test for excess errors)
FAIL: gcc.dg/pch/cpp-2.c (test for excess errors)
FAIL: gcc.dg/pch/cpp-2.c (test for excess errors)
FAIL: gcc.dg/pch/cpp-2.c (test for excess errors)
FAIL: gcc.dg/pch/cpp-2.c (test for excess errors)
FAIL: gcc.dg/pch/decl-1.c (test for excess errors)
FAIL: gcc.dg/pch/decl-1.c (test for excess errors)
FAIL: gcc.dg/pch/decl-1.c (test for excess errors)
FAIL: gcc.dg/pch/decl-1.c (test for excess errors)
FAIL: gcc.dg/pch/decl-1.c (test for excess errors)
FAIL: gcc.dg/pch/decl-1.c (test for excess errors)
FAIL: gcc.dg/pch/decl-1.c (test for excess errors)
FAIL: gcc.dg/pch/decl-2.c (test for excess errors)
FAIL: gcc.dg/pch/decl-2.c (test for excess errors)
FAIL: gcc.dg/pch/decl-2.c (test for excess errors)
FAIL: gcc.dg/pch/decl-2.c (test for excess errors)
FAIL: gcc.dg/pch/decl-2.c (test for excess errors)
FAIL: gcc.dg/pch/decl-2.c (test for excess errors)
FAIL: gcc.dg/pch/decl-2.c (test for excess errors)
FAIL: gcc.dg/pch/decl-3.c (test for excess errors)
FAIL: gcc.dg/pch/decl-3.c (test for excess errors)
FAIL: gcc.dg/pch/decl-3.c (test for excess errors)
FAIL: gcc.dg/pch/decl-3.c (test for excess errors)
FAIL: gcc.dg/pch/decl-3.c (test for excess errors)
FAIL: gcc.dg/pch/decl-3.c (test for excess errors)
FAIL: gcc.dg/pch/decl-3.c (test for excess errors)
FAIL: gcc.dg/pch/decl-4.c (test for excess errors)
FAIL: gcc.dg/pch/decl-4.c (test for excess errors)
FAIL: gcc.dg/pch/decl-4.c (test for excess errors)
FAIL: gcc.dg/pch/decl-4.c (test for excess errors)
FAIL: gcc.dg/pch/decl-4.c (test for excess errors)
FAIL: gcc.dg/pch/decl-4.c (test for excess errors)
FAIL: gcc.dg/pch/decl-4.c (test for excess errors)
FAIL: gcc.dg/pch/decl-5.c (test for excess errors)
FAIL: gcc.dg/pch/decl-5.c (test for excess errors)
FAIL: gcc.dg/pch/decl-5.c (test for excess errors)
FAIL: gcc.dg/pch/decl-5.c (test for excess errors)
FAIL: gcc.dg/pch/decl-5.c (test for excess errors)
FAIL: gcc.dg/pch/decl-5.c (test for excess errors)
FAIL: gcc.dg/pch/decl-5.c (test for excess errors)
FAIL: gcc.dg/pch/empty.c (test for excess errors)
FAIL: gcc.dg/pch/empty.c (test for excess errors)
FAIL: gcc.dg/pch/empty.c (test for excess errors)
FAIL: gcc.dg/pch/empty.c (test for excess errors)
FAIL: gcc.dg/pch/empty.c (test for excess errors)
FAIL: gcc.dg/pch/empty.c (test for excess errors)
FAIL: gcc.dg/pch/empty.c (test for excess errors)
FAIL: gcc.dg/pch/except-1.c (test for excess errors)
FAIL: gcc.dg/pch/except-1.c (test for excess errors)
FAIL: gcc.dg/pch/except-1.c (test for excess errors)
FAIL: gcc.dg/pch/except-1.c (test for excess errors)
FAIL: gcc.dg/pch/except-1.c (test for excess errors)
FAIL: gcc.dg/pch/except-1.c (test for excess errors)
FAIL: gcc.dg/pch/except-1.c (test for excess errors)
FAIL: gcc.dg/pch/global-1.c (test for excess errors)
FAIL: gcc.dg/pch/global-1.c (test for excess errors)
FAIL: gcc.dg/pch/global-1.c (test for excess errors)
FAIL: gcc.dg/pch/global-1.c (test for excess errors)
FAIL: gcc.dg/pch/global-1.c (test for excess errors)
FAIL: gcc.dg/pch/global-1.c (test for excess errors)
FAIL: gcc.dg/pch/global-1.c (test for excess errors)
FAIL: gcc.dg/pch/inline-1.c (test for excess errors)
FAIL: gcc.dg/pch/inline-1.c (test for excess errors)
FAIL: gcc.dg/pch/inline-1.c (test for excess errors)
FAIL: gcc.dg/pch/inline-1.c (test for excess errors)
FAIL: gcc.dg/pch/inline-1.c (test for excess errors)
FAIL: gcc.dg/pch/inline-1.c (test for excess errors)
FAIL: gcc.dg/pch/inline-1.c (test for excess errors)
FAIL: gcc.dg/pch/inline-2.c (test for excess errors)
FAIL: gcc.dg/pch/inline-2.c (test for excess errors)
FAIL: gcc.dg/pch/inline-2.c (test for excess errors)
FAIL: gcc.dg/pch/inline-2.c (test for excess errors)
FAIL: gcc.dg/pch/inline-2.c (test for excess errors)
FAIL: gcc.dg/pch/inline-2.c (test for excess errors)
FAIL: gcc.dg/pch/inline-2.c (test for excess errors)
FAIL: gcc.dg/pch/inline-3.c (test for excess errors)
FAIL: gcc.dg/pch/inline-3.c (test for excess errors)
FAIL: gcc.dg/pch/inline-3.c (test for excess errors)
FAIL: gcc.dg/pch/inline-3.c (test for excess errors)
FAIL: gcc.dg/pch/inline-3.c (test for excess errors)
FAIL: gcc.dg/pch/inline-3.c (test for excess errors)
FAIL: gcc.dg/pch/inline-3.c (test for excess errors)
FAIL: gcc.dg/pch/inline-4.c (test for excess errors)
FAIL: gcc.dg/pch/inline-4.c (test for excess errors)
FAIL: gcc.dg/pch/inline-4.c (test for excess errors)
FAIL: gcc.dg/pch/inline-4.c (test for excess errors)
FAIL: gcc.dg/pch/inline-4.c (test for excess errors)
FAIL: gcc.dg/pch/inline-4.c (test for excess errors)
FAIL: gcc.dg/pch/inline-4.c (test for excess errors)
FAIL: gcc.dg/pch/macro-1.c (test for excess errors)
FAIL: gcc.dg/pch/macro-1.c (test for excess errors)
FAIL: gcc.dg/pch/macro-1.c (test for excess errors)
FAIL: gcc.dg/pch/macro-1.c (test for excess errors)
FAIL: gcc.dg/pch/macro-1.c (test for excess errors)
FAIL: gcc.dg/pch/macro-1.c (test for excess errors)
FAIL: gcc.dg/pch/macro-1.c (test for excess errors)
FAIL: gcc.dg/pch/macro-2.c (test for excess errors)
FAIL: gcc.dg/pch/macro-2.c (test for excess errors)
FAIL: gcc.dg/pch/macro-2.c (test for excess errors)
FAIL: gcc.dg/pch/macro-2.c (test for excess errors)
FAIL: gcc.dg/pch/macro-2.c (test for excess errors)
FAIL: gcc.dg/pch/macro-2.c (test for excess errors)
FAIL: gcc.dg/pch/macro-2.c (test for excess errors)
FAIL: gcc.dg/pch/macro-3.c (test for excess errors)
FAIL: gcc.dg/pch/macro-3.c (test for excess errors)
FAIL: gcc.dg/pch/macro-3.c (test for excess errors)
FAIL: gcc.dg/pch/macro-3.c (test for excess errors)
FAIL: gcc.dg/pch/macro-3.c (test for excess errors)
FAIL: gcc.dg/pch/macro-3.c (test for excess errors)
FAIL: gcc.dg/pch/macro-3.c (test for excess errors)
FAIL: gcc.dg/pch/static-1.c (test for excess errors)
FAIL: gcc.dg/pch/static-1.c (test for excess errors)
FAIL: gcc.dg/pch/static-1.c (test for excess errors)
FAIL: gcc.dg/pch/static-1.c (test for excess errors)
FAIL: gcc.dg/pch/static-1.c (test for excess errors)
FAIL: gcc.dg/pch/static-1.c (test for excess errors)
FAIL: gcc.dg/pch/static-1.c (test for excess errors)
FAIL: gcc.dg/pch/static-2.c (test for excess errors)
FAIL: gcc.dg/pch/static-2.c (test for excess errors)
FAIL: gcc.dg/pch/static-2.c (test for excess errors)
FAIL: gcc.dg/pch/static-2.c (test for excess errors)
FAIL: gcc.dg/pch/static-2.c (test for excess errors)
FAIL: gcc.dg/pch/static-2.c (test for excess errors)
FAIL: gcc.dg/pch/static-2.c (test for excess errors)
FAIL: gcc.dg/pch/static-3.c (test for excess errors)
FAIL: gcc.dg/pch/static-3.c (test for excess errors)
FAIL: gcc.dg/pch/static-3.c (test for excess errors)
FAIL: gcc.dg/pch/static-3.c (test for excess errors)
FAIL: gcc.dg/pch/static-3.c (test for excess errors)
FAIL: gcc.dg/pch/static-3.c (test for excess errors)
FAIL: gcc.dg/pch/static-3.c (test for excess errors)
FAIL: gcc.dg/pch/system-1.c (test for excess errors)
FAIL: gcc.dg/pch/system-1.c (test for excess errors)
FAIL: gcc.dg/pch/system-1.c (test for excess errors)
FAIL: gcc.dg/pch/system-1.c (test for excess errors)
FAIL: gcc.dg/pch/system-1.c (test for excess errors)
FAIL: gcc.dg/pch/system-1.c (test for excess errors)
FAIL: gcc.dg/pch/system-1.c (test for excess errors)
FAIL: gcc.dg/torture/builtin-noret-1.c (test for excess errors)
FAIL: gcc.dg/torture/builtin-noret-1.c (test for excess errors)
FAIL: gcc.dg/torture/builtin-noret-1.c (test for excess errors)
FAIL: gcc.dg/torture/builtin-noret-1.c (test for excess errors)
FAIL: gcc.dg/torture/builtin-noret-1.c (test for excess errors)
FAIL: gcc.dg/torture/builtin-noret-1.c (test for excess errors)
FAIL: gcc.dg/torture/builtin-noret-2.c (test for excess errors)
FAIL: gcc.dg/torture/builtin-noret-2.c (test for excess errors)
FAIL: gcc.dg/torture/builtin-noret-2.c (test for excess errors)
FAIL: gcc.dg/torture/builtin-noret-2.c (test for excess errors)
FAIL: gcc.dg/torture/builtin-noret-2.c (test for excess errors)
FAIL: gcc.dg/torture/builtin-noret-2.c (test for excess errors)
=== gcc Summary ===
# of expected passes 23916
# of unexpected failures 179
# of expected failures 80
# of unresolved testcases 7
# of untested testcases 161
# of unsupported tests 162
/usr/local/src/gcc-binutils/trunk/objdir/gcc/xgcc version 3.4 20031027 (experimental)
=== objc tests ===
Running target unix
=== objc Summary ===
# of expected passes 1337
# of unsupported tests 7
/usr/local/src/gcc-binutils/trunk/objdir/gcc/xgcc version 3.4 20031027 (experimental)
=== libffi tests ===
Running target unix
FAIL: libffi.call/cls_16byte.c execution test
FAIL: libffi.call/cls_1_1byte.c execution test
FAIL: libffi.call/cls_20byte.c execution test
FAIL: libffi.call/cls_2byte.c execution test
FAIL: libffi.call/cls_3_1byte.c execution test
FAIL: libffi.call/cls_3byte1.c execution test
FAIL: libffi.call/cls_3byte2.c execution test
FAIL: libffi.call/cls_4_1byte.c execution test
FAIL: libffi.call/cls_4byte.c execution test
FAIL: libffi.call/cls_5byte.c execution test
FAIL: libffi.call/cls_6byte.c execution test
FAIL: libffi.call/cls_7byte.c execution test
FAIL: libffi.call/cls_8byte.c execution test
FAIL: libffi.call/many_win32.c (test for excess errors)
WARNING: libffi.call/many_win32.c compilation failed to produce executable
FAIL: libffi.call/nested_struct.c execution test
FAIL: libffi.call/nested_struct1.c execution test
FAIL: libffi.call/struct1.c execution test
FAIL: libffi.call/struct3.c execution test
FAIL: libffi.call/struct5.c execution test
FAIL: libffi.call/struct6.c execution test
FAIL: libffi.call/struct9.c execution test
=== libffi Summary ===
# of expected passes 92
# of unexpected failures 21
=== libjava tests ===
Running target unix
FAIL: linking calls
FAIL: linking cxxtest
FAIL: linking field
FAIL: linking final_method
FAIL: linking findclass
FAIL: linking invoke
FAIL: linking martin
FAIL: linking noclass
FAIL: linking overload
FAIL: linking pr11951
FAIL: linking register
FAIL: linking simple_int
FAIL: linking throwit
FAIL: linking virtual
FAIL: TestProxy execution - source compiled test
FAIL: TestProxy execution - bytecode->native test
FAIL: TestProxy -O3 execution - source compiled test
FAIL: TestProxy -O3 execution - bytecode->native test
FAIL: Thread_Interrupt -O3 output - source compiled test
FAIL: /usr/local/src/gcc-binutils/trunk/objdir/pentium4-cygwin/libjava/testsuite/TestEarlyGC.exe output - /usr/local/src/gcc-binutils/trunk/objdir/pentium4-cygwin/libjava/testsuite/TestEarlyGC.exe
FAIL: /usr/local/src/gcc-binutils/trunk/objdir/pentium4-cygwin/libjava/testsuite/TestLeak.exe execution - /usr/local/src/gcc-binutils/trunk/objdir/pentium4-cygwin/libjava/testsuite/TestLeak.exe
FAIL: /usr/local/src/gcc-binutils/trunk/objdir/pentium4-cygwin/libjava/testsuite/TestMultiple.exe output - /usr/local/src/gcc-binutils/trunk/objdir/pentium4-cygwin/libjava/testsuite/TestMultiple.exe
FAIL: /usr/local/src/gcc-binutils/trunk/objdir/pentium4-cygwin/libjava/testsuite/TestParent.exe output - /usr/local/src/gcc-binutils/trunk/objdir/pentium4-cygwin/libjava/testsuite/TestParent.exe
=== libjava Summary ===
# of expected passes 2583
# of unexpected failures 23
# of expected failures 24
# of untested testcases 13
=== libstdc++ tests ===
Running target unix
FAIL: 26_numerics/c99_classification_macros_c++.cc (test for excess errors)
FAIL: 26_numerics/c99_classification_macros_c.cc (test for excess errors)
FAIL: 27_io/basic_filebuf/sgetn/char/1-in.cc execution test
FAIL: 27_io/basic_filebuf/sgetn/char/1-io.cc execution test
FAIL: 27_io/basic_filebuf/sputbackc/char/9425.cc execution test
FAIL: 27_io/basic_istream/extractors_arithmetic/char/12.cc execution test
WARNING: program timed out.
FAIL: thread/pthread5.cc execution test
=== libstdc++ Summary ===
# of expected passes 1653
# of unexpected failures 7
# of expected failures 8
Compiler version: 3.4 20031027 (experimental)
Platform: i786-pc-cygwin
configure flags: pentium4-cygwin --prefix=/usr/local/gcc-binutils --enable-shared --enable-threads=posix --with-system-zlib --enable-libgcj
BOOT_CFLAGS=-O2 -fno-unit-at-a-time -g
Counting all warnings,
there are 202 warnings in stage0 of this bootstrap.
Number of warnings per file:
41 libjava/java/lang/mprec.h
41 include/_ansi.h
27 include/pthread.h
10 libiberty/regex.c
8 libjava/java/lang/natClassLoader.cc
6 libtool
6 fastjar/jartool.c
5 libiberty/concat.c
4 libjava/java/lang/strtod.c
4 libjava/java/lang/dtoa.c
4 libjava/gnu/gcj/runtime/natNameFinder.cc
4 libiberty/floatformat.c
3 libjava/java/lang/e_exp.c
3 libf2c/libI77/rsne.c
3 libf2c/libI77/inquire.c
3 include/xregex2.h
2 libobjc/linking.m
2 libmath/mathconf.h
2 libjava/prims.cc
2 libjava/gnu/gcj/runtime/natSharedLibLoader.cc
2 libiberty/strsignal.c
2 libiberty/getopt.c
2 libf2c/libI77/open.c
1 libstdc++-v3/src/locale.cc
1 libobjc/sendmsg.c
1 libobjc/encoding.c
1 libobjc/Protocol.m
1 libobjc/Object.m
1 libjava/jni.cc
1 libjava/java/lang/e_rem_pio2.c
1 libjava/java/lang/e_asin.c
1 libjava/gnu/gcj/io/shs.cc
1 libjava/boehm.cc
1 java/net/natNetworkInterface.cc
1 gcc/coretypes.h
1 gcc/boehm-gc/mark_rts.c
1 checking whether struct ip_mreq is in netinet/in.h... libtool
1 checking for _qfpclass declaration... libtool
1 ./runtime-info.h
Number of warning types:
42 this is the location of the previous definition
41 \`_EXFUN' redefined
8 signed and unsigned type in conditional expression
6 undefined symbols not allowed in i786-pc-cygwin shared libraries
5 unused parameter \`???'
5 traditional C rejects ISO C style function definitions
4 pointer targets in passing arg ??? of \`???' differ in signedness
4 dereferencing type-punned pointer will break strict-aliasing rules
4 comparison between signed and unsigned integer expressions
4 comparison between signed and unsigned
3 weak declaration of 'void* pthread_getspecific(__pthread_key_t*)' not supported
3 weak declaration of 'int pthread_setspecific(__pthread_key_t*, const void*)' not supported
3 weak declaration of 'int pthread_once(pthread_once_t*, void (*)())' not supported
3 weak declaration of 'int pthread_mutex_unlock(__pthread_mutex_t**)' not supported
3 weak declaration of 'int pthread_mutex_trylock(__pthread_mutex_t**)' not supported
3 weak declaration of 'int pthread_mutex_lock(__pthread_mutex_t**)' not supported
3 weak declaration of 'int pthread_key_delete(__pthread_key_t*)' not supported
3 weak declaration of 'int pthread_key_create(__pthread_key_t**, void (*)(void*))' not supported
3 weak declaration of 'int pthread_create(__pthread_t**, __pthread_attr_t* const*, void*(*)(void*), void*)' not supported
3 unused parameter 'name'
3 ISO C90 does not support \`static' or type qualifiers in parameter array declarators
2 unused parameter 'n'
2 unused parameter 'addrs'
2 unused parameter '_dummy'
2 string length \`???' is greater than the length \`???' ISO C89 compilers are required to support
2 conflicting types for built-in function 'nan'
1 unused variable \`???'
1 unused parameter 'preg'
1 unused parameter 'pd'
1 unused parameter 'offset'
1 unused parameter 'loader'
1 unused parameter 'length'
1 unused parameter 'from'
1 unused parameter 'fmt'
1 unused parameter 'data'
1 unused parameter 'args_size'
1 to ensure that POSIX-compatible ar will work
1 object name conflicts; overriding AR_FLAGS to 'cq'
1 implicit declaration of function \`???'
1 function returns address of local variable
1 \`rtx' redefined
1 'z' might be used uninitialized in this function
1 'x0' might be used uninitialized in this function
1 'x' might be used uninitialized in this function
1 'void byteReverse()' declared \`static' but never defined
1 'target_flags' defined but not used
1 't' might be used uninitialized in this function
1 'struct_forward_array' defined but not used
1 'spec_case' might be used uninitialized in this function
1 'mlo' might be used uninitialized in this function
1 'lo' might be used uninitialized in this function
1 'k' might be used uninitialized in this function
1 'ilim1' might be used uninitialized in this function
1 'ilim' might be used uninitialized in this function
1 'hi' might be used uninitialized in this function
1 'dn0' might be used uninitialized in this function
1 'dn' might be used uninitialized in this function
1 'delta' might be used uninitialized in this function
1 'bs' might be used uninitialized in this function
1 'bd' might be used uninitialized in this function
1 'bb' might be used uninitialized in this function
1 '__newf' might be used uninitialized in this function
Counting all warnings,
there are 19 warnings in stage3 of this bootstrap.
Number of warnings per file:
5 gcc/gcc.c
4 insn-conditions.c
3 gcc/unwind-sjlj.c
2 gcc/objc/lang-specs.h
2 gcc/f/sta.c
1 gcc/unwind-pe.h
1 gcc/java/jvspec.c
1 gcc/config/i386/i386.md
Number of warning types:
10 string length \`???' is greater than the length \`???' ISO C89 compilers are required to support
2 dereferencing type-punned pointer will break strict-aliasing rules
2 assignment of read-only location
1 unused parameter 'pc'
1 unused parameter 'context'
1 return makes integer from pointer without a cast
1 operand 1 missing mode?
1 'size_of_encoded_value' defined but not used