This is the mail archive of the
gcc-testresults@gcc.gnu.org
mailing list for the GCC project.
Results for 3.4 20031022 (experimental) testsuite on mips-sgi-irix6.5
- From: ro <ro at columba dot TechFak dot Uni-Bielefeld dot DE>
- To: gcc-testresults at gcc dot gnu dot org
- Date: Fri, 24 Oct 2003 22:18:21 +0200 (MEST)
- Subject: Results for 3.4 20031022 (experimental) testsuite on mips-sgi-irix6.5
LAST_UPDATED: Wed Oct 22 18:57:22 UTC 2003
Native configuration is mips-sgi-irix6.5
=== g++ tests ===
Running target unix/-mabi=32
FAIL: g++.dg/eh/registers1.C execution test
FAIL: g++.dg/expr/anew1.C execution test
FAIL: g++.dg/expr/anew2.C execution test
FAIL: g++.dg/expr/anew3.C execution test
FAIL: g++.dg/expr/anew4.C execution test
XPASS: g++.dg/ext/lvalue1.C not an lvalue (test for errors, line 7)
FAIL: g++.dg/ext/pretty1.C scan-assembler int bar\\(T\\).*with T = int
FAIL: g++.dg/ext/pretty1.C scan-assembler top level
FAIL: g++.dg/ext/pretty1.C scan-assembler int main\\(\\)
FAIL: g++.dg/ext/pretty1.C scan-assembler int bar\\(T\\).*with T = double
FAIL: g++.dg/ext/pretty1.C scan-assembler int bar\\(T\\).*with T = unsigned char*
FAIL: g++.dg/ext/pretty2.C (test for excess errors)
WARNING: g++.dg/ext/pretty2.C compilation failed to produce executable
FAIL: g++.dg/opt/inline4.C scan-assembler-not _Z1g
FAIL: g++.dg/opt/template1.C scan-assembler-not foo1
FAIL: g++.dg/parse/crash10.C (test for errors, line 14)
XPASS: g++.dg/warn/Wunused-2.C (test for warnings, line 5)
FAIL: g++.old-deja/g++.abi/ptrflags.C (test for excess errors)
WARNING: g++.old-deja/g++.abi/ptrflags.C compilation failed to produce executable
FAIL: g++.old-deja/g++.eh/catchptr1.C (test for excess errors)
WARNING: g++.old-deja/g++.eh/catchptr1.C compilation failed to produce executable
FAIL: g++.old-deja/g++.jason/thunk1.C (test for excess errors)
WARNING: g++.old-deja/g++.jason/thunk1.C compilation failed to produce executable
FAIL: g++.old-deja/g++.jason/thunk2.C (test for excess errors)
WARNING: g++.old-deja/g++.jason/thunk2.C compilation failed to produce executable
FAIL: g++.old-deja/g++.jason/thunk3.C (test for excess errors)
WARNING: g++.old-deja/g++.jason/thunk3.C compilation failed to produce executable
FAIL: g++.old-deja/g++.law/profile1.C (test for excess errors)
WARNING: g++.old-deja/g++.law/profile1.C compilation failed to produce executable
WARNING: g++.old-deja/g++.mike/p10769a.C compilation failed to produce executable
WARNING: g++.old-deja/g++.other/enum5.C compilation failed to produce executable
WARNING: g++.old-deja/g++.pt/friend44.C compilation failed to produce executable
FAIL: g++.old-deja/g++.pt/vaarg3.C (test for excess errors)
=== g++ Summary ===
# of expected passes 8674
# of unexpected failures 21
# of unexpected successes 2
# of expected failures 61
# of unsupported tests 62
/.vol/gcc/obj/gcc-3.4-20031022/6.5-cc-c++-gas/gcc/testsuite/../g++ version 3.4 20031022 (experimental)
=== gcc tests ===
Running target unix/-mabi=32
WARNING: program timed out.
FAIL: gcc.c-torture/compile/20001226-1.c (test for excess errors)
WARNING: program timed out.
FAIL: gcc.c-torture/compile/20001226-1.c (test for excess errors)
WARNING: program timed out.
FAIL: gcc.c-torture/compile/20001226-1.c (test for excess errors)
WARNING: program timed out.
FAIL: gcc.c-torture/compile/20001226-1.c (test for excess errors)
WARNING: program timed out.
FAIL: gcc.c-torture/compile/20001226-1.c (test for excess errors)
XPASS: gcc.c-torture/execute/20020227-1.c execution, -O0
XPASS: gcc.c-torture/execute/20020227-1.c execution, -O1
XPASS: gcc.c-torture/execute/20020227-1.c execution, -O2
XPASS: gcc.c-torture/execute/20020227-1.c execution, -O3 -fomit-frame-pointer
XPASS: gcc.c-torture/execute/20020227-1.c execution, -O3 -g
XPASS: gcc.c-torture/execute/20020227-1.c execution, -Os
UNRESOLVED: gcc.c-torture/execute/wchar_t-1.c execution, -O0
UNRESOLVED: gcc.c-torture/execute/wchar_t-1.c execution, -O1
UNRESOLVED: gcc.c-torture/execute/wchar_t-1.c execution, -O2
UNRESOLVED: gcc.c-torture/execute/wchar_t-1.c execution, -O3 -fomit-frame-pointer
UNRESOLVED: gcc.c-torture/execute/wchar_t-1.c execution, -O3 -g
UNRESOLVED: gcc.c-torture/execute/wchar_t-1.c execution, -Os
FAIL: gcc.dg/compat/sdata-1 c_compat_y_tst.o compile
UNRESOLVED: gcc.dg/compat/sdata-1 c_compat_x_tst.o-c_compat_y_tst.o link
UNRESOLVED: gcc.dg/compat/sdata-1 c_compat_x_tst.o-c_compat_y_tst.o execute
WARNING: gcc.dg/20021014-1.c compilation failed to produce executable
FAIL: gcc.dg/builtins-1.c scan-assembler-not __builtin_
FAIL: gcc.dg/builtins-18.c (test for excess errors)
FAIL: gcc.dg/builtins-20.c (test for excess errors)
FAIL: gcc.dg/const-elim-2.c scan-assembler-times hi there 1
WARNING: program timed out.
FAIL: gcc.dg/funcorder.c scan-assembler-not link_error
FAIL: gcc.dg/inline-1.c scan-assembler-not xyzzy
WARNING: gcc.dg/nest.c compilation failed to produce executable
XPASS: gcc.dg/sibcall-3.c execution test
XPASS: gcc.dg/sibcall-4.c execution test
FAIL: gcc.dg/unused-5.c scan-assembler string_to_look_for
WARNING: program timed out.
WARNING: program timed out.
WARNING: program timed out.
FAIL: gcc.dg/special/wkali-2.c (test for excess errors)
FAIL: gcc.dg/special/wkali-2.c execution test
=== gcc Summary ===
# of expected passes 23139
# of unexpected failures 15
# of unexpected successes 8
# of expected failures 79
# of unresolved testcases 8
# of untested testcases 7
# of unsupported tests 254
/.vol/gcc/obj/gcc-3.4-20031022/6.5-cc-c++-gas/gcc/xgcc version 3.4 20031022 (experimental)
=== libstdc++ tests ===
Running target unix/-mabi=32
FAIL: 22_locale/ctype/cons/char/1.cc execution test
FAIL: 27_io/basic_istream/extractors_arithmetic/char/12.cc execution test
=== libstdc++ Summary ===
# of expected passes 1640
# of unexpected failures 2
# of expected failures 1
# of unsupported tests 7
Compiler version: 3.4 20031022 (experimental)
Platform: mips-sgi-irix6.5
configure flags: --prefix=/.vol/gcc --with-local-prefix=/.vol/gcc --disable-nls --with-gnu-as --with-as=/homes/ro/bin/gas-2.14.90 --enable-languages=c,c++