This is the mail archive of the
gcc-testresults@gcc.gnu.org
mailing list for the GCC project.
Results for 3.3.2 20031007 (prerelease) testsuite on sparc-sun-solaris2.8
- From: Brad Lucier <lucier at math dot purdue dot edu>
- To: gcc-testresults at gcc dot gnu dot org
- Date: Wed, 8 Oct 2003 08:55:08 -0500 (EST)
- Subject: Results for 3.3.2 20031007 (prerelease) testsuite on sparc-sun-solaris2.8
LAST_UPDATED: Tue Oct 7 22:43:46 UTC 2003
Native configuration is sparc-sun-solaris2.8
=== g++ tests ===
Running target unix/-m64
FAIL: g++.dg/ext/attrib8.C (test for excess errors)
FAIL: g++.dg/template/ptrmem4.C (test for errors, line 19)
FAIL: g++.dg/template/ptrmem4.C (test for excess errors)
=== g++ Summary for unix/-m64 ===
# of expected passes 8081
# of unexpected failures 3
# of expected failures 99
# of untested testcases 21
# of unsupported tests 26
Running target unix
FAIL: g++.dg/ext/attrib8.C (test for excess errors)
FAIL: g++.dg/template/ptrmem4.C (test for errors, line 19)
FAIL: g++.dg/template/ptrmem4.C (test for excess errors)
=== g++ Summary for unix ===
# of expected passes 8082
# of unexpected failures 3
# of expected failures 98
# of untested testcases 21
# of unsupported tests 26
=== g++ Summary ===
# of expected passes 16163
# of unexpected failures 6
# of expected failures 197
# of untested testcases 42
# of unsupported tests 52
/export/mdd0/users/lucier/programs/gcc/gcc-3.3/objdir/gcc/testsuite/../g++ version 3.3.2 20031007 (prerelease)
=== g77 tests ===
Running target unix/-m64
=== g77 Summary for unix/-m64 ===
# of expected passes 1686
# of unsupported tests 8
Running target unix
=== g77 Summary for unix ===
# of expected passes 1686
# of unsupported tests 8
=== g77 Summary ===
# of expected passes 3372
# of unsupported tests 16
/export/mdd0/users/lucier/programs/gcc/gcc-3.3/objdir/gcc/testsuite/../g77 version 3.3.2 20031007 (prerelease)
=== gcc tests ===
Running target unix/-m64
WARNING: gcc.dg/20021014-1.c compilation failed to produce executable
FAIL: gcc.dg/duff-2.c (test for excess errors)
FAIL: gcc.dg/sparc-ret.c (test for excess errors)
ERROR: gcc.dg/sparc-ret.c: error executing dg-final: couldn't open "sparc-ret.s": no such file or directory
UNRESOLVED: gcc.dg/sparc-ret.c: error executing dg-final: couldn't open "sparc-ret.s": no such file or directory
=== gcc Summary for unix/-m64 ===
# of expected passes 20948
# of unexpected failures 2
# of expected failures 77
# of unresolved testcases 1
# of unsupported tests 166
Running target unix
WARNING: gcc.dg/20021014-1.c compilation failed to produce executable
FAIL: gcc.dg/duff-2.c (test for excess errors)
=== gcc Summary for unix ===
# of expected passes 20961
# of unexpected failures 1
# of expected failures 67
# of unsupported tests 166
=== gcc Summary ===
# of expected passes 41909
# of unexpected failures 3
# of expected failures 144
# of unresolved testcases 1
# of unsupported tests 332
/export/mdd0/users/lucier/programs/gcc/gcc-3.3/objdir/gcc/xgcc version 3.3.2 20031007 (prerelease)
=== objc tests ===
Running target unix/-m64
=== objc Summary for unix/-m64 ===
# of expected passes 1153
Running target unix
=== objc Summary for unix ===
# of expected passes 1153
=== objc Summary ===
# of expected passes 2306
/export/mdd0/users/lucier/programs/gcc/gcc-3.3/objdir/gcc/xgcc version 3.3.2 20031007 (prerelease)
=== libjava tests ===
Running target unix/-m64
FAIL: Array_3 execution - gij test
FAIL: Array_3 execution - gij test
FAIL: FileHandleGcTest execution - source compiled test
FAIL: FileHandleGcTest execution - gij test
FAIL: FileHandleGcTest execution - bytecode->native test
FAIL: FileHandleGcTest -O execution - source compiled test
FAIL: FileHandleGcTest execution - gij test
FAIL: FileHandleGcTest -O execution - bytecode->native test
WARNING: program timed out.
FAIL: SyncTest execution - gij test
WARNING: program timed out.
FAIL: SyncTest execution - bytecode->native test
WARNING: program timed out.
FAIL: SyncTest execution - gij test
WARNING: program timed out.
FAIL: SyncTest -O execution - bytecode->native test
FAIL: Thread_Wait_Interrupt execution - gij test
FAIL: Thread_Wait_Interrupt execution - gij test
=== libjava Summary for unix/-m64 ===
# of expected passes 2963
# of unexpected failures 14
# of expected failures 16
# of untested testcases 26
Running target unix
FAIL: Array_3 execution - gij test
FAIL: Array_3 execution - gij test
FAIL: FileHandleGcTest execution - source compiled test
FAIL: FileHandleGcTest execution - bytecode->native test
FAIL: FileHandleGcTest -O execution - source compiled test
FAIL: FileHandleGcTest -O execution - bytecode->native test
FAIL: SyncTest execution - gij test
FAIL: SyncTest execution - gij test
FAIL: TLtest execution - gij test
FAIL: TLtest execution - gij test
FAIL: Thread_Join execution - gij test
FAIL: Thread_Monitor execution - gij test
FAIL: Thread_Wait_Interrupt execution - gij test
FAIL: Thread_Wait_Interrupt execution - gij test
FAIL: Throw_2 execution - source compiled test
FAIL: Throw_2 execution - gij test
FAIL: Throw_2 execution - bytecode->native test
FAIL: Throw_2 -O execution - source compiled test
FAIL: Throw_2 execution - gij test
FAIL: Throw_2 -O execution - bytecode->native test
=== libjava Summary for unix ===
# of expected passes 2951
# of unexpected failures 20
# of expected failures 16
# of untested testcases 32
=== libjava Summary ===
# of expected passes 5914
# of unexpected failures 34
# of expected failures 32
# of untested testcases 58
=== libstdc++-v3 tests ===
Running target unix/-m64
=== libstdc++-v3 Summary for unix/-m64 ===
# of expected passes 429
# of expected failures 18
Running target unix
=== libstdc++-v3 Summary for unix ===
# of expected passes 429
# of expected failures 18
=== libstdc++-v3 Summary ===
# of expected passes 858
# of expected failures 36
Compiler version: 3.3.2 20031007 (prerelease)
Platform: sparc-sun-solaris2.8
configure flags: --host=sparc-sun-solaris2.8
Counting all warnings,
there are 17 warnings in stage3 of this bootstrap.
Number of warnings per file:
4 gcc/unwind-dw2.c
3 gcc/gcc.c
2 gcc/unwind-pe.h
2 gcc/libgcc2.c
2 gcc/f/sta.c
2 /pkgs/gnu/share/bison.simple
1 gcc/objc/lang-specs.h
1 gcc/java/jvspec.c
Number of warning types:
4 string length \`???' is greater than the length \`???' ISO C89 compilers are required to support
2 missing braces around initializer
2 implicit declaration of function \`???'
2 dereferencing type-punned pointer will break strict-aliasing rules
2 comparison between signed and unsigned
2 \`???' defined but not used
2 (near initialization for \`???')
1 traditional C rejects string concatenation