This is the mail archive of the
gcc-testresults@gcc.gnu.org
mailing list for the GCC project.
Results for 3.4 20031002 (experimental) testsuite on powerpc-apple-darwin.6.3
- From: Andreas Tobler <toa at pop dot agri dot ch>
- To: gcc-results <gcc-testresults at gcc dot gnu dot org>
- Date: Fri, 03 Oct 2003 06:25:42 +0200
- Subject: Results for 3.4 20031002 (experimental) testsuite on powerpc-apple-darwin.6.3
LAST_UPDATED: Thu Oct 2 04:37:14 UTC 2003
Native configuration is powerpc-apple-darwin6.3
=== g++ tests ===
Running target unix
FAIL: g++.dg/eh/simd-2.C (test for excess errors)
WARNING: g++.dg/eh/simd-2.C compilation failed to produce executable
FAIL: g++.dg/ext/altivec-1.C (test for excess errors)
XPASS: g++.dg/ext/lvalue1.C not an lvalue (test for errors, line 7)
FAIL: g++.dg/ext/pretty1.C scan-assembler top level
FAIL: g++.dg/ext/pretty2.C (test for excess errors)
WARNING: g++.dg/ext/pretty2.C compilation failed to produce executable
FAIL: g++.dg/ext/vla1.C (test for excess errors)
FAIL: g++.dg/init/init-ref4.C (test for excess errors)
WARNING: g++.dg/init/init-ref4.C compilation failed to produce executable
XPASS: g++.dg/other/packed1.C execution test
FAIL: g++.dg/parse/attr-ctor1.C (test for excess errors)
FAIL: g++.dg/parse/constant4.C (test for excess errors)
FAIL: g++.dg/parse/crash10.C (test for errors, line 14)
FAIL: g++.dg/template/explicit-instantiation2.C scan-assembler _Z1fIiET_S0_
FAIL: g++.dg/template/non-dependent2.C (test for excess errors)
FAIL: g++.dg/template/non-dependent3.C (test for excess errors)
XPASS: g++.dg/warn/Wunused-2.C (test for warnings, line 5)
FAIL: g++.dg/warn/weak1.C (test for excess errors)
FAIL: g++.dg/special/conpr-3.C execution test
FAIL: g++.old-deja/g++.eh/badalloc1.C (test for excess errors)
FAIL: g++.old-deja/g++.ext/attrib5.C (test for excess errors)
WARNING: g++.old-deja/g++.ext/attrib5.C compilation failed to produce executable
WARNING: g++.old-deja/g++.mike/p10769a.C compilation failed to produce executable
FAIL: g++.old-deja/g++.mike/p4750.C (test for excess errors)
FAIL: g++.old-deja/g++.other/comdat3.C (test for excess errors)
WARNING: g++.old-deja/g++.other/comdat3.C compilation failed to produce executable
WARNING: g++.old-deja/g++.other/enum5.C compilation failed to produce executable
FAIL: g++.old-deja/g++.other/local-alloc1.C (test for excess errors)
FAIL: g++.old-deja/g++.other/mangle3.C (test for excess errors)
WARNING: g++.old-deja/g++.pt/friend44.C compilation failed to produce executable
FAIL: g++.old-deja/g++.pt/static3.C (test for excess errors)
WARNING: g++.old-deja/g++.pt/static3.C compilation failed to produce executable
FAIL: g++.old-deja/g++.pt/static6.C (test for excess errors)
=== g++ Summary ===
# of expected passes 8793
# of unexpected failures 22
# of unexpected successes 3
# of expected failures 61
# of unsupported tests 60
/Volumes/xufs/gcc-cvs-clean/objdir/gcc/testsuite/../g++ version 3.4 20031002 (experimental)
=== gcc tests ===
Running target unix
FAIL: gcc.c-torture/execute/20000412-3.c execution, -O2
FAIL: gcc.c-torture/execute/20030811-1.c compilation, -O0
UNRESOLVED: gcc.c-torture/execute/20030811-1.c execution, -O0
FAIL: gcc.c-torture/execute/20030811-1.c compilation, -O1
UNRESOLVED: gcc.c-torture/execute/20030811-1.c execution, -O1
FAIL: gcc.c-torture/execute/20030811-1.c compilation, -O2
UNRESOLVED: gcc.c-torture/execute/20030811-1.c execution, -O2
FAIL: gcc.c-torture/execute/20030811-1.c compilation, -O3 -fomit-frame-pointer
UNRESOLVED: gcc.c-torture/execute/20030811-1.c execution, -O3 -fomit-frame-pointer
FAIL: gcc.c-torture/execute/20030811-1.c compilation, -O3 -g
UNRESOLVED: gcc.c-torture/execute/20030811-1.c execution, -O3 -g
FAIL: gcc.c-torture/execute/20030811-1.c compilation, -Os
UNRESOLVED: gcc.c-torture/execute/20030811-1.c execution, -Os
FAIL: gcc.c-torture/execute/pure-1.c compilation, -O1
UNRESOLVED: gcc.c-torture/execute/pure-1.c execution, -O1
FAIL: gcc.c-torture/execute/pure-1.c compilation, -O2
UNRESOLVED: gcc.c-torture/execute/pure-1.c execution, -O2
FAIL: gcc.c-torture/execute/pure-1.c compilation, -Os
UNRESOLVED: gcc.c-torture/execute/pure-1.c execution, -Os
UNRESOLVED: gcc.c-torture/execute/wchar_t-1.c execution, -O0
UNRESOLVED: gcc.c-torture/execute/wchar_t-1.c execution, -O1
UNRESOLVED: gcc.c-torture/execute/wchar_t-1.c execution, -O2
UNRESOLVED: gcc.c-torture/execute/wchar_t-1.c execution, -O3 -fomit-frame-pointer
UNRESOLVED: gcc.c-torture/execute/wchar_t-1.c execution, -O3 -g
UNRESOLVED: gcc.c-torture/execute/wchar_t-1.c execution, -Os
FAIL: gcc.dg/compat/struct-by-value-1 c_compat_x_tst.o-c_compat_y_tst.o link
UNRESOLVED: gcc.dg/compat/struct-by-value-1 c_compat_x_tst.o-c_compat_y_tst.o execute
FAIL: gcc.dg/compat/struct-by-value-2 c_compat_x_tst.o-c_compat_y_tst.o link
UNRESOLVED: gcc.dg/compat/struct-by-value-2 c_compat_x_tst.o-c_compat_y_tst.o execute
FAIL: gcc.dg/compat/struct-by-value-4 c_compat_x_tst.o-c_compat_y_tst.o link
UNRESOLVED: gcc.dg/compat/struct-by-value-4 c_compat_x_tst.o-c_compat_y_tst.o execute
FAIL: gcc.dg/compat/struct-by-value-8 c_compat_x_tst.o-c_compat_y_tst.o link
UNRESOLVED: gcc.dg/compat/struct-by-value-8 c_compat_x_tst.o-c_compat_y_tst.o execute
FAIL: gcc.dg/compat/struct-by-value-9 c_compat_x_tst.o-c_compat_y_tst.o link
UNRESOLVED: gcc.dg/compat/struct-by-value-9 c_compat_x_tst.o-c_compat_y_tst.o execute
FAIL: gcc.dg/compat/struct-return-2 c_compat_x_tst.o-c_compat_y_tst.o link
UNRESOLVED: gcc.dg/compat/struct-return-2 c_compat_x_tst.o-c_compat_y_tst.o execute
FAIL: gcc.dg/compat/vector-1 c_compat_x_tst.o compile
FAIL: gcc.dg/compat/vector-1 c_compat_y_tst.o compile
UNRESOLVED: gcc.dg/compat/vector-1 c_compat_x_tst.o-c_compat_y_tst.o link
UNRESOLVED: gcc.dg/compat/vector-1 c_compat_x_tst.o-c_compat_y_tst.o execute
FAIL: gcc.dg/compat/vector-2 c_compat_x_tst.o compile
FAIL: gcc.dg/compat/vector-2 c_compat_y_tst.o compile
UNRESOLVED: gcc.dg/compat/vector-2 c_compat_x_tst.o-c_compat_y_tst.o link
UNRESOLVED: gcc.dg/compat/vector-2 c_compat_x_tst.o-c_compat_y_tst.o execute
FAIL: gcc.dg/asm-names.c (test for excess errors)
FAIL: gcc.dg/builtins-18.c (test for excess errors)
FAIL: gcc.dg/builtins-20.c (test for excess errors)
FAIL: gcc.dg/const-elim-1.c scan-assembler-not L\\\$?C[^A-Z]
FAIL: gcc.dg/struct-by-value-1.c (test for excess errors)
WARNING: gcc.dg/struct-by-value-1.c compilation failed to produce executable
UNRESOLVED: gcc.dg/special/weak-1.c
UNRESOLVED: gcc.dg/special/weak-2.c
UNRESOLVED: gcc.dg/special/wkali-1.c
UNRESOLVED: gcc.dg/special/wkali-2.c
FAIL: gcc.dg/torture/builtin-noret-1.c (test for excess errors)
FAIL: gcc.dg/torture/builtin-noret-1.c (test for excess errors)
FAIL: gcc.dg/torture/builtin-noret-1.c (test for excess errors)
FAIL: gcc.dg/torture/builtin-noret-1.c (test for excess errors)
FAIL: gcc.dg/torture/builtin-noret-1.c (test for excess errors)
FAIL: gcc.dg/torture/builtin-noret-1.c (test for excess errors)
FAIL: gcc.dg/torture/builtin-noret-2.c (test for excess errors)
FAIL: gcc.dg/torture/builtin-noret-2.c (test for excess errors)
FAIL: gcc.dg/torture/builtin-noret-2.c (test for excess errors)
FAIL: gcc.dg/torture/builtin-noret-2.c (test for excess errors)
FAIL: gcc.dg/torture/builtin-noret-2.c (test for excess errors)
FAIL: gcc.dg/torture/builtin-noret-2.c (test for excess errors)
UNRESOLVED: gcc.dg/weak/typeof-2.c
UNRESOLVED: gcc.dg/weak/weak-1.c
UNRESOLVED: gcc.dg/weak/weak-2.c
UNRESOLVED: gcc.dg/weak/weak-3.c
UNRESOLVED: gcc.dg/weak/weak-4.c
UNRESOLVED: gcc.dg/weak/weak-5.c
UNRESOLVED: gcc.dg/weak/weak-6.c
UNRESOLVED: gcc.dg/weak/weak-7.c
UNRESOLVED: gcc.dg/weak/weak-8.c
UNRESOLVED: gcc.dg/weak/weak-9.c
=== gcc Summary ===
# of expected passes 23735
# of unexpected failures 37
# of expected failures 81
# of unresolved testcases 39
# of untested testcases 7
# of unsupported tests 267
/Volumes/xufs/gcc-cvs-clean/objdir/gcc/xgcc version 3.4 20031002 (experimental)
=== libffi tests ===
Running target unix
=== libffi Summary ===
# of expected passes 154
# of unsupported tests 2
=== libjava tests ===
Running target unix
FAIL: cxxtest.c compilation
FAIL: Throw_2 execution - source compiled test
FAIL: Throw_2 execution - gij test
FAIL: Throw_2 execution - bytecode->native test
FAIL: Throw_2 -O3 execution - source compiled test
FAIL: Throw_2 execution - gij test
FAIL: Throw_2 -O3 execution - bytecode->native test
FAIL: gnu.testlet.BinaryCompatibility.BinaryCompatibilityTest: IL bin_01: (number 1)
FAIL: gnu.testlet.BinaryCompatibility.BinaryCompatibilityTest: IL bin_01: (number 1)
FAIL: gnu.testlet.BinaryCompatibility.BinaryCompatibilityTest: IL bin_01: (number 1)
FAIL: gnu.testlet.BinaryCompatibility.BinaryCompatibilityTest: IL bin_01: (number 1)
FAIL: gnu.testlet.BinaryCompatibility.BinaryCompatibilityTest: IL bin_02: (number 1)
FAIL: gnu.testlet.BinaryCompatibility.BinaryCompatibilityTest: IL bin_02: (number 1)
FAIL: gnu.testlet.BinaryCompatibility.BinaryCompatibilityTest: IL bin_02: (number 1)
FAIL: gnu.testlet.BinaryCompatibility.BinaryCompatibilityTest: IL bin_02: (number 1)
FAIL: gnu.testlet.BinaryCompatibility.BinaryCompatibilityTest: IL bin_03: (number 1)
FAIL: gnu.testlet.BinaryCompatibility.BinaryCompatibilityTest: IL bin_03: (number 1)
FAIL: gnu.testlet.BinaryCompatibility.BinaryCompatibilityTest: IL bin_03: (number 1)
FAIL: gnu.testlet.BinaryCompatibility.BinaryCompatibilityTest: IL bin_03: (number 1)
FAIL: gnu.testlet.BinaryCompatibility.BinaryCompatibilityTest: IL bin_04: (number 1)
FAIL: gnu.testlet.BinaryCompatibility.BinaryCompatibilityTest: IL bin_04: (number 1)
FAIL: gnu.testlet.BinaryCompatibility.BinaryCompatibilityTest: IL bin_04: (number 1)
FAIL: gnu.testlet.BinaryCompatibility.BinaryCompatibilityTest: IL bin_04: (number 1)
FAIL: gnu.testlet.BinaryCompatibility.BinaryCompatibilityTest: IL bin_05: (number 1)
FAIL: gnu.testlet.BinaryCompatibility.BinaryCompatibilityTest: IL bin_05: (number 1)
FAIL: gnu.testlet.BinaryCompatibility.BinaryCompatibilityTest: IL bin_05: (number 1)
FAIL: gnu.testlet.BinaryCompatibility.BinaryCompatibilityTest: IL bin_05: (number 1)
FAIL: gnu.testlet.BinaryCompatibility.BinaryCompatibilityTest: IL bin_06: (number 1)
FAIL: gnu.testlet.BinaryCompatibility.BinaryCompatibilityTest: IL bin_06: (number 1)
FAIL: gnu.testlet.BinaryCompatibility.BinaryCompatibilityTest: IL bin_06: (number 1)
FAIL: gnu.testlet.BinaryCompatibility.BinaryCompatibilityTest: IL bin_06: (number 1)
FAIL: gnu.testlet.BinaryCompatibility.BinaryCompatibilityTest: IL bin_07: (number 1)
FAIL: gnu.testlet.BinaryCompatibility.BinaryCompatibilityTest: IL bin_07: (number 1)
FAIL: gnu.testlet.BinaryCompatibility.BinaryCompatibilityTest: IL bin_07: (number 1)
FAIL: gnu.testlet.BinaryCompatibility.BinaryCompatibilityTest: IL bin_07: (number 1)
FAIL: gnu.testlet.BinaryCompatibility.BinaryCompatibilityTest: IL bin_08: (number 1)
FAIL: gnu.testlet.BinaryCompatibility.BinaryCompatibilityTest: IL bin_08: (number 1)
FAIL: gnu.testlet.BinaryCompatibility.BinaryCompatibilityTest: IL bin_08: (number 1)
FAIL: gnu.testlet.BinaryCompatibility.BinaryCompatibilityTest: IL bin_08: (number 1)
FAIL: gnu.testlet.BinaryCompatibility.BinaryCompatibilityTest: IL bin_09: (number 1)
FAIL: gnu.testlet.BinaryCompatibility.BinaryCompatibilityTest: IL bin_09: (number 1)
FAIL: gnu.testlet.BinaryCompatibility.BinaryCompatibilityTest: IL bin_09: (number 1)
FAIL: gnu.testlet.BinaryCompatibility.BinaryCompatibilityTest: IL bin_09: (number 1)
FAIL: gnu.testlet.BinaryCompatibility.BinaryCompatibilityTest: IL bin_10: (number 1)
FAIL: gnu.testlet.BinaryCompatibility.BinaryCompatibilityTest: IL bin_10: (number 1)
FAIL: gnu.testlet.BinaryCompatibility.BinaryCompatibilityTest: IL bin_10: (number 1)
FAIL: gnu.testlet.BinaryCompatibility.BinaryCompatibilityTest: IL bin_10: (number 1)
FAIL: gnu.testlet.BinaryCompatibility.BinaryCompatibilityTest: IL bin_11: (number 1)
FAIL: gnu.testlet.BinaryCompatibility.BinaryCompatibilityTest: IL bin_11: (number 1)
FAIL: gnu.testlet.BinaryCompatibility.BinaryCompatibilityTest: IL bin_11: (number 1)
FAIL: gnu.testlet.BinaryCompatibility.BinaryCompatibilityTest: IL bin_11: (number 1)
FAIL: gnu.testlet.BinaryCompatibility.BinaryCompatibilityTest: IL bin_12: (number 1)
FAIL: gnu.testlet.BinaryCompatibility.BinaryCompatibilityTest: IL bin_12: (number 1)
FAIL: gnu.testlet.BinaryCompatibility.BinaryCompatibilityTest: IL bin_12: (number 1)
FAIL: gnu.testlet.BinaryCompatibility.BinaryCompatibilityTest: IL bin_12: (number 1)
FAIL: gnu.testlet.BinaryCompatibility.BinaryCompatibilityTest: IL bin_13: (number 1)
FAIL: gnu.testlet.BinaryCompatibility.BinaryCompatibilityTest: IL bin_13: (number 1)
FAIL: gnu.testlet.BinaryCompatibility.BinaryCompatibilityTest: IL bin_13: (number 1)
FAIL: gnu.testlet.BinaryCompatibility.BinaryCompatibilityTest: IL bin_13: (number 1)
FAIL: gnu.testlet.BinaryCompatibility.BinaryCompatibilityTest: IL bin_14: (number 1)
FAIL: gnu.testlet.BinaryCompatibility.BinaryCompatibilityTest: IL bin_14: (number 1)
FAIL: gnu.testlet.BinaryCompatibility.BinaryCompatibilityTest: IL bin_14: (number 1)
FAIL: gnu.testlet.BinaryCompatibility.BinaryCompatibilityTest: IL bin_14: (number 1)
FAIL: gnu.testlet.BinaryCompatibility.BinaryCompatibilityTest: IL bin_15: (number 1)
FAIL: gnu.testlet.BinaryCompatibility.BinaryCompatibilityTest: IL bin_15: (number 1)
FAIL: gnu.testlet.BinaryCompatibility.BinaryCompatibilityTest: IL bin_15: (number 1)
FAIL: gnu.testlet.BinaryCompatibility.BinaryCompatibilityTest: IL bin_15: (number 1)
FAIL: gnu.testlet.BinaryCompatibility.BinaryCompatibilityTest: IL bin_16: (number 1)
FAIL: gnu.testlet.BinaryCompatibility.BinaryCompatibilityTest: IL bin_16: (number 1)
FAIL: gnu.testlet.BinaryCompatibility.BinaryCompatibilityTest: IL bin_16: (number 1)
FAIL: gnu.testlet.BinaryCompatibility.BinaryCompatibilityTest: IL bin_16: (number 1)
FAIL: gnu.testlet.BinaryCompatibility.BinaryCompatibilityTest: IL bin_17: (number 1)
FAIL: gnu.testlet.BinaryCompatibility.BinaryCompatibilityTest: IL bin_17: (number 1)
FAIL: gnu.testlet.BinaryCompatibility.BinaryCompatibilityTest: IL bin_17: (number 1)
FAIL: gnu.testlet.BinaryCompatibility.BinaryCompatibilityTest: IL bin_17: (number 1)
FAIL: gnu.testlet.BinaryCompatibility.BinaryCompatibilityTest: IL bin_18: (number 1)
FAIL: gnu.testlet.BinaryCompatibility.BinaryCompatibilityTest: IL bin_18: (number 1)
FAIL: gnu.testlet.BinaryCompatibility.BinaryCompatibilityTest: IL bin_18: (number 1)
FAIL: gnu.testlet.BinaryCompatibility.BinaryCompatibilityTest: IL bin_18: (number 1)
FAIL: gnu.testlet.java.io.File.security: dir.canWrite() (number 1)
FAIL: gnu.testlet.java.io.File.security: dir.canRead() (number 1)
FAIL: gnu.testlet.java.io.File.security: file.createNewFile() (number 1)
FAIL: gnu.testlet.java.io.File.security: file.delete() (number 1)
FAIL: gnu.testlet.java.io.File.security: dir.list(null) (number 1)
FAIL: gnu.testlet.java.io.File.security: dir.list() (number 1)
FAIL: gnu.testlet.java.io.File.security: dir.listFiles() (number 1)
FAIL: gnu.testlet.java.io.File.security: dir.listFiles(FilenameFilter) (number 1)
FAIL: gnu.testlet.java.io.File.security: dir.listFiles(FileFilter) (number 1)
FAIL: gnu.testlet.java.io.File.security: dir.createTempFile(2-args) (number 1)
FAIL: gnu.testlet.java.io.File.security: File.createTempFile(3-args) (number 1)
FAIL: gnu.testlet.java.io.File.security: dir.setReadOnly() (number 1)
FAIL: gnu.testlet.java.io.File.security: File.listRoots() (number 1)
FAIL: gnu.testlet.java.io.File.security: file.renameTo() (number 1)
FAIL: gnu.testlet.java.io.File.security: dir.setLastModified() (number 1)
FAIL: gnu.testlet.java.io.File.security: dir.deleteOnExit() (number 1)
FAIL: gnu.testlet.java.io.ObjectInputOutput.InputTest: gnu.testlet.java.io.ObjectInputOutput.Test\$GetPutField (number 1)
FAIL: gnu.testlet.java.io.OutputStreamWriter.jdk11: OutputStreamWriter(writer, encoding) (number 1)
FAIL: gnu.testlet.java.io.OutputStreamWriter.jdk11: OutputStreamWriter(writer, encoding) // alias (number 1)
FAIL: gnu.testlet.java.io.PrintStream.subclass (number 1)
FAIL: gnu.testlet.java.io.PrintWriter.jdk11: checkError() after close() (number 1)
FAIL: gnu.testlet.java.lang.Math.MathTest: Error : test_pow failed - 9 (number 1)
FAIL: gnu.testlet.java.lang.Math.sin (number 1)
FAIL: gnu.testlet.java.lang.Package.getPackage: uncaught exception at number 1: java.lang.ArrayIndexOutOfBoundsException: 1
XPASS: gnu.testlet.java.lang.String.getBytes13: String.getBytes("UTF-16") (number 1)
XPASS: gnu.testlet.java.lang.String.getBytes14: String.getBytes("UTF-16BE") (number 1)
XPASS: gnu.testlet.java.lang.String.getBytes14: String.getBytes("UTF-16LE") (number 1)
FAIL: gnu.testlet.java.lang.Thread.contextClassLoader: null is a valid contextClassLoader (number 1)
FAIL: gnu.testlet.java.lang.Thread.contextClassLoader: New thread inherits null classloader (number 1)
FAIL: gnu.testlet.java.lang.Thread.contextClassLoader: run with null classloader (number 1)
FAIL: gnu.testlet.java.lang.Thread.daemon: Can change daemon state on an exitted Thread (number 1)
FAIL: gnu.testlet.java.lang.Thread.daemon: Daemon status changed when set on an exitted Thread (number 1)
FAIL: gnu.testlet.java.lang.Thread.stop: Unexpected exception during test() (number 1)
WARNING: program timed out.
FAIL: gnu.testlet.java.net.DatagramSocket.DatagramSocketTest: Error : test_Basics failed - 8 (number 1)
FAIL: gnu.testlet.java.net.DatagramSocket.DatagramSocketTest2: invalid_receive_data: test 1 - Should NOT throw Exception (number 1)
FAIL: gnu.testlet.java.net.DatagramSocket.DatagramSocketTest2: invalid_send_addr: test 1 - Should NOT throw Exception (number 1)
FAIL: gnu.testlet.java.net.DatagramSocket.DatagramSocketTest2: invalid_send_port: test 1 - Should NOT throw Exception (number 1)
FAIL: gnu.testlet.java.net.DatagramSocket.DatagramSocketTest2: invalid_send_data: test 1 - Should NOT throw Exception (number 1)
FAIL: gnu.testlet.java.net.MulticastSocket.MulticastSocketTest: Correct args. - 3 (number 1)
FAIL: gnu.testlet.java.net.MulticastSocket.MulticastSocketTest: Correct args. different constructor. - 4 (number 1)
FAIL: gnu.testlet.java.net.MulticastSocket.MulticastSocketTest: joinGroup() with incorrect params. should have thrown a NullPointerException - 5a (number 1)
FAIL: gnu.testlet.java.net.MulticastSocket.MulticastSocketTest: leaveGroup() with incorrect params. should have thrown a NullPointerException - 7a (number 1)
FAIL: gnu.testlet.java.net.MulticastSocket.MulticastSocketTest: Correct args. - 8 (number 1)
FAIL: gnu.testlet.java.net.MulticastSocket.MulticastSocketTest: Should not have thrown any exception - 11 (number 1)
FAIL: gnu.testlet.java.net.Socket.SocketTest: Error : test_Basics failed - 2 Unknown host exception should have been thrown here. (number 1)
FAIL: gnu.testlet.java.net.Socket.jdk13: unexpected error: Undefined error: 0 (number 1)
XPASS: gnu.testlet.java.net.URL.URLTest: sameFile (number 2)
FAIL: gnu.testlet.java.net.URL.URLTest: toString (number 2)
FAIL: gnu.testlet.java.net.URLClassLoader.getResource: Unexpected exception: java.io.IOException: Permission denied (number 1)
FAIL: gnu.testlet.java.net.URLClassLoader.getResourceRemote: uncaught exception at number 1: java.lang.ExceptionInInitializerError
FAIL: gnu.testlet.java.security.Security.getProviders: test1Provider.5: java.security.InvalidParameterException: missing dot in 'CoffeeMakerFoo' (number 1)
FAIL: gnu.testlet.java.text.DecimalFormat.formatExp: pattern ##0.####E0 (number 2)
FAIL: gnu.testlet.java.text.DecimalFormat.formatExp: pattern ##.###E0 (number 2)
FAIL: gnu.testlet.java.text.RuleBasedCollator.jdk11: constructor rule parsing (number 3)
FAIL: gnu.testlet.java.text.RuleBasedCollator.jdk11: constructor rule parsing (number 4)
FAIL: gnu.testlet.java.text.RuleBasedCollator.jdk11: constructor rule parsing (number 5)
FAIL: gnu.testlet.java.text.RuleBasedCollator.jdk11: constructor rule parsing (number 9)
FAIL: gnu.testlet.java.text.RuleBasedCollator.jdk11: constructor rule parsing (number 10)
FAIL: gnu.testlet.java.text.RuleBasedCollator.jdk11: constructor rule parsing (number 11)
FAIL: gnu.testlet.java.text.RuleBasedCollator.jdk11: constructor rule parsing (number 20)
FAIL: gnu.testlet.java.text.RuleBasedCollator.jdk11: constructor rule parsing (number 21)
FAIL: gnu.testlet.java.text.RuleBasedCollator.jdk11: constructor rule parsing (number 22)
FAIL: gnu.testlet.java.text.RuleBasedCollator.jdk11: constructor rule parsing (number 23)
FAIL: gnu.testlet.java.text.RuleBasedCollator.jdk11: constructor rule parsing (number 24)
FAIL: gnu.testlet.java.text.RuleBasedCollator.jdk11: constructor rule parsing (number 25)
FAIL: gnu.testlet.java.text.RuleBasedCollator.jdk11: constructor rule parsing (number 26)
FAIL: gnu.testlet.java.text.RuleBasedCollator.jdk11: constructor rule parsing (number 27)
FAIL: gnu.testlet.java.text.RuleBasedCollator.jdk11: constructor rule parsing (number 28)
FAIL: gnu.testlet.java.text.RuleBasedCollator.jdk11: constructor rule parsing (number 29)
FAIL: gnu.testlet.java.text.RuleBasedCollator.jdk11: constructor rule parsing (number 30)
FAIL: gnu.testlet.java.text.RuleBasedCollator.jdk11: constructor rule parsing (number 31)
FAIL: gnu.testlet.java.text.RuleBasedCollator.jdk11: constructor rule parsing errors (number 1)
FAIL: gnu.testlet.java.text.RuleBasedCollator.jdk11: single character ordering (number 19)
FAIL: gnu.testlet.java.text.RuleBasedCollator.jdk11: single character ordering (number 73)
FAIL: gnu.testlet.java.text.RuleBasedCollator.jdk11: contraction ordering (number 5)
FAIL: gnu.testlet.java.text.RuleBasedCollator.jdk11: expansion ordering: ParseException (offset is 26) (number 1)
XPASS: gnu.testlet.java.text.SimpleDateFormat.Test: equals() (number 1)
XPASS: gnu.testlet.java.text.SimpleDateFormat.regress: CDT (number 1)
XPASS: gnu.testlet.java.text.SimpleDateFormat.regress: EDT (number 1)
XPASS: gnu.testlet.java.text.SimpleDateFormat.regress: EST (number 1)
XPASS: gnu.testlet.java.text.SimpleDateFormat.regress: PDT (number 1)
FAIL: gnu.testlet.java.util.GregorianCalendar.first: week 1-0-1400 (number 1)
FAIL: gnu.testlet.java.util.GregorianCalendar.first: week 1-1-1400 (number 1)
FAIL: gnu.testlet.java.util.GregorianCalendar.first: week 1-2-1400 (number 1)
FAIL: gnu.testlet.java.util.GregorianCalendar.first: week 1-3-1400 (number 1)
FAIL: gnu.testlet.java.util.GregorianCalendar.first: week 1-5-1400 (number 1)
FAIL: gnu.testlet.java.util.GregorianCalendar.first: week 1-6-1400 (number 1)
FAIL: gnu.testlet.java.util.GregorianCalendar.first: week 1-7-1400 (number 1)
FAIL: gnu.testlet.java.util.GregorianCalendar.first: week 1-8-1400 (number 1)
FAIL: gnu.testlet.java.util.GregorianCalendar.first: week 1-9-1400 (number 1)
FAIL: gnu.testlet.java.util.GregorianCalendar.first: week 1-10-1400 (number 1)
FAIL: gnu.testlet.java.util.GregorianCalendar.first: week 1-11-1400 (number 1)
FAIL: gnu.testlet.java.util.GregorianCalendar.first: week 1-0-1401 (number 1)
FAIL: gnu.testlet.java.util.GregorianCalendar.first: week 1-1-1401 (number 1)
FAIL: gnu.testlet.java.util.GregorianCalendar.first: week 1-2-1401 (number 1)
FAIL: gnu.testlet.java.util.GregorianCalendar.first: week 1-3-1401 (number 1)
FAIL: gnu.testlet.java.util.GregorianCalendar.first: week 1-5-1401 (number 1)
FAIL: gnu.testlet.java.util.GregorianCalendar.first: week 1-6-1401 (number 1)
FAIL: gnu.testlet.java.util.GregorianCalendar.first: week 1-7-1401 (number 1)
FAIL: gnu.testlet.java.util.GregorianCalendar.first: week 1-8-1401 (number 1)
FAIL: gnu.testlet.java.util.GregorianCalendar.first: week 1-9-1401 (number 1)
FAIL: gnu.testlet.java.util.GregorianCalendar.first: week 1-10-1401 (number 1)
FAIL: gnu.testlet.java.util.GregorianCalendar.first: week 1-11-1401 (number 1)
FAIL: gnu.testlet.java.util.GregorianCalendar.first: week 1-1-1402 (number 1)
FAIL: gnu.testlet.java.util.GregorianCalendar.first: week 1-2-1402 (number 1)
FAIL: gnu.testlet.java.util.GregorianCalendar.first: week 1-3-1402 (number 1)
FAIL: gnu.testlet.java.util.GregorianCalendar.first: week 1-4-1402 (number 1)
FAIL: gnu.testlet.java.util.GregorianCalendar.first: week 1-5-1402 (number 1)
FAIL: gnu.testlet.java.util.GregorianCalendar.first: week 1-6-1402 (number 1)
FAIL: gnu.testlet.java.util.GregorianCalendar.first: week 1-7-1402 (number 1)
FAIL: gnu.testlet.java.util.GregorianCalendar.first: week 1-8-1402 (number 1)
FAIL: gnu.testlet.java.util.GregorianCalendar.first: week 1-10-1402 (number 1)
FAIL: gnu.testlet.java.util.GregorianCalendar.first: week 1-11-1402 (number 1)
FAIL: gnu.testlet.java.util.GregorianCalendar.first: week 1-0-1403 (number 1)
FAIL: gnu.testlet.java.util.GregorianCalendar.first: week 1-1-1403 (number 1)
FAIL: gnu.testlet.java.util.GregorianCalendar.first: week 1-2-1403 (number 1)
FAIL: gnu.testlet.java.util.GregorianCalendar.first: week 1-4-1403 (number 1)
FAIL: gnu.testlet.java.util.GregorianCalendar.first: week 1-5-1403 (number 1)
FAIL: gnu.testlet.java.util.GregorianCalendar.first: week 1-7-1403 (number 1)
FAIL: gnu.testlet.java.util.GregorianCalendar.first: week 1-8-1403 (number 1)
FAIL: gnu.testlet.java.util.GregorianCalendar.first: week 1-9-1403 (number 1)
FAIL: gnu.testlet.java.util.GregorianCalendar.first: week 1-10-1403 (number 1)
FAIL: gnu.testlet.java.util.GregorianCalendar.first: week 1-11-1403 (number 1)
FAIL: gnu.testlet.java.util.GregorianCalendar.first: week 1-0-1404 (number 1)
FAIL: gnu.testlet.java.util.GregorianCalendar.first: week 1-1-1404 (number 1)
FAIL: gnu.testlet.java.util.GregorianCalendar.first: week 1-3-1404 (number 1)
FAIL: gnu.testlet.java.util.GregorianCalendar.first: week 1-4-1404 (number 1)
FAIL: gnu.testlet.java.util.GregorianCalendar.first: week 1-5-1404 (number 1)
FAIL: gnu.testlet.java.util.GregorianCalendar.first: week 1-6-1404 (number 1)
FAIL: gnu.testlet.java.util.GregorianCalendar.first: week 1-7-1404 (number 1)
FAIL: gnu.testlet.java.util.GregorianCalendar.first: week 1-8-1404 (number 1)
FAIL: gnu.testlet.java.util.GregorianCalendar.first: week 1-9-1404 (number 1)
FAIL: gnu.testlet.java.util.GregorianCalendar.first: week 1-11-1404 (number 1)
FAIL: gnu.testlet.java.util.GregorianCalendar.first: week 1-0-1405 (number 1)
FAIL: gnu.testlet.java.util.GregorianCalendar.first: week 1-3-1405 (number 1)
FAIL: gnu.testlet.java.util.GregorianCalendar.first: week 1-4-1405 (number 1)
FAIL: gnu.testlet.java.util.GregorianCalendar.first: week 1-5-1405 (number 1)
FAIL: gnu.testlet.java.util.GregorianCalendar.first: week 1-6-1405 (number 1)
FAIL: gnu.testlet.java.util.GregorianCalendar.first: week 1-7-1405 (number 1)
FAIL: gnu.testlet.java.util.GregorianCalendar.first: week 1-8-1405 (number 1)
FAIL: gnu.testlet.java.util.GregorianCalendar.first: week 1-9-1405 (number 1)
FAIL: gnu.testlet.java.util.GregorianCalendar.first: week 1-11-1405 (number 1)
FAIL: gnu.testlet.java.util.GregorianCalendar.first: week 1-0-2000 (number 1)
FAIL: gnu.testlet.java.util.GregorianCalendar.first: week 1-1-2000 (number 1)
FAIL: gnu.testlet.java.util.GregorianCalendar.first: day 1-2-2000 (number 1)
FAIL: gnu.testlet.java.util.GregorianCalendar.first: week 1-2-2000 (number 1)
FAIL: gnu.testlet.java.util.GregorianCalendar.first: day 1-3-2000 (number 1)
FAIL: gnu.testlet.java.util.GregorianCalendar.first: day 1-4-2000 (number 1)
FAIL: gnu.testlet.java.util.GregorianCalendar.first: week 1-4-2000 (number 1)
FAIL: gnu.testlet.java.util.GregorianCalendar.first: day 1-5-2000 (number 1)
FAIL: gnu.testlet.java.util.GregorianCalendar.first: week 1-5-2000 (number 1)
FAIL: gnu.testlet.java.util.GregorianCalendar.first: day 1-6-2000 (number 1)
FAIL: gnu.testlet.java.util.GregorianCalendar.first: day 1-7-2000 (number 1)
FAIL: gnu.testlet.java.util.GregorianCalendar.first: week 1-7-2000 (number 1)
FAIL: gnu.testlet.java.util.GregorianCalendar.first: day 1-8-2000 (number 1)
FAIL: gnu.testlet.java.util.GregorianCalendar.first: week 1-8-2000 (number 1)
FAIL: gnu.testlet.java.util.GregorianCalendar.first: day 1-9-2000 (number 1)
FAIL: gnu.testlet.java.util.GregorianCalendar.first: day 1-10-2000 (number 1)
FAIL: gnu.testlet.java.util.GregorianCalendar.first: week 1-10-2000 (number 1)
FAIL: gnu.testlet.java.util.GregorianCalendar.first: day 1-11-2000 (number 1)
FAIL: gnu.testlet.java.util.GregorianCalendar.first: week 1-11-2000 (number 1)
FAIL: gnu.testlet.java.util.GregorianCalendar.first: week 1-0-2001 (number 1)
FAIL: gnu.testlet.java.util.GregorianCalendar.first: week 1-1-2001 (number 1)
FAIL: gnu.testlet.java.util.GregorianCalendar.first: week 1-2-2001 (number 1)
FAIL: gnu.testlet.java.util.GregorianCalendar.first: week 1-4-2001 (number 1)
FAIL: gnu.testlet.java.util.GregorianCalendar.first: week 1-5-2001 (number 1)
FAIL: gnu.testlet.java.util.GregorianCalendar.first: week 1-7-2001 (number 1)
FAIL: gnu.testlet.java.util.GregorianCalendar.first: week 1-8-2001 (number 1)
FAIL: gnu.testlet.java.util.GregorianCalendar.first: week 1-9-2001 (number 1)
FAIL: gnu.testlet.java.util.GregorianCalendar.first: week 1-10-2001 (number 1)
FAIL: gnu.testlet.java.util.GregorianCalendar.first: week 1-11-2001 (number 1)
FAIL: gnu.testlet.java.util.GregorianCalendar.first: week 1-0-2002 (number 1)
FAIL: gnu.testlet.java.util.GregorianCalendar.first: week 1-1-2002 (number 1)
FAIL: gnu.testlet.java.util.GregorianCalendar.first: week 1-2-2002 (number 1)
FAIL: gnu.testlet.java.util.GregorianCalendar.first: week 1-3-2002 (number 1)
FAIL: gnu.testlet.java.util.GregorianCalendar.first: week 1-4-2002 (number 1)
FAIL: gnu.testlet.java.util.GregorianCalendar.first: week 1-5-2002 (number 1)
FAIL: gnu.testlet.java.util.GregorianCalendar.first: week 1-6-2002 (number 1)
FAIL: gnu.testlet.java.util.GregorianCalendar.first: week 1-7-2002 (number 1)
FAIL: gnu.testlet.java.util.GregorianCalendar.first: week 1-9-2002 (number 1)
FAIL: gnu.testlet.java.util.GregorianCalendar.first: week 1-10-2002 (number 1)
FAIL: gnu.testlet.java.util.GregorianCalendar.first: week 1-0-2003 (number 1)
FAIL: gnu.testlet.java.util.GregorianCalendar.first: week 1-1-2003 (number 1)
FAIL: gnu.testlet.java.util.GregorianCalendar.first: week 1-2-2003 (number 1)
FAIL: gnu.testlet.java.util.GregorianCalendar.first: week 1-3-2003 (number 1)
FAIL: gnu.testlet.java.util.GregorianCalendar.first: week 1-4-2003 (number 1)
FAIL: gnu.testlet.java.util.GregorianCalendar.first: week 1-6-2003 (number 1)
FAIL: gnu.testlet.java.util.GregorianCalendar.first: week 1-7-2003 (number 1)
FAIL: gnu.testlet.java.util.GregorianCalendar.first: week 1-8-2003 (number 1)
FAIL: gnu.testlet.java.util.GregorianCalendar.first: week 1-9-2003 (number 1)
FAIL: gnu.testlet.java.util.GregorianCalendar.first: week 1-10-2003 (number 1)
FAIL: gnu.testlet.java.util.GregorianCalendar.first: week 1-11-2003 (number 1)
FAIL: gnu.testlet.java.util.GregorianCalendar.first: week 1-0-2004 (number 1)
FAIL: gnu.testlet.java.util.GregorianCalendar.first: day 1-2-2004 (number 1)
FAIL: gnu.testlet.java.util.GregorianCalendar.first: week 1-2-2004 (number 1)
FAIL: gnu.testlet.java.util.GregorianCalendar.first: day 1-3-2004 (number 1)
FAIL: gnu.testlet.java.util.GregorianCalendar.first: week 1-3-2004 (number 1)
FAIL: gnu.testlet.java.util.GregorianCalendar.first: day 1-4-2004 (number 1)
FAIL: gnu.testlet.java.util.GregorianCalendar.first: day 1-5-2004 (number 1)
FAIL: gnu.testlet.java.util.GregorianCalendar.first: week 1-5-2004 (number 1)
FAIL: gnu.testlet.java.util.GregorianCalendar.first: day 1-6-2004 (number 1)
FAIL: gnu.testlet.java.util.GregorianCalendar.first: week 1-6-2004 (number 1)
FAIL: gnu.testlet.java.util.GregorianCalendar.first: day 1-7-2004 (number 1)
FAIL: gnu.testlet.java.util.GregorianCalendar.first: day 1-8-2004 (number 1)
FAIL: gnu.testlet.java.util.GregorianCalendar.first: week 1-8-2004 (number 1)
FAIL: gnu.testlet.java.util.GregorianCalendar.first: day 1-9-2004 (number 1)
FAIL: gnu.testlet.java.util.GregorianCalendar.first: week 1-9-2004 (number 1)
FAIL: gnu.testlet.java.util.GregorianCalendar.first: day 1-10-2004 (number 1)
FAIL: gnu.testlet.java.util.GregorianCalendar.first: week 1-10-2004 (number 1)
FAIL: gnu.testlet.java.util.GregorianCalendar.first: day 1-11-2004 (number 1)
FAIL: gnu.testlet.java.util.GregorianCalendar.first: week 1-11-2004 (number 1)
FAIL: gnu.testlet.java.util.GregorianCalendar.first: week 1-0-2005 (number 1)
FAIL: gnu.testlet.java.util.GregorianCalendar.first: week 1-1-2005 (number 1)
FAIL: gnu.testlet.java.util.GregorianCalendar.first: week 1-2-2005 (number 1)
FAIL: gnu.testlet.java.util.GregorianCalendar.first: week 1-3-2005 (number 1)
FAIL: gnu.testlet.java.util.GregorianCalendar.first: week 1-5-2005 (number 1)
FAIL: gnu.testlet.java.util.GregorianCalendar.first: week 1-6-2005 (number 1)
FAIL: gnu.testlet.java.util.GregorianCalendar.first: week 1-7-2005 (number 1)
FAIL: gnu.testlet.java.util.GregorianCalendar.first: week 1-8-2005 (number 1)
FAIL: gnu.testlet.java.util.GregorianCalendar.first: week 1-9-2005 (number 1)
FAIL: gnu.testlet.java.util.GregorianCalendar.first: week 1-10-2005 (number 1)
FAIL: gnu.testlet.java.util.GregorianCalendar.first: week 1-11-2005 (number 1)
FAIL: gnu.testlet.java.util.Properties.AcuniaPropertiesTest: should throw an NullPointerEception instead of: java.lang.NullPointerException (number 1)
FAIL: gnu.testlet.java.util.Properties.AcuniaPropertiesTest: should throw an NullPointerEception instead of: java.lang.NullPointerException (number 1)
FAIL: gnu.testlet.java.util.zip.InflaterInputStream.basic: compressing string (number 2)
FAIL: gnu.testlet.java.util.zip.InflaterInputStream.basic: Constructor (number 2)
FAIL: gnu.testlet.java.util.zip.InflaterInputStream.basic: Constructor (number 4)
FAIL: gnu.testlet.java.util.zip.InflaterInputStream.basic: uncaught exception at "Constructor" number 5: java.lang.NegativeArraySizeException
=== libjava Summary ===
# of expected passes 11931
# of unexpected failures 298
# of unexpected successes 9
# of expected failures 48
# of untested testcases 14
=== libstdc++ tests ===
Running target unix
FAIL: 26_numerics/c99_classification_macros_c++.cc (test for excess errors)
FAIL: 26_numerics/c99_classification_macros_c.cc (test for excess errors)
FAIL: 27_io/basic_filebuf/open/char/9507.cc execution test
=== libstdc++ Summary ===
# of expected passes 1620
# of unexpected failures 3
# of expected failures 1
Compiler version: 3.4 20031002 (experimental)
Platform: powerpc-apple-darwin6.3
configure flags: --prefix=/Volumes/xufs/gcc-cvs-clean/testbin --enable-languages=c,c++,java