This is the mail archive of the gcc-testresults@gcc.gnu.org mailing list for the GCC project.
Index Nav: | [Date Index] [Subject Index] [Author Index] [Thread Index] | |
---|---|---|
Message Nav: | [Date Prev] [Date Next] | [Thread Prev] [Thread Next] |
Other format: | [Raw text] |
LAST_UPDATED: Thu Sep 25 17:36:26 UTC 2003 Native configuration is sparc-sun-solaris2.10 === g++ tests === Running target unix FAIL: g++.dg/parse/parameter-declaration-1.C (test for errors, line 7) FAIL: g++.dg/parse/parameter-declaration-1.C (test for excess errors) FAIL: g++.eh/badalloc1.C Execution test === g++ Summary for unix === # of expected passes 8070 # of unexpected failures 3 # of expected failures 98 # of untested testcases 21 # of unsupported tests 26 Running target unix/-m64 FAIL: g++.dg/parse/parameter-declaration-1.C (test for errors, line 7) FAIL: g++.dg/parse/parameter-declaration-1.C (test for excess errors) FAIL: g++.eh/badalloc1.C Execution test === g++ Summary for unix/-m64 === # of expected passes 8069 # of unexpected failures 3 # of expected failures 99 # of untested testcases 21 # of unsupported tests 26 === g++ Summary === # of expected passes 16139 # of unexpected failures 6 # of expected failures 197 # of untested testcases 42 # of unsupported tests 52 /amnt/figaro/volumes/obj-gcc/gcc/obj.sol2/gcc-3.3.2-20030925/10-gcc/gcc/testsuite/../g++ version 3.3.2 20030925 (prerelease) === g77 tests === Running target unix === g77 Summary for unix === # of expected passes 1686 # of unsupported tests 8 Running target unix/-m64 === g77 Summary for unix/-m64 === # of expected passes 1686 # of unsupported tests 8 === g77 Summary === # of expected passes 3372 # of unsupported tests 16 /amnt/figaro/volumes/obj-gcc/gcc/obj.sol2/gcc-3.3.2-20030925/10-gcc/gcc/testsuite/../g77 version 3.3.2 20030925 (prerelease) === gcc tests === Running target unix WARNING: program timed out. FAIL: gcc.c-torture/compile/20001226-1.c, -O1 WARNING: program timed out. FAIL: gcc.c-torture/compile/20001226-1.c, -O2 WARNING: program timed out. FAIL: gcc.c-torture/compile/20001226-1.c, -O3 -fomit-frame-pointer WARNING: program timed out. FAIL: gcc.c-torture/compile/20001226-1.c, -O3 -g WARNING: program timed out. FAIL: gcc.c-torture/compile/20001226-1.c, -Os WARNING: gcc.dg/20021014-1.c compilation failed to produce executable FAIL: gcc.dg/duff-2.c (test for excess errors) === gcc Summary for unix === # of expected passes 20944 # of unexpected failures 6 # of expected failures 67 # of unsupported tests 166 Running target unix/-m64 WARNING: program timed out. FAIL: gcc.c-torture/compile/20001226-1.c, -O1 WARNING: program timed out. FAIL: gcc.c-torture/compile/20001226-1.c, -O2 WARNING: program timed out. FAIL: gcc.c-torture/compile/20001226-1.c, -O3 -fomit-frame-pointer WARNING: program timed out. FAIL: gcc.c-torture/compile/20001226-1.c, -O3 -g WARNING: program timed out. FAIL: gcc.c-torture/compile/20001226-1.c, -Os WARNING: gcc.dg/20021014-1.c compilation failed to produce executable FAIL: gcc.dg/duff-2.c (test for excess errors) FAIL: gcc.dg/sparc-ret.c (test for excess errors) ERROR: gcc.dg/sparc-ret.c: error executing dg-final: couldn't open "sparc-ret.s": no such file or directory UNRESOLVED: gcc.dg/sparc-ret.c: error executing dg-final: couldn't open "sparc-ret.s": no such file or directory === gcc Summary for unix/-m64 === # of expected passes 20931 # of unexpected failures 7 # of expected failures 77 # of unresolved testcases 1 # of unsupported tests 166 === gcc Summary === # of expected passes 41875 # of unexpected failures 13 # of expected failures 144 # of unresolved testcases 1 # of unsupported tests 332 /amnt/figaro/volumes/obj-gcc/gcc/obj.sol2/gcc-3.3.2-20030925/10-gcc/gcc/xgcc version 3.3.2 20030925 (prerelease) === objc tests === Running target unix === objc Summary for unix === # of expected passes 1153 Running target unix/-m64 === objc Summary for unix/-m64 === # of expected passes 1153 === objc Summary === # of expected passes 2306 /amnt/figaro/volumes/obj-gcc/gcc/obj.sol2/gcc-3.3.2-20030925/10-gcc/gcc/xgcc version 3.3.2 20030925 (prerelease) === libjava tests === Running target unix FAIL: Array_3 execution - gij test FAIL: Array_3 execution - gij test FAIL: FileHandleGcTest execution - source compiled test FAIL: FileHandleGcTest execution - bytecode->native test FAIL: FileHandleGcTest -O execution - source compiled test FAIL: FileHandleGcTest -O execution - bytecode->native test WARNING: program timed out. FAIL: SyncTest execution - gij test WARNING: program timed out. FAIL: SyncTest execution - bytecode->native test WARNING: program timed out. FAIL: SyncTest execution - gij test WARNING: program timed out. FAIL: SyncTest -O execution - bytecode->native test FAIL: Thread_Join execution - gij test FAIL: Thread_Join execution - gij test FAIL: Thread_Wait_2 execution - gij test WARNING: program timed out. FAIL: Thread_Wait_2 execution - gij test FAIL: Throw_2 execution - source compiled test FAIL: Throw_2 execution - gij test FAIL: Throw_2 execution - bytecode->native test FAIL: Throw_2 -O execution - source compiled test FAIL: Throw_2 execution - gij test FAIL: Throw_2 -O execution - bytecode->native test === libjava Summary for unix === # of expected passes 2951 # of unexpected failures 20 # of expected failures 16 # of untested testcases 32 Running target unix/-m64 FAIL: Array_3 execution - gij test FAIL: Array_3 execution - gij test FAIL: FileHandleGcTest execution - source compiled test FAIL: FileHandleGcTest execution - gij test FAIL: FileHandleGcTest execution - bytecode->native test FAIL: FileHandleGcTest -O execution - source compiled test FAIL: FileHandleGcTest execution - gij test FAIL: FileHandleGcTest -O execution - bytecode->native test FAIL: PR141 execution - gij test FAIL: PR141 execution - gij test WARNING: program timed out. FAIL: SyncTest execution - gij test WARNING: program timed out. FAIL: SyncTest execution - bytecode->native test WARNING: program timed out. FAIL: SyncTest execution - gij test WARNING: program timed out. FAIL: SyncTest -O execution - bytecode->native test FAIL: Thread_Interrupt output - gij test WARNING: program timed out. FAIL: Thread_Wait_2 execution - gij test WARNING: program timed out. FAIL: Thread_Wait_2 execution - gij test === libjava Summary for unix/-m64 === # of expected passes 2958 # of unexpected failures 17 # of expected failures 16 # of untested testcases 28 === libjava Summary === # of expected passes 5909 # of unexpected failures 37 # of expected failures 32 # of untested testcases 60 === libstdc++-v3 tests === Running target unix === libstdc++-v3 Summary for unix === # of expected passes 429 # of expected failures 18 Running target unix/-m64 === libstdc++-v3 Summary for unix/-m64 === # of expected passes 429 # of expected failures 18 === libstdc++-v3 Summary === # of expected passes 858 # of expected failures 36 Compiler version: 3.3.2 20030925 (prerelease) Platform: sparc-sun-solaris2.10 configure flags: --host=sparc-sun-solaris2.10 --prefix=/vol/gcc --with-local-prefix=/vol/gcc --disable-nls
Index Nav: | [Date Index] [Subject Index] [Author Index] [Thread Index] | |
---|---|---|
Message Nav: | [Date Prev] [Date Next] | [Thread Prev] [Thread Next] |