This is the mail archive of the
gcc-testresults@gcc.gnu.org
mailing list for the GCC project.
Results for 3.4 20030902 (experimental) testsuite on i686-pc-linux-gnu
- From: Kai Henningsen <kai at khms dot westfalen dot de>
- To: gcc-testresults at gcc dot gnu dot org
- Date: Wed, 03 Sep 2003 11:19:10 +0200
- Subject: Results for 3.4 20030902 (experimental) testsuite on i686-pc-linux-gnu
LAST_UPDATED: Tue Sep 2 23:34:35 UTC 2003
Native configuration is i686-pc-linux-gnu
=== g++ tests ===
Running target unix
FAIL: g++.dg/ext/pretty1.C scan-assembler top level
FAIL: g++.dg/ext/pretty2.C (test for excess errors)
WARNING: g++.dg/ext/pretty2.C compilation failed to produce executable
FAIL: g++.dg/init/array10.C (test for excess errors)
WARNING: program timed out.
FAIL: g++.dg/parse/stack1.C (test for excess errors)
WARNING: g++.old-deja/g++.mike/p10769a.C compilation failed to produce executable
WARNING: g++.old-deja/g++.other/enum5.C compilation failed to produce executable
WARNING: g++.old-deja/g++.pt/friend44.C compilation failed to produce executable
FAIL: g++.old-deja/g++.robertl/eb42.C (test for excess errors)
=== g++ Summary ===
# of expected passes 8958
# of unexpected failures 5
# of expected failures 64
# of unsupported tests 29
gcc version 3.4 20030902 (experimental)
=== g77 tests ===
Running target unix
FAIL: 238:is -:should be 3
FAIL: 242:is -:should be 9
FAIL: 241: expected branch percentages not found: 25
FAIL: g77.dg/gcov/gcov-1.f gcov: 2 failures in line counts, 1 in branch percentages, 0 in return percentages
FAIL: g77.f-torture/execute/980520-1.f compilation, -O0
=== g77 Summary ===
# of expected passes 1763
# of unexpected failures 5
# of untested testcases 1
gcc version 3.4 20030902 (experimental)
=== gcc tests ===
Running target unix
WARNING: program timed out.
FAIL: gcc.c-torture/compile/20001226-1.c (test for excess errors)
WARNING: program timed out.
FAIL: gcc.c-torture/compile/20001226-1.c (test for excess errors)
WARNING: program timed out.
FAIL: gcc.c-torture/compile/20001226-1.c (test for excess errors)
WARNING: program timed out.
FAIL: gcc.c-torture/compile/20001226-1.c (test for excess errors)
WARNING: program timed out.
FAIL: gcc.c-torture/compile/20001226-1.c (test for excess errors)
UNRESOLVED: gcc.c-torture/execute/wchar_t-1.c execution, -O0
UNRESOLVED: gcc.c-torture/execute/wchar_t-1.c execution, -O1
UNRESOLVED: gcc.c-torture/execute/wchar_t-1.c execution, -O2
UNRESOLVED: gcc.c-torture/execute/wchar_t-1.c execution, -O3 -fomit-frame-pointer
UNRESOLVED: gcc.c-torture/execute/wchar_t-1.c execution, -O3 -g
UNRESOLVED: gcc.c-torture/execute/wchar_t-1.c execution, -Os
WARNING: program timed out.
ERROR: gcc.dg/attr-noinline.c: error executing dg-final: couldn't open "attr-noinline.s": no such file or directory
UNRESOLVED: gcc.dg/attr-noinline.c: error executing dg-final: couldn't open "attr-noinline.s": no such file or directory
=== gcc Summary ===
# of expected passes 24162
# of unexpected failures 5
# of expected failures 81
# of unresolved testcases 7
# of untested testcases 7
# of unsupported tests 140
gcc version 3.4 20030902 (experimental)
=== objc tests ===
Running target unix
=== objc Summary ===
# of expected passes 1156
gcc version 3.4 20030902 (experimental)
=== libjava tests ===
Running target unix
=== libjava Summary ===
# of expected passes 3092
# of expected failures 10
# of untested testcases 8
=== libstdc++-v3 check-abi Summary ===
# of added symbols: 131
# of missing symbols: 192
# of incompatible symbols: 196
=== libstdc++ tests ===
Running target unix
FAIL: 27_io/objects/char/12048.cc execution test
=== libstdc++ Summary ===
# of expected passes 2090
# of unexpected failures 1
# of expected failures 10
Compiler version: 3.4 20030902 (experimental)
Platform: i686-pc-linux-gnu
configure flags: --prefix=/opt/gcc-HEAD --enable-multilib --enable-checking --enable-c-mbchar --enable-threads --enable-nls --enable-version-specific-runtime-libs --enable-languages=all