This is the mail archive of the gcc-testresults@gcc.gnu.org mailing list for the GCC project.
Index Nav: | [Date Index] [Subject Index] [Author Index] [Thread Index] | |
---|---|---|
Message Nav: | [Date Prev] [Date Next] | [Thread Prev] [Thread Next] |
Other format: | [Raw text] |
LAST_UPDATED: Native configuration is hppa1.1-unknown-linux-gnu === gcc tests === Running target unix WARNING: program timed out. FAIL: gcc.c-torture/compile/20001226-1.c (test for excess errors) WARNING: program timed out. FAIL: gcc.c-torture/compile/20001226-1.c (test for excess errors) WARNING: program timed out. FAIL: gcc.c-torture/compile/20001226-1.c (test for excess errors) WARNING: program timed out. FAIL: gcc.c-torture/compile/20001226-1.c (test for excess errors) WARNING: program timed out. FAIL: gcc.c-torture/compile/20001226-1.c (test for excess errors) WARNING: program timed out. FAIL: gcc.c-torture/compile/20001226-1.c (test for excess errors) FAIL: gcc.c-torture/execute/string-opt-7.c execution, -O1 FAIL: gcc.c-torture/execute/string-opt-7.c execution, -O2 FAIL: gcc.c-torture/execute/string-opt-7.c execution, -O3 -fomit-frame-pointer FAIL: gcc.c-torture/execute/string-opt-7.c execution, -O3 -g FAIL: gcc.c-torture/execute/string-opt-7.c execution, -Os UNRESOLVED: gcc.c-torture/execute/wchar_t-1.c execution, -O0 UNRESOLVED: gcc.c-torture/execute/wchar_t-1.c execution, -O1 UNRESOLVED: gcc.c-torture/execute/wchar_t-1.c execution, -O2 UNRESOLVED: gcc.c-torture/execute/wchar_t-1.c execution, -O3 -fomit-frame-pointer UNRESOLVED: gcc.c-torture/execute/wchar_t-1.c execution, -O3 -g UNRESOLVED: gcc.c-torture/execute/wchar_t-1.c execution, -Os FAIL: gcc.dg/compat/vector-2 c_compat_x_tst.o compile FAIL: gcc.dg/compat/vector-2 c_compat_y_tst.o compile UNRESOLVED: gcc.dg/compat/vector-2 c_compat_x_tst.o-c_compat_y_tst.o link UNRESOLVED: gcc.dg/compat/vector-2 c_compat_x_tst.o-c_compat_y_tst.o execute FAIL: gcc.dg/cpp/_Pragma3.c (test for excess errors) FAIL: gcc.dg/cpp/cmdlne-M.c (test for excess errors) FAIL: gcc.dg/cpp/cmdlne-dD-M.c (test for excess errors) ERROR: gcc.dg/cpp/cmdlne-dD-M.c: error executing dg-final: couldn't open "cmdlne-dD-M.i": no such file or directory UNRESOLVED: gcc.dg/cpp/cmdlne-dD-M.c: error executing dg-final: couldn't open "cmdlne-dD-M.i": no such file or directory FAIL: gcc.dg/cpp/cmdlne-dI-M.c (test for excess errors) ERROR: gcc.dg/cpp/cmdlne-dI-M.c: error executing dg-final: couldn't open "cmdlne-dI-M.i": no such file or directory UNRESOLVED: gcc.dg/cpp/cmdlne-dI-M.c: error executing dg-final: couldn't open "cmdlne-dI-M.i": no such file or directory FAIL: gcc.dg/cpp/cmdlne-dM-M.c (test for excess errors) ERROR: gcc.dg/cpp/cmdlne-dM-M.c: error executing dg-final: couldn't open "cmdlne-dM-M.i": no such file or directory UNRESOLVED: gcc.dg/cpp/cmdlne-dM-M.c: error executing dg-final: couldn't open "cmdlne-dM-M.i": no such file or directory FAIL: gcc.dg/cpp/cmdlne-dN-M.c (test for excess errors) ERROR: gcc.dg/cpp/cmdlne-dN-M.c: error executing dg-final: couldn't open "cmdlne-dN-M.i": no such file or directory UNRESOLVED: gcc.dg/cpp/cmdlne-dN-M.c: error executing dg-final: couldn't open "cmdlne-dN-M.i": no such file or directory FAIL: gcc.dg/debug/debug-1.c scan-assembler xyzzy FAIL: gcc.dg/debug/debug-1.c scan-assembler xyzzy FAIL: gcc.dg/debug/debug-1.c scan-assembler xyzzy FAIL: gcc.dg/debug/debug-1.c scan-assembler xyzzy FAIL: gcc.dg/debug/debug-1.c scan-assembler xyzzy FAIL: gcc.dg/debug/debug-1.c scan-assembler xyzzy FAIL: gcc.dg/debug/debug-2.c scan-assembler xyzzy FAIL: gcc.dg/debug/debug-2.c scan-assembler xyzzy FAIL: gcc.dg/debug/debug-2.c scan-assembler xyzzy FAIL: gcc.dg/debug/debug-2.c scan-assembler xyzzy FAIL: gcc.dg/debug/debug-2.c scan-assembler xyzzy FAIL: gcc.dg/debug/debug-2.c scan-assembler xyzzy FAIL: gcc.dg/20010516-1.c (test for excess errors) FAIL: gcc.dg/20020304-1.c (test for excess errors) FAIL: gcc.dg/20030331-2.c (test for excess errors) FAIL: gcc.dg/Wunreachable-2.c (test for excess errors) FAIL: gcc.dg/Wunreachable-4.c (test for excess errors) FAIL: gcc.dg/asm-7.c (test for warnings, line 12) FAIL: gcc.dg/asm-7.c (test for warnings, line 15) FAIL: gcc.dg/asm-7.c (test for warnings, line 16) FAIL: gcc.dg/asm-7.c (test for warnings, line 25) FAIL: gcc.dg/asm-7.c (test for excess errors) FAIL: gcc.dg/builtins-10.c (test for excess errors) FAIL: gcc.dg/builtins-20.c (test for excess errors) FAIL: gcc.dg/builtins-26.c (test for excess errors) FAIL: gcc.dg/builtins-7.c (test for excess errors) WARNING: program timed out. FAIL: gcc.dg/c99-intconst-1.c (test for excess errors) XPASS: gcc.dg/uninit-2.c uninitialized variable warning (test for bogus messages, line 28) XPASS: gcc.dg/uninit-4.c uninitialized variable warning (test for bogus messages, line 26) XPASS: gcc.dg/uninit-5.c uninitialized variable warning (test for bogus messages, line 13) XPASS: gcc.dg/uninit-5.c uninitialized variable warning (test for bogus messages, line 27) XPASS: gcc.dg/uninit-8.c uninitialized variable warning (test for bogus messages, line 14) FAIL: gcc.dg/warn-1.c (test for warnings, line 8) FAIL: gcc.dg/warn-1.c (test for warnings, line 15) FAIL: gcc.dg/warn-1.c (test for excess errors) FAIL: gcc.dg/pch/static-3.c -O2 assembly comparison FAIL: gcc.dg/tree-ssa/20030714-2.c scan-tree-dump-times if 3 FAIL: gcc.dg/tree-ssa/20030731-1.c scan-tree-dump-times target.*!= 0 0 FAIL: gcc.dg/tree-ssa/20030807-4.c scan-tree-dump-times if 2 FAIL: gcc.dg/tree-ssa/20030807-7.c scan-tree-dump-times if 1 FAIL: gcc.dg/tree-ssa/20030808-1.c scan-tree-dump-times if 1 FAIL: gcc.dg/tree-ssa/20030814-6.c scan-tree-dump-times common.code 1 FAIL: gcc.dg/tree-ssa/20030815-1.c scan-tree-dump-times \\(struct rtx_def \\* \\*\\) 0 FAIL: gcc.dg/tree-ssa/20030824-2.c scan-tree-dump-times return y \\+ x 1 FAIL: gcc.dg/tree-ssa/ssa-ccp-2.c scan-tree-dump-times link_error 0 FAIL: gcc.dg/tree-ssa/ssa-ccp-3.c scan-tree-dump-times link_error 0 FAIL: gcc.dg/tree-ssa/ssa-ccp-4.c scan-tree-dump-times link_error 0 FAIL: gcc.dg/tree-ssa/ssa-ccp-6.c scan-tree-dump-times link_error 0 FAIL: gcc.dg/tree-ssa/ssa-ccp-8.c scan-tree-dump-times link_error 0 === gcc Summary === # of expected passes 23936 # of unexpected failures 63 # of unexpected successes 5 # of expected failures 69 # of unresolved testcases 12 # of unsupported tests 264 /home/paul/gcc-obj/gcc/xgcc version 3.5-tree-ssa 20030830 (merged 20030817) === gfortran tests === Running target unix FAIL: gfortran.fortran-torture/compile/contained_6.f90, -O0 FAIL: gfortran.fortran-torture/compile/contained_6.f90, -O1 FAIL: gfortran.fortran-torture/compile/contained_6.f90, -O2 FAIL: gfortran.fortran-torture/compile/contained_6.f90, -O2 -fomit-frame-pointer -finline-functions FAIL: gfortran.fortran-torture/compile/contained_6.f90, -O2 -fomit-frame-pointer -finline-functions -funroll-loops FAIL: gfortran.fortran-torture/compile/contained_6.f90, -O2 -fomit-frame-pointer -finline-functions -funroll-all-loops FAIL: gfortran.fortran-torture/compile/contained_6.f90, -O2 -fno-repack-arrays FAIL: gfortran.fortran-torture/compile/contained_6.f90, -O2 -fg77-calls FAIL: gfortran.fortran-torture/compile/contained_6.f90, -O3 -g FAIL: gfortran.fortran-torture/compile/contained_6.f90, -Os FAIL: gfortran.fortran-torture/execute/forall_3.f90 execution, -O0 FAIL: gfortran.fortran-torture/execute/forall_3.f90 execution, -O1 FAIL: gfortran.fortran-torture/execute/forall_3.f90 execution, -O2 FAIL: gfortran.fortran-torture/execute/forall_3.f90 execution, -O2 -fomit-frame-pointer -finline-functions FAIL: gfortran.fortran-torture/execute/forall_3.f90 execution, -O2 -fomit-frame-pointer -finline-functions -funroll-loops FAIL: gfortran.fortran-torture/execute/forall_3.f90 execution, -O2 -fomit-frame-pointer -finline-functions -funroll-all-loops FAIL: gfortran.fortran-torture/execute/forall_3.f90 execution, -O2 -fno-repack-arrays FAIL: gfortran.fortran-torture/execute/forall_3.f90 execution, -O2 -fg77-calls FAIL: gfortran.fortran-torture/execute/forall_3.f90 execution, -O3 -g FAIL: gfortran.fortran-torture/execute/forall_3.f90 execution, -Os FAIL: gfortran.fortran-torture/execute/intrinsic_mod_ulo.f90 execution, -O0 FAIL: gfortran.fortran-torture/execute/intrinsic_mod_ulo.f90 execution, -O1 FAIL: gfortran.fortran-torture/execute/intrinsic_mod_ulo.f90 execution, -O2 FAIL: gfortran.fortran-torture/execute/intrinsic_mod_ulo.f90 execution, -O2 -fomit-frame-pointer -finline-functions FAIL: gfortran.fortran-torture/execute/intrinsic_mod_ulo.f90 execution, -O2 -fomit-frame-pointer -finline-functions -funroll-loops FAIL: gfortran.fortran-torture/execute/intrinsic_mod_ulo.f90 execution, -O2 -fomit-frame-pointer -finline-functions -funroll-all-loops FAIL: gfortran.fortran-torture/execute/intrinsic_mod_ulo.f90 execution, -O2 -fno-repack-arrays FAIL: gfortran.fortran-torture/execute/intrinsic_mod_ulo.f90 execution, -O2 -fg77-calls FAIL: gfortran.fortran-torture/execute/intrinsic_mod_ulo.f90 execution, -O3 -g FAIL: gfortran.fortran-torture/execute/intrinsic_mod_ulo.f90 execution, -Os === gfortran Summary === # of expected passes 1870 # of unexpected failures 30 /home/paul/gcc-obj/gcc/testsuite/../gfortran version 3.5-tree-ssa 20030830 (merged 20030817) Compiler version: 3.5-tree-ssa20030830(merged20030817) Platform: hppa1.1-unknown-linux-gnu configure flags: --prefix=/home/paul/usr --program-suffix=-pb --enable-languages=c,f95 --enable-serial-configure --with-libbanshee
Index Nav: | [Date Index] [Subject Index] [Author Index] [Thread Index] | |
---|---|---|
Message Nav: | [Date Prev] [Date Next] | [Thread Prev] [Thread Next] |