This is the mail archive of the
gcc-testresults@gcc.gnu.org
mailing list for the GCC project.
Results for 3.4 20030826 (experimental) testsuite on sparc64-unknown-linux-gnu
- From: Christian Joensson <c dot christian dot joensson at comhem dot se>
- To: gcc-testresults at gcc dot gnu dot org
- Date: Thu, 28 Aug 2003 14:05:34 +0200
- Subject: Results for 3.4 20030826 (experimental) testsuite on sparc64-unknown-linux-gnu
Aurora SPARC Linux 1.0 (Ansel) Ultra1 single UltraSparc I sun4u:
binutils 2.14.90 20030826 sparc64-linux
bison-1.35-1
dejagnu-1.4.2-10 (ftp://ftp.redhat.com/pub/redhat/linux/rawhide/SRPMS/SRPMS)
expect-5.32.2-67
gcc 3.4 20030823 (experimental) sparc64-linux
glibc-2.2.5-43
glibc-kernheaders-2.4-8.9sparc (ftp://auroralinux.org/pub/aurora/corona/RPMS)
glibc64-2.2.5-43
kernel-2.4.20-3.4sparc (ftp://auroralinux.org/pub/aurora/corona/RPMS)
tcl-8.3.3-67
LAST_UPDATED: Tue Aug 26 07:12:14 UTC 2003
Native configuration is sparc64-unknown-linux-gnu
=== g77 tests ===
Running target unix/-m32
FAIL: 238:is -:should be 3
FAIL: 242:is -:should be 9
FAIL: 241: expected branch percentages not found: 25
FAIL: g77.dg/gcov/gcov-1.f gcov: 2 failures in line counts, 1 in branch percentages, 0 in return percentages
FAIL: g77.f-torture/execute/980520-1.f compilation, -O0
=== g77 Summary for unix/-m32 ===
# of expected passes 1745
# of unexpected failures 5
# of untested testcases 1
# of unsupported tests 6
Running target unix/-fPIC
ERROR: tcl error sourcing /usr/local/src/gcc-binutils/trunk/gcc/gcc/testsuite/g77.dg/dg.exp.
ERROR: couldn't compile regular expression pattern: parentheses () not balanced
FAIL: 238:is -:should be 3
FAIL: 242:is -:should be 9
FAIL: 241: expected branch percentages not found: 25
FAIL: g77.dg/gcov/gcov-1.f gcov: 2 failures in line counts, 1 in branch percentages, 0 in return percentages
FAIL: g77.f-torture/execute/980520-1.f compilation, -O0
=== g77 Summary for unix/-fPIC ===
# of expected passes 1243
# of unexpected failures 5
# of untested testcases 1
Running target unix
ERROR: tcl error sourcing /usr/local/src/gcc-binutils/trunk/gcc/gcc/testsuite/g77.dg/dg.exp.
ERROR: couldn't compile regular expression pattern: parentheses () not balanced
FAIL: 238:is -:should be 3
FAIL: 242:is -:should be 9
FAIL: 241: expected branch percentages not found: 25
FAIL: g77.dg/gcov/gcov-1.f gcov: 2 failures in line counts, 1 in branch percentages, 0 in return percentages
FAIL: g77.f-torture/execute/980520-1.f compilation, -O0
=== g77 Summary for unix ===
# of expected passes 1243
# of unexpected failures 5
# of untested testcases 1
=== g77 Summary ===
# of expected passes 4231
# of unexpected failures 15
# of untested testcases 3
# of unsupported tests 6
/usr/local/src/gcc-binutils/trunk/objdir/gcc/testsuite/../g77 version 3.4 20030826 (experimental)
=== gcc tests ===
Running target unix/-m32
FAIL: gcc.c-torture/execute/20030125-1.c execution, -O1
FAIL: gcc.c-torture/execute/20030125-1.c execution, -O2
FAIL: gcc.c-torture/execute/20030125-1.c execution, -O3 -fomit-frame-pointer
FAIL: gcc.c-torture/execute/20030125-1.c execution, -O3 -g
FAIL: gcc.c-torture/execute/20030125-1.c execution, -Os
FAIL: gcc.c-torture/execute/simd-4.c compilation, -O0
UNRESOLVED: gcc.c-torture/execute/simd-4.c execution, -O0
FAIL: gcc.c-torture/execute/simd-4.c compilation, -O1
UNRESOLVED: gcc.c-torture/execute/simd-4.c execution, -O1
FAIL: gcc.c-torture/execute/simd-4.c compilation, -O2
UNRESOLVED: gcc.c-torture/execute/simd-4.c execution, -O2
FAIL: gcc.c-torture/execute/simd-4.c compilation, -Os
UNRESOLVED: gcc.c-torture/execute/simd-4.c execution, -Os
FAIL: gcc.c-torture/execute/strncmp-1.c execution, -O0
FAIL: gcc.c-torture/execute/strncmp-1.c execution, -O1
FAIL: gcc.c-torture/execute/strncmp-1.c execution, -O2
FAIL: gcc.c-torture/execute/strncmp-1.c execution, -O3 -fomit-frame-pointer
FAIL: gcc.c-torture/execute/strncmp-1.c execution, -O3 -fomit-frame-pointer -funroll-loops
FAIL: gcc.c-torture/execute/strncmp-1.c execution, -O3 -fomit-frame-pointer -funroll-all-loops -finline-functions
FAIL: gcc.c-torture/execute/strncmp-1.c execution, -O3 -g
FAIL: gcc.c-torture/execute/strncmp-1.c execution, -Os
UNRESOLVED: gcc.c-torture/execute/wchar_t-1.c execution, -O0
UNRESOLVED: gcc.c-torture/execute/wchar_t-1.c execution, -O1
UNRESOLVED: gcc.c-torture/execute/wchar_t-1.c execution, -O2
UNRESOLVED: gcc.c-torture/execute/wchar_t-1.c execution, -O3 -fomit-frame-pointer
UNRESOLVED: gcc.c-torture/execute/wchar_t-1.c execution, -O3 -g
UNRESOLVED: gcc.c-torture/execute/wchar_t-1.c execution, -Os
FAIL: gcc.dg/compat/vector-1 c_compat_x_tst.o compile
FAIL: gcc.dg/compat/vector-1 c_compat_y_tst.o compile
UNRESOLVED: gcc.dg/compat/vector-1 c_compat_x_tst.o-c_compat_y_tst.o link
UNRESOLVED: gcc.dg/compat/vector-1 c_compat_x_tst.o-c_compat_y_tst.o execute
FAIL: gcc.dg/compat/vector-2 c_compat_x_tst.o compile
FAIL: gcc.dg/compat/vector-2 c_compat_y_tst.o compile
UNRESOLVED: gcc.dg/compat/vector-2 c_compat_x_tst.o-c_compat_y_tst.o link
UNRESOLVED: gcc.dg/compat/vector-2 c_compat_x_tst.o-c_compat_y_tst.o execute
FAIL: gcc.dg/cpp/Wunused.c (test for warnings, line 20)
FAIL: gcc.dg/cpp/Wunused.c (test for excess errors)
FAIL: gcc.dg/cpp/trad/Wunused.c (test for warnings, line 19)
FAIL: gcc.dg/cpp/trad/Wunused.c (test for excess errors)
FAIL: gcc.dg/cpp/trad/funlike-3.c unterminated macro (test for errors, line 12)
FAIL: gcc.dg/cpp/trad/funlike-3.c (test for excess errors)
FAIL: gcc.dg/debug/debug-1.c scan-assembler xyzzy
FAIL: gcc.dg/debug/debug-1.c scan-assembler xyzzy
FAIL: gcc.dg/debug/debug-1.c scan-assembler xyzzy
FAIL: gcc.dg/debug/debug-1.c scan-assembler xyzzy
FAIL: gcc.dg/debug/debug-2.c scan-assembler xyzzy
FAIL: gcc.dg/debug/debug-2.c scan-assembler xyzzy
FAIL: gcc.dg/debug/debug-2.c scan-assembler xyzzy
FAIL: gcc.dg/debug/debug-2.c scan-assembler xyzzy
FAIL: gcc.dg/builtins-20.c (test for excess errors)
FAIL: gcc.dg/ultrasp2.c (test for excess errors)
FAIL: gcc.dg/ultrasp4.c (test for excess errors)
FAIL: gcc.dg/ultrasp8.c (test for excess errors)
XPASS: gcc.dg/uninit-4.c uninitialized variable warning (test for bogus messages, line 26)
FAIL: gcc.dg/noncompile/20030818-1.c (test for excess errors)
FAIL: gcc.dg/noncompile/20030818-1.c (test for excess errors)
FAIL: gcc.dg/noncompile/20030818-1.c (test for excess errors)
FAIL: gcc.dg/noncompile/20030818-1.c (test for excess errors)
FAIL: gcc.dg/noncompile/20030818-1.c (test for excess errors)
FAIL: gcc.dg/noncompile/20030818-1.c (test for excess errors)
=== gcc Summary for unix/-m32 ===
# of expected passes 23112
# of unexpected failures 45
# of unexpected successes 1
# of expected failures 78
# of unresolved testcases 14
# of untested testcases 7
# of unsupported tests 248
Running target unix/-fPIC
FAIL: gcc.c-torture/execute/20020720-1.c compilation, -O1
UNRESOLVED: gcc.c-torture/execute/20020720-1.c execution, -O1
FAIL: gcc.c-torture/execute/20020720-1.c compilation, -O2
UNRESOLVED: gcc.c-torture/execute/20020720-1.c execution, -O2
FAIL: gcc.c-torture/execute/20020720-1.c compilation, -O3 -fomit-frame-pointer
UNRESOLVED: gcc.c-torture/execute/20020720-1.c execution, -O3 -fomit-frame-pointer
FAIL: gcc.c-torture/execute/20020720-1.c compilation, -O3 -g
UNRESOLVED: gcc.c-torture/execute/20020720-1.c execution, -O3 -g
FAIL: gcc.c-torture/execute/20020720-1.c compilation, -Os
UNRESOLVED: gcc.c-torture/execute/20020720-1.c execution, -Os
FAIL: gcc.c-torture/execute/20030125-1.c execution, -O1
FAIL: gcc.c-torture/execute/20030125-1.c execution, -O2
FAIL: gcc.c-torture/execute/20030125-1.c execution, -O3 -fomit-frame-pointer
FAIL: gcc.c-torture/execute/20030125-1.c execution, -O3 -g
FAIL: gcc.c-torture/execute/20030125-1.c execution, -Os
FAIL: gcc.c-torture/execute/conversion.c execution, -O0
FAIL: gcc.c-torture/execute/conversion.c execution, -O1
FAIL: gcc.c-torture/execute/conversion.c execution, -O2
FAIL: gcc.c-torture/execute/conversion.c execution, -O3 -fomit-frame-pointer
FAIL: gcc.c-torture/execute/conversion.c execution, -O3 -g
FAIL: gcc.c-torture/execute/conversion.c execution, -Os
FAIL: gcc.c-torture/execute/simd-4.c compilation, -O0
UNRESOLVED: gcc.c-torture/execute/simd-4.c execution, -O0
FAIL: gcc.c-torture/execute/simd-4.c compilation, -O1
UNRESOLVED: gcc.c-torture/execute/simd-4.c execution, -O1
FAIL: gcc.c-torture/execute/simd-4.c compilation, -O2
UNRESOLVED: gcc.c-torture/execute/simd-4.c execution, -O2
FAIL: gcc.c-torture/execute/simd-4.c compilation, -Os
UNRESOLVED: gcc.c-torture/execute/simd-4.c execution, -Os
FAIL: gcc.c-torture/execute/strncmp-1.c execution, -O0
FAIL: gcc.c-torture/execute/strncmp-1.c execution, -O1
FAIL: gcc.c-torture/execute/strncmp-1.c execution, -O2
FAIL: gcc.c-torture/execute/strncmp-1.c execution, -O3 -fomit-frame-pointer
FAIL: gcc.c-torture/execute/strncmp-1.c execution, -O3 -fomit-frame-pointer -funroll-loops
FAIL: gcc.c-torture/execute/strncmp-1.c execution, -O3 -fomit-frame-pointer -funroll-all-loops -finline-functions
FAIL: gcc.c-torture/execute/strncmp-1.c execution, -O3 -g
FAIL: gcc.c-torture/execute/strncmp-1.c execution, -Os
UNRESOLVED: gcc.c-torture/execute/wchar_t-1.c execution, -O0
UNRESOLVED: gcc.c-torture/execute/wchar_t-1.c execution, -O1
UNRESOLVED: gcc.c-torture/execute/wchar_t-1.c execution, -O2
UNRESOLVED: gcc.c-torture/execute/wchar_t-1.c execution, -O3 -fomit-frame-pointer
UNRESOLVED: gcc.c-torture/execute/wchar_t-1.c execution, -O3 -g
UNRESOLVED: gcc.c-torture/execute/wchar_t-1.c execution, -Os
FAIL: gcc.dg/compat/scalar-by-value-3 c_compat_x_tst.o-c_compat_y_tst.o execute
FAIL: gcc.dg/compat/scalar-return-3 c_compat_x_tst.o-c_compat_y_tst.o execute
FAIL: gcc.dg/compat/struct-align-1 c_compat_x_tst.o compile
FAIL: gcc.dg/compat/struct-align-1 c_compat_y_tst.o compile
UNRESOLVED: gcc.dg/compat/struct-align-1 c_compat_x_tst.o-c_compat_y_tst.o link
UNRESOLVED: gcc.dg/compat/struct-align-1 c_compat_x_tst.o-c_compat_y_tst.o execute
FAIL: gcc.dg/compat/vector-1 c_compat_x_tst.o compile
FAIL: gcc.dg/compat/vector-1 c_compat_y_tst.o compile
UNRESOLVED: gcc.dg/compat/vector-1 c_compat_x_tst.o-c_compat_y_tst.o link
UNRESOLVED: gcc.dg/compat/vector-1 c_compat_x_tst.o-c_compat_y_tst.o execute
FAIL: gcc.dg/compat/vector-2 c_compat_x_tst.o compile
FAIL: gcc.dg/compat/vector-2 c_compat_y_tst.o compile
UNRESOLVED: gcc.dg/compat/vector-2 c_compat_x_tst.o-c_compat_y_tst.o link
UNRESOLVED: gcc.dg/compat/vector-2 c_compat_x_tst.o-c_compat_y_tst.o execute
FAIL: gcc.dg/cpp/Wunused.c (test for warnings, line 20)
FAIL: gcc.dg/cpp/Wunused.c (test for excess errors)
FAIL: gcc.dg/cpp/trad/Wunused.c (test for warnings, line 19)
FAIL: gcc.dg/cpp/trad/Wunused.c (test for excess errors)
FAIL: gcc.dg/cpp/trad/funlike-3.c unterminated macro (test for errors, line 12)
FAIL: gcc.dg/cpp/trad/funlike-3.c (test for excess errors)
FAIL: gcc.dg/debug/debug-1.c scan-assembler xyzzy
FAIL: gcc.dg/debug/debug-1.c scan-assembler xyzzy
FAIL: gcc.dg/debug/debug-1.c scan-assembler xyzzy
FAIL: gcc.dg/debug/debug-1.c scan-assembler xyzzy
FAIL: gcc.dg/debug/debug-1.c scan-assembler xyzzy
FAIL: gcc.dg/debug/debug-1.c scan-assembler xyzzy
FAIL: gcc.dg/debug/debug-2.c scan-assembler xyzzy
FAIL: gcc.dg/debug/debug-2.c scan-assembler xyzzy
FAIL: gcc.dg/debug/debug-2.c scan-assembler xyzzy
FAIL: gcc.dg/debug/debug-2.c scan-assembler xyzzy
FAIL: gcc.dg/debug/debug-2.c scan-assembler xyzzy
FAIL: gcc.dg/debug/debug-2.c scan-assembler xyzzy
FAIL: gcc.dg/20021014-1.c execution test
FAIL: gcc.dg/builtins-18.c (test for excess errors)
FAIL: gcc.dg/builtins-20.c (test for excess errors)
FAIL: gcc.dg/nest.c execution test
XPASS: gcc.dg/uninit-4.c uninitialized variable warning (test for bogus messages, line 26)
FAIL: gcc.dg/noncompile/20030818-1.c (test for excess errors)
FAIL: gcc.dg/noncompile/20030818-1.c (test for excess errors)
FAIL: gcc.dg/noncompile/20030818-1.c (test for excess errors)
FAIL: gcc.dg/noncompile/20030818-1.c (test for excess errors)
FAIL: gcc.dg/noncompile/20030818-1.c (test for excess errors)
FAIL: gcc.dg/noncompile/20030818-1.c (test for excess errors)
FAIL: gcc.dg/pch/static-1.c -O0 -g assembly comparison
FAIL: gcc.dg/pch/static-1.c -O0 assembly comparison
FAIL: gcc.dg/pch/static-1.c -O1 assembly comparison
FAIL: gcc.dg/pch/static-1.c -O2 assembly comparison
FAIL: gcc.dg/pch/static-1.c -Os assembly comparison
FAIL: gcc.dg/pch/static-2.c -O0 -g assembly comparison
FAIL: gcc.dg/pch/static-2.c -O0 assembly comparison
FAIL: gcc.dg/pch/static-2.c -O1 assembly comparison
FAIL: gcc.dg/pch/static-2.c -O2 assembly comparison
FAIL: gcc.dg/pch/static-2.c -Os assembly comparison
FAIL: gcc.dg/pch/static-3.c -O0 -g assembly comparison
FAIL: gcc.dg/pch/static-3.c -O0 assembly comparison
FAIL: gcc.dg/pch/static-3.c -O1 assembly comparison
FAIL: gcc.dg/pch/static-3.c -O2 assembly comparison
FAIL: gcc.dg/pch/static-3.c -Os assembly comparison
FAIL: linkage.c
=== gcc Summary for unix/-fPIC ===
# of expected passes 23060
# of unexpected failures 80
# of unexpected successes 1
# of expected failures 88
# of unresolved testcases 21
# of untested testcases 7
# of unsupported tests 248
Running target unix
FAIL: gcc.c-torture/execute/20030125-1.c execution, -O1
FAIL: gcc.c-torture/execute/20030125-1.c execution, -O2
FAIL: gcc.c-torture/execute/20030125-1.c execution, -O3 -fomit-frame-pointer
FAIL: gcc.c-torture/execute/20030125-1.c execution, -O3 -g
FAIL: gcc.c-torture/execute/20030125-1.c execution, -Os
FAIL: gcc.c-torture/execute/conversion.c execution, -O0
FAIL: gcc.c-torture/execute/conversion.c execution, -O1
FAIL: gcc.c-torture/execute/conversion.c execution, -O2
FAIL: gcc.c-torture/execute/conversion.c execution, -Os
FAIL: gcc.c-torture/execute/simd-4.c compilation, -O0
UNRESOLVED: gcc.c-torture/execute/simd-4.c execution, -O0
FAIL: gcc.c-torture/execute/simd-4.c compilation, -O1
UNRESOLVED: gcc.c-torture/execute/simd-4.c execution, -O1
FAIL: gcc.c-torture/execute/simd-4.c compilation, -O2
UNRESOLVED: gcc.c-torture/execute/simd-4.c execution, -O2
FAIL: gcc.c-torture/execute/simd-4.c compilation, -Os
UNRESOLVED: gcc.c-torture/execute/simd-4.c execution, -Os
FAIL: gcc.c-torture/execute/strncmp-1.c execution, -O0
FAIL: gcc.c-torture/execute/strncmp-1.c execution, -O1
FAIL: gcc.c-torture/execute/strncmp-1.c execution, -O2
FAIL: gcc.c-torture/execute/strncmp-1.c execution, -O3 -fomit-frame-pointer
FAIL: gcc.c-torture/execute/strncmp-1.c execution, -O3 -fomit-frame-pointer -funroll-loops
FAIL: gcc.c-torture/execute/strncmp-1.c execution, -O3 -fomit-frame-pointer -funroll-all-loops -finline-functions
FAIL: gcc.c-torture/execute/strncmp-1.c execution, -O3 -g
FAIL: gcc.c-torture/execute/strncmp-1.c execution, -Os
UNRESOLVED: gcc.c-torture/execute/wchar_t-1.c execution, -O0
UNRESOLVED: gcc.c-torture/execute/wchar_t-1.c execution, -O1
UNRESOLVED: gcc.c-torture/execute/wchar_t-1.c execution, -O2
UNRESOLVED: gcc.c-torture/execute/wchar_t-1.c execution, -O3 -fomit-frame-pointer
UNRESOLVED: gcc.c-torture/execute/wchar_t-1.c execution, -O3 -g
UNRESOLVED: gcc.c-torture/execute/wchar_t-1.c execution, -Os
FAIL: gcc.dg/compat/scalar-by-value-3 c_compat_x_tst.o-c_compat_y_tst.o execute
FAIL: gcc.dg/compat/scalar-return-3 c_compat_x_tst.o-c_compat_y_tst.o execute
FAIL: gcc.dg/compat/struct-align-1 c_compat_x_tst.o compile
FAIL: gcc.dg/compat/struct-align-1 c_compat_y_tst.o compile
UNRESOLVED: gcc.dg/compat/struct-align-1 c_compat_x_tst.o-c_compat_y_tst.o link
UNRESOLVED: gcc.dg/compat/struct-align-1 c_compat_x_tst.o-c_compat_y_tst.o execute
FAIL: gcc.dg/compat/vector-1 c_compat_x_tst.o compile
FAIL: gcc.dg/compat/vector-1 c_compat_y_tst.o compile
UNRESOLVED: gcc.dg/compat/vector-1 c_compat_x_tst.o-c_compat_y_tst.o link
UNRESOLVED: gcc.dg/compat/vector-1 c_compat_x_tst.o-c_compat_y_tst.o execute
FAIL: gcc.dg/compat/vector-2 c_compat_x_tst.o compile
FAIL: gcc.dg/compat/vector-2 c_compat_y_tst.o compile
UNRESOLVED: gcc.dg/compat/vector-2 c_compat_x_tst.o-c_compat_y_tst.o link
UNRESOLVED: gcc.dg/compat/vector-2 c_compat_x_tst.o-c_compat_y_tst.o execute
FAIL: gcc.dg/cpp/Wunused.c (test for warnings, line 20)
FAIL: gcc.dg/cpp/Wunused.c (test for excess errors)
FAIL: gcc.dg/cpp/trad/Wunused.c (test for warnings, line 19)
FAIL: gcc.dg/cpp/trad/Wunused.c (test for excess errors)
FAIL: gcc.dg/cpp/trad/funlike-3.c unterminated macro (test for errors, line 12)
FAIL: gcc.dg/cpp/trad/funlike-3.c (test for excess errors)
FAIL: gcc.dg/debug/debug-1.c scan-assembler xyzzy
FAIL: gcc.dg/debug/debug-1.c scan-assembler xyzzy
FAIL: gcc.dg/debug/debug-1.c scan-assembler xyzzy
FAIL: gcc.dg/debug/debug-1.c scan-assembler xyzzy
FAIL: gcc.dg/debug/debug-1.c scan-assembler xyzzy
FAIL: gcc.dg/debug/debug-1.c scan-assembler xyzzy
FAIL: gcc.dg/debug/debug-2.c scan-assembler xyzzy
FAIL: gcc.dg/debug/debug-2.c scan-assembler xyzzy
FAIL: gcc.dg/debug/debug-2.c scan-assembler xyzzy
FAIL: gcc.dg/debug/debug-2.c scan-assembler xyzzy
FAIL: gcc.dg/debug/debug-2.c scan-assembler xyzzy
FAIL: gcc.dg/debug/debug-2.c scan-assembler xyzzy
FAIL: gcc.dg/20021014-1.c execution test
FAIL: gcc.dg/builtins-18.c (test for excess errors)
FAIL: gcc.dg/builtins-20.c (test for excess errors)
FAIL: gcc.dg/nest.c execution test
XPASS: gcc.dg/uninit-4.c uninitialized variable warning (test for bogus messages, line 26)
FAIL: gcc.dg/noncompile/20030818-1.c (test for excess errors)
FAIL: gcc.dg/noncompile/20030818-1.c (test for excess errors)
FAIL: gcc.dg/noncompile/20030818-1.c (test for excess errors)
FAIL: gcc.dg/noncompile/20030818-1.c (test for excess errors)
FAIL: gcc.dg/noncompile/20030818-1.c (test for excess errors)
FAIL: gcc.dg/noncompile/20030818-1.c (test for excess errors)
FAIL: gcc.dg/pch/static-1.c -O0 -g assembly comparison
FAIL: gcc.dg/pch/static-1.c -O0 assembly comparison
FAIL: gcc.dg/pch/static-1.c -O1 assembly comparison
FAIL: gcc.dg/pch/static-1.c -O2 assembly comparison
FAIL: gcc.dg/pch/static-1.c -Os assembly comparison
FAIL: gcc.dg/pch/static-2.c -O0 -g assembly comparison
FAIL: gcc.dg/pch/static-2.c -O0 assembly comparison
FAIL: gcc.dg/pch/static-2.c -O1 assembly comparison
FAIL: gcc.dg/pch/static-2.c -O2 assembly comparison
FAIL: gcc.dg/pch/static-2.c -Os assembly comparison
FAIL: gcc.dg/pch/static-3.c -O0 -g assembly comparison
FAIL: gcc.dg/pch/static-3.c -O0 assembly comparison
FAIL: gcc.dg/pch/static-3.c -O1 assembly comparison
FAIL: gcc.dg/pch/static-3.c -O2 assembly comparison
FAIL: gcc.dg/pch/static-3.c -Os assembly comparison
FAIL: linkage.c
=== gcc Summary for unix ===
# of expected passes 23072
# of unexpected failures 73
# of unexpected successes 1
# of expected failures 88
# of unresolved testcases 16
# of untested testcases 7
# of unsupported tests 248
=== gcc Summary ===
# of expected passes 69244
# of unexpected failures 198
# of unexpected successes 3
# of expected failures 254
# of unresolved testcases 51
# of untested testcases 21
# of unsupported tests 744
/usr/local/src/gcc-binutils/trunk/objdir/gcc/xgcc version 3.4 20030826 (experimental)
=== g++ tests ===
Running target unix/-m32
FAIL: g++.dg/eh/simd-1.C (test for excess errors)
WARNING: g++.dg/eh/simd-1.C compilation failed to produce executable
FAIL: g++.dg/eh/simd-2.C (test for excess errors)
WARNING: g++.dg/eh/simd-2.C compilation failed to produce executable
FAIL: g++.dg/ext/pretty1.C scan-assembler top level
FAIL: g++.dg/ext/pretty2.C (test for excess errors)
WARNING: g++.dg/ext/pretty2.C compilation failed to produce executable
FAIL: g++.dg/init/array10.C (test for excess errors)
FAIL: g++.dg/parse/stack1.C (test for excess errors)
WARNING: g++.old-deja/g++.mike/p10769a.C compilation failed to produce executable
WARNING: g++.old-deja/g++.other/enum5.C compilation failed to produce executable
XPASS: g++.old-deja/g++.other/init5.C execution test
WARNING: g++.old-deja/g++.pt/friend44.C compilation failed to produce executable
XPASS: g++.old-deja/g++.pt/overload8.C (test for bogus messages, line 10)
=== g++ Summary for unix/-m32 ===
# of expected passes 8861
# of unexpected failures 6
# of unexpected successes 2
# of expected failures 64
# of unsupported tests 59
Running target unix/-fPIC
FAIL: g++.dg/eh/simd-1.C (test for excess errors)
WARNING: g++.dg/eh/simd-1.C compilation failed to produce executable
FAIL: g++.dg/eh/simd-2.C (test for excess errors)
WARNING: g++.dg/eh/simd-2.C compilation failed to produce executable
FAIL: g++.dg/ext/pretty1.C scan-assembler top level
FAIL: g++.dg/ext/pretty2.C (test for excess errors)
WARNING: g++.dg/ext/pretty2.C compilation failed to produce executable
FAIL: g++.dg/init/array10.C (test for excess errors)
FAIL: g++.dg/parse/stack1.C (test for excess errors)
FAIL: g++.old-deja/g++.law/profile1.C execution test
WARNING: g++.old-deja/g++.mike/p10769a.C compilation failed to produce executable
FAIL: g++.old-deja/g++.other/crash34.C (test for excess errors)
WARNING: g++.old-deja/g++.other/enum5.C compilation failed to produce executable
XPASS: g++.old-deja/g++.other/init5.C execution test
WARNING: g++.old-deja/g++.pt/friend44.C compilation failed to produce executable
XPASS: g++.old-deja/g++.pt/overload8.C (test for bogus messages, line 10)
=== g++ Summary for unix/-fPIC ===
# of expected passes 8859
# of unexpected failures 8
# of unexpected successes 2
# of expected failures 64
# of unsupported tests 59
Running target unix
FAIL: g++.dg/eh/simd-1.C (test for excess errors)
WARNING: g++.dg/eh/simd-1.C compilation failed to produce executable
FAIL: g++.dg/eh/simd-2.C (test for excess errors)
WARNING: g++.dg/eh/simd-2.C compilation failed to produce executable
FAIL: g++.dg/ext/pretty1.C scan-assembler top level
FAIL: g++.dg/ext/pretty2.C (test for excess errors)
WARNING: g++.dg/ext/pretty2.C compilation failed to produce executable
FAIL: g++.dg/init/array10.C (test for excess errors)
FAIL: g++.dg/parse/stack1.C (test for excess errors)
FAIL: g++.old-deja/g++.law/profile1.C execution test
WARNING: g++.old-deja/g++.mike/p10769a.C compilation failed to produce executable
FAIL: g++.old-deja/g++.other/crash34.C (test for excess errors)
WARNING: g++.old-deja/g++.other/enum5.C compilation failed to produce executable
XPASS: g++.old-deja/g++.other/init5.C execution test
WARNING: g++.old-deja/g++.pt/friend44.C compilation failed to produce executable
XPASS: g++.old-deja/g++.pt/overload8.C (test for bogus messages, line 10)
=== g++ Summary for unix ===
# of expected passes 8859
# of unexpected failures 8
# of unexpected successes 2
# of expected failures 64
# of unsupported tests 59
=== g++ Summary ===
# of expected passes 26579
# of unexpected failures 22
# of unexpected successes 6
# of expected failures 192
# of unsupported tests 177
/usr/local/src/gcc-binutils/trunk/objdir/gcc/testsuite/../g++ version 3.4 20030826 (experimental)
=== objc tests ===
Running target unix/-m32
=== objc Summary for unix/-m32 ===
# of expected passes 1156
Running target unix/-fPIC
=== objc Summary for unix/-fPIC ===
# of expected passes 1156
Running target unix
=== objc Summary for unix ===
# of expected passes 1156
=== objc Summary ===
# of expected passes 3468
/usr/local/src/gcc-binutils/trunk/objdir/gcc/xgcc version 3.4 20030826 (experimental)
=== treelang tests ===
Running target unix/-m32
=== treelang Summary for unix/-m32 ===
# of expected passes 1
Running target unix/-fPIC
=== treelang Summary for unix/-fPIC ===
Running target unix
=== treelang Summary for unix ===
=== treelang Summary ===
# of expected passes 1
=== libjava tests ===
Running target unix/-m32
=== libjava Summary for unix/-m32 ===
# of expected passes 3092
# of expected failures 10
# of untested testcases 8
Running target unix/-fPIC
FAIL: Array_3 execution - source compiled test
FAIL: Array_3 execution - gij test
FAIL: Array_3 execution - bytecode->native test
FAIL: Array_3 -O execution - source compiled test
FAIL: Array_3 execution - gij test
FAIL: Array_3 -O execution - bytecode->native test
FAIL: Invoke_1 execution - source compiled test
FAIL: Invoke_1 execution - bytecode->native test
FAIL: Invoke_1 -O execution - source compiled test
FAIL: Invoke_1 -O execution - bytecode->native test
FAIL: PR218 execution - gij test
FAIL: PR218 execution - gij test
=== libjava Summary for unix/-fPIC ===
# of expected passes 3068
# of unexpected failures 12
# of expected failures 10
# of untested testcases 20
Running target unix
FAIL: Array_3 execution - source compiled test
FAIL: Array_3 execution - gij test
FAIL: Array_3 execution - bytecode->native test
FAIL: Array_3 -O execution - source compiled test
FAIL: Array_3 execution - gij test
FAIL: Array_3 -O execution - bytecode->native test
FAIL: Invoke_1 execution - source compiled test
FAIL: Invoke_1 execution - bytecode->native test
FAIL: Invoke_1 -O execution - source compiled test
FAIL: Invoke_1 -O execution - bytecode->native test
FAIL: PR218 execution - gij test
FAIL: PR218 execution - gij test
=== libjava Summary for unix ===
# of expected passes 3068
# of unexpected failures 12
# of expected failures 10
# of untested testcases 20
=== libjava Summary ===
# of expected passes 9228
# of unexpected failures 24
# of expected failures 30
# of untested testcases 48
=== libstdc++ tests ===
Running target unix/-m32
FAIL: 22_locale/codecvt/encoding/wchar_t/wrapped_locale.cc execution test
FAIL: 22_locale/codecvt/max_length/wchar_t/wrapped_locale.cc execution test
FAIL: 22_locale/ctype/widen/wchar_t/2.cc execution test
FAIL: 22_locale/messages/members/char/1.cc execution test
FAIL: 22_locale/messages/members/char/2.cc execution test
FAIL: 22_locale/messages/members/char/wrapped_env.cc execution test
FAIL: 22_locale/messages/members/char/wrapped_locale.cc execution test
FAIL: 22_locale/messages_byname/1.cc execution test
FAIL: 27_io/basic_filebuf/underflow/wchar_t/9520.cc execution test
=== libstdc++ Summary for unix/-m32 ===
# of expected passes 2078
# of unexpected failures 9
# of expected failures 10
Running target unix/-fPIC
FAIL: 22_locale/codecvt/encoding/wchar_t/wrapped_locale.cc execution test
FAIL: 22_locale/codecvt/max_length/wchar_t/wrapped_locale.cc execution test
FAIL: 22_locale/ctype/widen/wchar_t/2.cc execution test
FAIL: 27_io/basic_filebuf/underflow/wchar_t/9520.cc execution test
=== libstdc++ Summary for unix/-fPIC ===
# of expected passes 2083
# of unexpected failures 4
# of expected failures 10
Running target unix
FAIL: 22_locale/codecvt/encoding/wchar_t/wrapped_locale.cc execution test
FAIL: 22_locale/codecvt/max_length/wchar_t/wrapped_locale.cc execution test
FAIL: 22_locale/ctype/widen/wchar_t/2.cc execution test
FAIL: 27_io/basic_filebuf/underflow/wchar_t/9520.cc execution test
=== libstdc++ Summary for unix ===
# of expected passes 2083
# of unexpected failures 4
# of expected failures 10
=== libstdc++ Summary ===
# of expected passes 6244
# of unexpected failures 17
# of expected failures 30
Compiler version: 3.4 20030826 (experimental)
Platform: sparc64-unknown-linux-gnu
configure flags: --prefix=/usr/local/gcc-binutils --enable-__cxa_atexit --enable-shared --enable-threads=posix --enable-languages=c,c++,f77,java,objc,treelang
Counting all warnings,
there are 177 warnings in stage0 of this bootstrap.
Number of warnings per file:
30 libiberty/regex.c
19 libjava/java/lang/mprec.c
12 include/bits/locale_facets.tcc
9 ./java/lang/Integer.h
8 libjava/java/lang/strtod.c
8 libjava/java/lang/dtoa.c
8 include/ext/ropeimpl.h
7 include/xregex2.h
6 libjava/java/lang/natClassLoader.cc
6 libjava/java/lang/e_exp.c
6 libf2c/libI77/rsne.c
4 libobjc/linking.m
4 libffi/src/sparc/v8.S
4 <command line>
2 ./runtime-info.h
2 libstdc++-v3/src/ctype.cc
2 libstdc++-v3/src/codecvt.cc
2 libobjc/sendmsg.c
2 libobjc/Protocol.m
2 libobjc/Object.m
2 libobjc/encoding.c
2 libjava/verify.cc
2 libjava/prims.cc
2 libjava/jni.cc
2 libjava/java/lang/e_rem_pio2.c
2 libjava/java/lang/e_asin.c
2 libjava/gnu/gcj/io/shs.cc
2 libffi/src/sparc/v9.S
2 libf2c/libI77/open.c
2 libf2c/libI77/inquire.c
2 java/net/natNetworkInterface.cc
2 include/private/../gc_config_macros.h
2 include/java-signal.h
2 include/gc_config_macros.h
2 gcc/coretypes.h
2 gcc/boehm-gc/mark_rts.c
1 fastjar/jartool.c
1 configure
Number of warning types:
24 signed and unsigned type in conditional expression
12 suggest parentheses around + or - inside shift
10 statement has no effect
9 this is the location of the previous definition
9 this decimal constant is unsigned only in ISO C90
8 dereferencing type-punned pointer will break strict-aliasing rules
7 ISO C90 does not support \`static' or type qualifiers in parameter array declarators
6 unused parameter 'preg'
6 comparison between signed and unsigned integer expressions
4 'void __static_initialization_and_destruction_0(int, int)' defined but not used
4 '__tmp' might be used uninitialized in this function
4 third operand of conditional has no effect
4 suggest parentheses around assignment used as truth value
4 second operand of conditional has no effect
4 \`GC_LINUX_THREADS' redefined
3 suggest parentheses around arithmetic in operand of |
3 \`STACKFRAME' redefined
2 'z' might be used uninitialized in this function
2 'x' might be used uninitialized in this function
2 'x0' might be used uninitialized in this function
2 'void __rt_sigreturn_stub()' defined but not used
2 'void byteReverse()' declared \`static' but never defined
2 unused parameter '_p'
2 unused parameter 'fmt'
2 't' might be used uninitialized in this function
2 'target_flags' defined but not used
2 'struct_forward_array' defined but not used
2 'spec_case' might be used uninitialized in this function
2 \`rtx' redefined
2 'mlo' might be used uninitialized in this function
2 'lo' might be used uninitialized in this function
2 'k' might be used uninitialized in this function
2 'ilim' might be used uninitialized in this function
2 'ilim1' might be used uninitialized in this function
2 'hi' might be used uninitialized in this function
2 function returns address of local variable
2 'dn' might be used uninitialized in this function
2 'dn0' might be used uninitialized in this function
2 'delta' might be used uninitialized in this function
2 comparison between signed and unsigned
2 cast from pointer to integer of different size
2 'bs' might be used uninitialized in this function
2 'bd' might be used uninitialized in this function
2 'bb' might be used uninitialized in this function
1 string length \`???' is greater than the length \`???' ISO C89 compilers are required to support
1
Counting all warnings,
there are 15 warnings in stage3 of this bootstrap.
Number of warnings per file:
4 gcc/crtstuff.c
3 gcc/gcc.c
2 /usr/share/bison/bison.simple
2 gcc/objc/lang-specs.h
2 gcc/f/sta.c
1 gcc/treelang/parse.y
1 gcc/java/jvspec.c
Number of warning types:
6 string length \`???' is greater than the length \`???' ISO C89 compilers are required to support
4 passing arg ??? of \`???' discards qualifiers from pointer target type
2 label \`???' defined but not used
2 dereferencing type-punned pointer will break strict-aliasing rules
1 'yytoknum' defined but not used