This is the mail archive of the
gcc-testresults@gcc.gnu.org
mailing list for the GCC project.
Results for 3.4 20030810 (experimental) testsuite on i686-pc-linux-gnu
- From: Christian Joensson <c dot christian dot joensson at comhem dot se>
- To: gcc-testresults at gcc dot gnu dot org
- Date: Mon, 11 Aug 2003 00:40:53 +0200
- Subject: Results for 3.4 20030810 (experimental) testsuite on i686-pc-linux-gnu
Red Hat Linux 9 (Shrike) ia32 dual pentium III i686:
binutils-2.13.90.0.18-9
bison-1.35-6
dejagnu-1.4.2-10
expect-5.38.0-88
gcc-3.2.2-5
glibc-2.3.2-27.9
glibc-kernheaders-2.4-8.10
kernel-smp-2.4.20-19.9
tcl-8.3.5-88
LAST_UPDATED: Sun Aug 10 17:26:33 UTC 2003
Native configuration is i686-pc-linux-gnu
=== g77 tests ===
Running target unix/-fPIC
FAIL: g77.f-torture/execute/980520-1.f compilation, -O0
=== g77 Summary for unix/-fPIC ===
# of expected passes 1758
# of unexpected failures 1
# of untested testcases 1
Running target unix
ERROR: tcl error sourcing /usr/local/src/trunk/gcc/gcc/testsuite/g77.dg/dg.exp.
ERROR: couldn't compile regular expression pattern: parentheses () not balanced
FAIL: g77.f-torture/execute/980520-1.f compilation, -O0
=== g77 Summary for unix ===
# of expected passes 1244
# of unexpected failures 1
# of untested testcases 1
=== g77 Summary ===
# of expected passes 3002
# of unexpected failures 2
# of untested testcases 2
/usr/local/src/trunk/objdir/gcc/testsuite/../g77 version 3.4 20030810 (experimental)
=== gcc tests ===
Running target unix/-fPIC
FAIL: gcc.c-torture/compile/20000804-1.c (test for excess errors)
WARNING: program timed out.
FAIL: gcc.c-torture/compile/20001226-1.c (test for excess errors)
WARNING: program timed out.
FAIL: gcc.c-torture/compile/20001226-1.c (test for excess errors)
WARNING: program timed out.
FAIL: gcc.c-torture/compile/20001226-1.c (test for excess errors)
FAIL: gcc.c-torture/execute/ffs-2.c compilation, -O0
UNRESOLVED: gcc.c-torture/execute/ffs-2.c execution, -O0
FAIL: gcc.c-torture/execute/ffs-2.c compilation, -O1
UNRESOLVED: gcc.c-torture/execute/ffs-2.c execution, -O1
FAIL: gcc.c-torture/execute/ffs-2.c compilation, -O2
UNRESOLVED: gcc.c-torture/execute/ffs-2.c execution, -O2
FAIL: gcc.c-torture/execute/ffs-2.c compilation, -O3 -fomit-frame-pointer
UNRESOLVED: gcc.c-torture/execute/ffs-2.c execution, -O3 -fomit-frame-pointer
FAIL: gcc.c-torture/execute/ffs-2.c compilation, -O3 -fomit-frame-pointer -funroll-loops
UNRESOLVED: gcc.c-torture/execute/ffs-2.c execution, -O3 -fomit-frame-pointer -funroll-loops
FAIL: gcc.c-torture/execute/ffs-2.c compilation, -O3 -fomit-frame-pointer -funroll-all-loops -finline-functions
UNRESOLVED: gcc.c-torture/execute/ffs-2.c execution, -O3 -fomit-frame-pointer -funroll-all-loops -finline-functions
FAIL: gcc.c-torture/execute/ffs-2.c compilation, -O3 -g
UNRESOLVED: gcc.c-torture/execute/ffs-2.c execution, -O3 -g
FAIL: gcc.c-torture/execute/ffs-2.c compilation, -Os
UNRESOLVED: gcc.c-torture/execute/ffs-2.c execution, -Os
UNRESOLVED: gcc.c-torture/execute/wchar_t-1.c execution, -O0
UNRESOLVED: gcc.c-torture/execute/wchar_t-1.c execution, -O1
UNRESOLVED: gcc.c-torture/execute/wchar_t-1.c execution, -O2
UNRESOLVED: gcc.c-torture/execute/wchar_t-1.c execution, -O3 -fomit-frame-pointer
UNRESOLVED: gcc.c-torture/execute/wchar_t-1.c execution, -O3 -g
UNRESOLVED: gcc.c-torture/execute/wchar_t-1.c execution, -Os
FAIL: gcc.dg/compat/vector-1 c_compat_x_tst.o compile
FAIL: gcc.dg/compat/vector-1 c_compat_y_tst.o compile
UNRESOLVED: gcc.dg/compat/vector-1 c_compat_x_tst.o-c_compat_y_tst.o link
UNRESOLVED: gcc.dg/compat/vector-1 c_compat_x_tst.o-c_compat_y_tst.o execute
FAIL: gcc.dg/compat/vector-2 c_compat_x_tst.o compile
FAIL: gcc.dg/compat/vector-2 c_compat_y_tst.o compile
UNRESOLVED: gcc.dg/compat/vector-2 c_compat_x_tst.o-c_compat_y_tst.o link
UNRESOLVED: gcc.dg/compat/vector-2 c_compat_x_tst.o-c_compat_y_tst.o execute
FAIL: gcc.dg/20011119-1.c (test for excess errors)
WARNING: gcc.dg/20011119-1.c compilation failed to produce executable
WARNING: program timed out.
FAIL: gcc.dg/20020616-1.c execution test
FAIL: gcc.dg/20020919-1.c (test for errors, line 132)
FAIL: gcc.dg/20020919-1.c (test for errors, line 177)
FAIL: gcc.dg/20020919-1.c (test for errors, line 231)
FAIL: gcc.dg/20020919-1.c (test for errors, line 244)
FAIL: gcc.dg/20020919-1.c (test for excess errors)
FAIL: gcc.dg/asm-names.c (test for excess errors)
FAIL: gcc.dg/clobbers.c (test for excess errors)
WARNING: gcc.dg/clobbers.c compilation failed to produce executable
FAIL: gcc.dg/i386-387-3.c scan-assembler fldpi
FAIL: gcc.dg/i386-387-4.c scan-assembler fldpi
FAIL: gcc.dg/i386-cmov1.c scan-assembler sar[^\\n]*magic_namea
FAIL: gcc.dg/i386-cmov1.c scan-assembler sar[^\\n]*magic_nameb
FAIL: gcc.dg/i386-cmov1.c scan-assembler sar[^\\n]*magic_namec
FAIL: gcc.dg/i386-cmov1.c scan-assembler shr[^\\n]*magic_named
FAIL: gcc.dg/i386-cmov1.c scan-assembler shr[^\\n]*magic_namee
FAIL: gcc.dg/i386-cmov1.c scan-assembler shr[^\\n]*magic_namef
FAIL: gcc.dg/i386-local2.c scan-assembler-not sub[^\\n]*sp
FAIL: gcc.dg/i386-mul.c scan-assembler and[^\\n]*magic
FAIL: gcc.dg/i386-ssetype-1.c scan-assembler andpd[^\\n]*magic
FAIL: gcc.dg/i386-ssetype-1.c scan-assembler andnpd[^\\n]*magic
FAIL: gcc.dg/i386-ssetype-1.c scan-assembler xorpd[^\\n]*magic
FAIL: gcc.dg/i386-ssetype-1.c scan-assembler orpd[^\\n]*magic
FAIL: gcc.dg/i386-ssetype-1.c scan-assembler movapd[^\\n]*magic
FAIL: gcc.dg/i386-ssetype-3.c scan-assembler andps[^\\n]*magic
FAIL: gcc.dg/i386-ssetype-3.c scan-assembler andnps[^\\n]*magic
FAIL: gcc.dg/i386-ssetype-3.c scan-assembler xorps[^\\n]*magic
FAIL: gcc.dg/i386-ssetype-3.c scan-assembler orps[^\\n]*magic
FAIL: gcc.dg/i386-ssetype-3.c scan-assembler movaps[^\\n]*magic
FAIL: gcc.dg/i386-ssetype-5.c scan-assembler pand[^\\n]*magic
FAIL: gcc.dg/i386-ssetype-5.c scan-assembler pandn[^\\n]*magic
FAIL: gcc.dg/i386-ssetype-5.c scan-assembler pxor[^\\n]*magic
FAIL: gcc.dg/i386-ssetype-5.c scan-assembler por[^\\n]*magic
FAIL: gcc.dg/sibcall-6.c execution test
=== gcc Summary for unix/-fPIC ===
# of expected passes 23351
# of unexpected failures 50
# of expected failures 81
# of unresolved testcases 18
# of unsupported tests 139
Running target unix
UNRESOLVED: gcc.c-torture/execute/wchar_t-1.c execution, -O0
UNRESOLVED: gcc.c-torture/execute/wchar_t-1.c execution, -O1
UNRESOLVED: gcc.c-torture/execute/wchar_t-1.c execution, -O2
UNRESOLVED: gcc.c-torture/execute/wchar_t-1.c execution, -O3 -fomit-frame-pointer
UNRESOLVED: gcc.c-torture/execute/wchar_t-1.c execution, -O3 -g
UNRESOLVED: gcc.c-torture/execute/wchar_t-1.c execution, -Os
FAIL: gcc.dg/compat/vector-1 c_compat_x_tst.o compile
FAIL: gcc.dg/compat/vector-1 c_compat_y_tst.o compile
UNRESOLVED: gcc.dg/compat/vector-1 c_compat_x_tst.o-c_compat_y_tst.o link
UNRESOLVED: gcc.dg/compat/vector-1 c_compat_x_tst.o-c_compat_y_tst.o execute
FAIL: gcc.dg/compat/vector-2 c_compat_x_tst.o compile
FAIL: gcc.dg/compat/vector-2 c_compat_y_tst.o compile
UNRESOLVED: gcc.dg/compat/vector-2 c_compat_x_tst.o-c_compat_y_tst.o link
UNRESOLVED: gcc.dg/compat/vector-2 c_compat_x_tst.o-c_compat_y_tst.o execute
=== gcc Summary for unix ===
# of expected passes 23407
# of unexpected failures 4
# of expected failures 81
# of unresolved testcases 10
# of unsupported tests 139
=== gcc Summary ===
# of expected passes 46758
# of unexpected failures 54
# of expected failures 162
# of unresolved testcases 28
# of unsupported tests 278
/usr/local/src/trunk/objdir/gcc/xgcc version 3.4 20030810 (experimental)
=== g++ tests ===
Running target unix/-fPIC
FAIL: g++.dg/bprob/g++-bprob-1.C compilation, -g -fprofile-arcs
UNRESOLVED: g++.dg/bprob/g++-bprob-1.C execution, -g -fprofile-arcs
UNRESOLVED: g++.dg/bprob/g++-bprob-1.C compilation, -g -fbranch-probabilities
UNRESOLVED: g++.dg/bprob/g++-bprob-1.C execution, -g -fbranch-probabilities
FAIL: g++.dg/bprob/g++-bprob-1.C compilation, -O0 -fprofile-arcs
UNRESOLVED: g++.dg/bprob/g++-bprob-1.C execution, -O0 -fprofile-arcs
UNRESOLVED: g++.dg/bprob/g++-bprob-1.C compilation, -O0 -fbranch-probabilities
UNRESOLVED: g++.dg/bprob/g++-bprob-1.C execution, -O0 -fbranch-probabilities
FAIL: g++.dg/bprob/g++-bprob-1.C compilation, -O1 -fprofile-arcs
UNRESOLVED: g++.dg/bprob/g++-bprob-1.C execution, -O1 -fprofile-arcs
UNRESOLVED: g++.dg/bprob/g++-bprob-1.C compilation, -O1 -fbranch-probabilities
UNRESOLVED: g++.dg/bprob/g++-bprob-1.C execution, -O1 -fbranch-probabilities
FAIL: g++.dg/bprob/g++-bprob-1.C compilation, -O2 -fprofile-arcs
UNRESOLVED: g++.dg/bprob/g++-bprob-1.C execution, -O2 -fprofile-arcs
UNRESOLVED: g++.dg/bprob/g++-bprob-1.C compilation, -O2 -fbranch-probabilities
UNRESOLVED: g++.dg/bprob/g++-bprob-1.C execution, -O2 -fbranch-probabilities
FAIL: g++.dg/bprob/g++-bprob-1.C compilation, -O3 -fprofile-arcs
UNRESOLVED: g++.dg/bprob/g++-bprob-1.C execution, -O3 -fprofile-arcs
UNRESOLVED: g++.dg/bprob/g++-bprob-1.C compilation, -O3 -fbranch-probabilities
UNRESOLVED: g++.dg/bprob/g++-bprob-1.C execution, -O3 -fbranch-probabilities
FAIL: g++.dg/bprob/g++-bprob-1.C compilation, -O3 -g -fprofile-arcs
UNRESOLVED: g++.dg/bprob/g++-bprob-1.C execution, -O3 -g -fprofile-arcs
UNRESOLVED: g++.dg/bprob/g++-bprob-1.C compilation, -O3 -g -fbranch-probabilities
UNRESOLVED: g++.dg/bprob/g++-bprob-1.C execution, -O3 -g -fbranch-probabilities
FAIL: g++.dg/bprob/g++-bprob-1.C compilation, -Os -fprofile-arcs
UNRESOLVED: g++.dg/bprob/g++-bprob-1.C execution, -Os -fprofile-arcs
UNRESOLVED: g++.dg/bprob/g++-bprob-1.C compilation, -Os -fbranch-probabilities
UNRESOLVED: g++.dg/bprob/g++-bprob-1.C execution, -Os -fbranch-probabilities
FAIL: g++.dg/eh/omit-frame-pointer2.C execution test
FAIL: g++.dg/eh/simd-2.C (test for excess errors)
WARNING: g++.dg/eh/simd-2.C compilation failed to produce executable
FAIL: g++.dg/ext/pretty1.C scan-assembler top level
FAIL: g++.dg/ext/pretty2.C (test for excess errors)
WARNING: g++.dg/ext/pretty2.C compilation failed to produce executable
FAIL: g++.dg/init/array10.C (test for excess errors)
FAIL: g++.dg/template/dependent-name2.C (test for excess errors)
WARNING: g++.old-deja/g++.mike/p10769a.C compilation failed to produce executable
WARNING: g++.old-deja/g++.other/enum5.C compilation failed to produce executable
XPASS: g++.old-deja/g++.other/init5.C execution test
FAIL: g++.old-deja/g++.pt/asm1.C (test for excess errors)
FAIL: g++.old-deja/g++.pt/asm2.C (test for excess errors)
WARNING: g++.old-deja/g++.pt/friend44.C compilation failed to produce executable
=== g++ Summary for unix/-fPIC ===
# of expected passes 8854
# of unexpected failures 15
# of unexpected successes 1
# of expected failures 64
# of unresolved testcases 21
# of unsupported tests 27
Running target unix
FAIL: g++.dg/eh/simd-2.C (test for excess errors)
WARNING: g++.dg/eh/simd-2.C compilation failed to produce executable
FAIL: g++.dg/ext/pretty1.C scan-assembler top level
FAIL: g++.dg/ext/pretty2.C (test for excess errors)
WARNING: g++.dg/ext/pretty2.C compilation failed to produce executable
FAIL: g++.dg/init/array10.C (test for excess errors)
FAIL: g++.dg/template/dependent-name2.C (test for excess errors)
WARNING: g++.old-deja/g++.mike/p10769a.C compilation failed to produce executable
WARNING: g++.old-deja/g++.other/enum5.C compilation failed to produce executable
XPASS: g++.old-deja/g++.other/init5.C execution test
WARNING: g++.old-deja/g++.pt/friend44.C compilation failed to produce executable
=== g++ Summary for unix ===
# of expected passes 8885
# of unexpected failures 5
# of unexpected successes 1
# of expected failures 64
# of unsupported tests 27
=== g++ Summary ===
# of expected passes 17739
# of unexpected failures 20
# of unexpected successes 2
# of expected failures 128
# of unresolved testcases 21
# of unsupported tests 54
/usr/local/src/trunk/objdir/gcc/testsuite/../g++ version 3.4 20030810 (experimental)
=== objc tests ===
Running target unix/-fPIC
=== objc Summary for unix/-fPIC ===
# of expected passes 1156
Running target unix
=== objc Summary for unix ===
# of expected passes 1156
=== objc Summary ===
# of expected passes 2312
/usr/local/src/trunk/objdir/gcc/xgcc version 3.4 20030810 (experimental)
=== treelang tests ===
Running target unix/-fPIC
=== treelang Summary for unix/-fPIC ===
# of expected passes 1
Running target unix
=== treelang Summary for unix ===
=== treelang Summary ===
# of expected passes 1
=== libjava tests ===
Running target unix/-fPIC
FAIL: Thread_Interrupt output - gij test
FAIL: Thread_Interrupt output - gij test
FAIL: Thread_Interrupt -O output - bytecode->native test
=== libjava Summary for unix/-fPIC ===
# of expected passes 3074
# of unexpected failures 3
# of expected failures 16
# of untested testcases 12
Running target unix
FAIL: Thread_Interrupt -O output - bytecode->native test
=== libjava Summary for unix ===
# of expected passes 3076
# of unexpected failures 1
# of expected failures 16
# of untested testcases 12
=== libjava Summary ===
# of expected passes 6150
# of unexpected failures 4
# of expected failures 32
# of untested testcases 24
=== libstdc++ tests ===
Running target unix/-fPIC
=== libstdc++ Summary for unix/-fPIC ===
# of expected passes 2087
# of expected failures 10
Running target unix
=== libstdc++ Summary for unix ===
# of expected passes 2087
# of expected failures 10
=== libstdc++ Summary ===
# of expected passes 4174
# of expected failures 20
Compiler version: 3.4 20030810 (experimental)
Platform: i686-pc-linux-gnu
configure flags: pentium3-linux --prefix=/usr/local/gcc-binutils --enable-__cxa_atexit --enable-shared --enable-threads=posix --enable-languages=c,c++,f77,java,objc,treelang
Counting all warnings,
there are 75 warnings in stage0 of this bootstrap.
Number of warnings per file:
20 libiberty/regex.c
6 fastjar/jartool.c
5 include/xregex2.h
4 libjava/java/lang/strtod.c
4 libjava/java/lang/dtoa.c
3 libf2c/libI77/rsne.c
3 include/java-signal.h
3 <command line>
2 libtool
2 libobjc/linking.m
2 libjava/java/lang/natClassLoader.cc
2 include/gc_config_macros.h
2 include/bits/locale_facets.tcc
1 libstdc++-v3/src/ctype.cc
1 libstdc++-v3/src/codecvt.cc
1 libobjc/sendmsg.c
1 libobjc/Protocol.m
1 libobjc/Object.m
1 libobjc/encoding.c
1 libjava/verify.cc
1 libjava/jni.cc
1 libjava/java/lang/e_exp.c
1 libjava/gnu/gcj/io/shs.cc
1 libf2c/libI77/open.c
1 libf2c/libI77/inquire.c
1 java/net/natNetworkInterface.cc
1 include/private/../gc_config_macros.h
1 include/ext/rope
1 gcc/coretypes.h
1 gcc/boehm-gc/mark_rts.c
Number of warning types:
16 signed and unsigned type in conditional expression
4 this is the location of the previous definition
4 pointer targets in passing arg ??? of \`???' differ in signedness
4 dereferencing type-punned pointer will break strict-aliasing rules
3 'void restore()' declared \`static' but
3 'void
3 ISO C89 does not support \`static' or type qualifiers in parameter array declarators
3 \`GC_LINUX_THREADS' redefined
2 unused parameter 'preg'
2 unused parameter \`???'
2 string length \`???' is greater than the length \`???' ISO C89 compilers are required to support
2 ISO C90 does not support \`static' or type qualifiers in parameter array declarators
2 comparison
2 '
1 'x' might be used uninitialized in this function
1 'x0' might be used uninitialized in this function
1 unused parameter 'fmt'
1 to ensure that POSIX-compatible ar will work
1 'target_flags' defined but not used
1 statement with no effect
1 'spec_case' might be used uninitialized in this function
1 \`rtx' redefined
1 object name conflicts; overriding AR_FLAGS to 'cq'
1 'mlo' might be used uninitialized in this function
1 left-hand
1 'k' might be used uninitialized in this function
1 'ilim' might be used uninitialized in this function
1 'ilim1' might be used uninitialized in this function
1 function returns address of local variable
1 'dn' might be used uninitialized in this function
1 'dn0' might be used uninitialized in this function
1 'delta' might be used uninitialized in this function
1 comparison between signed and unsigned
1 comparison between signed and
1 'bs' might be used uninitialized in this function
1 'bd' might be used uninitialized in this function
1 'bb' might be used uninitialized in this function
Counting all warnings,
there are 18 warnings in stage3 of this bootstrap.
Number of warnings per file:
4 insn-conditions.c
3 gcc/gcc.c
2 /usr/share/bison/bison.simple
2 gcc/objc/lang-specs.h
2 gcc/f/sta.c
2 gcc/crtstuff.c
1 gcc/treelang/parse.y
1 gcc/java/jvspec.c
1 gcc/config/i386/i386.md
Number of warning types:
10 string length \`???' is greater than the length \`???' ISO C89 compilers are required to support
2 passing arg ??? of \`???' discards qualifiers from pointer target type
2 label \`???' defined but not used
2 dereferencing type-punned pointer will break strict-aliasing rules
1 'yytoknum' defined but not used
1 operand 1 missing mode?