This is the mail archive of the
gcc-testresults@gcc.gnu.org
mailing list for the GCC project.
Results for 3.2.3 20030502 (Red Hat Linux 3.2.3-13) testsuite on i686-pc-linux-gnu
- From: hjl at gnu-5 dot sc dot intel dot com (H.J. Lu)
- To: gcc-testresults at gcc dot gnu dot org
- Date: Mon, 4 Aug 2003 11:05:28 -0700 (PDT)
- Subject: Results for 3.2.3 20030502 (Red Hat Linux 3.2.3-13) testsuite on i686-pc-linux-gnu
LAST_UPDATED: Mon Aug 4 15:23:58 UTC 2003
Native configuration is i686-pc-linux-gnu
=== g++ tests ===
Running target unix
=== g++ Summary ===
# of expected passes 7480
# of expected failures 89
# of untested testcases 9
# of unsupported tests 3
/export/build/gnu/gcc-3.2-redhat/build-i686-linux/gcc/testsuite/../g++ version 3.2.3 20030502 (Red Hat Linux 3.2.3-13)
=== g77 tests ===
Running target unix
=== g77 Summary ===
# of expected passes 1474
/export/build/gnu/gcc-3.2-redhat/build-i686-linux/gcc/testsuite/../g77 version 3.2.3 20030502 (Red Hat Linux 3.2.3-13)
=== gcc tests ===
Running target unix
XPASS: gcc.c-torture/execute/loop-3c.c execution, -Os
FAIL: gcc.dg/20020531-1.c (test for excess errors)
=== gcc Summary ===
# of expected passes 19180
# of unexpected failures 1
# of unexpected successes 1
# of expected failures 68
# of unsupported tests 56
/export/build/gnu/gcc-3.2-redhat/build-i686-linux/gcc/xgcc version 3.2.3 20030502 (Red Hat Linux 3.2.3-13)
=== objc tests ===
Running target unix
=== objc Summary ===
# of expected passes 1047
# of expected failures 6
/export/build/gnu/gcc-3.2-redhat/build-i686-linux/gcc/xgcc version 3.2.3 20030502 (Red Hat Linux 3.2.3-13)
=== libjava tests ===
Running target unix
FAIL: Array_3 execution from source compiled test
FAIL: Array_3 execution from bytecode->native test
FAIL: Array_3 -O execution from source compiled test
FAIL: Array_3 -O execution from bytecode->native test
FAIL: Divide_1 execution from source compiled test
FAIL: Divide_1 execution from bytecode->native test
FAIL: Divide_1 -O execution from source compiled test
FAIL: Divide_1 -O execution from bytecode->native test
FAIL: Invoke_1 execution from source compiled test
FAIL: Invoke_1 execution from bytecode->native test
FAIL: Invoke_1 -O execution from source compiled test
FAIL: Invoke_1 -O execution from bytecode->native test
FAIL: PR218 execution from source compiled test
FAIL: PR218 execution from bytecode->native test
FAIL: PR218 -O execution from source compiled test
FAIL: PR218 -O execution from bytecode->native test
FAIL: Thread_Interrupt -O output from source compiled test
FAIL: Throw_2 execution from source compiled test
FAIL: Throw_2 execution from bytecode->native test
FAIL: Throw_2 -O execution from source compiled test
FAIL: Throw_2 -O execution from bytecode->native test
=== libjava Summary ===
# of expected passes 2046
# of unexpected failures 21
# of expected failures 18
# of untested testcases 34
=== libstdc++-v3 tests ===
Running target unix
XPASS: 22_locale/collate_byname.cc execution test
XPASS: 22_locale/collate_members_char.cc execution test
XPASS: 22_locale/collate_members_wchar_t.cc execution test
XPASS: 22_locale/ctype_is_char.cc execution test
XPASS: 22_locale/ctype_is_wchar_t.cc execution test
XPASS: 22_locale/members.cc execution test
XPASS: 22_locale/messages_byname.cc execution test
XPASS: 22_locale/messages_members_char.cc execution test
XPASS: 22_locale/money_get_members_char.cc execution test
XPASS: 22_locale/money_get_members_wchar_t.cc execution test
XPASS: 22_locale/money_put_members_char.cc execution test
XPASS: 22_locale/money_put_members_wchar_t.cc execution test
XPASS: 22_locale/moneypunct_byname.cc execution test
XPASS: 22_locale/moneypunct_members_char.cc execution test
XPASS: 22_locale/moneypunct_members_wchar_t.cc execution test
XPASS: 22_locale/num_get_members_char.cc execution test
XPASS: 22_locale/num_get_members_wchar_t.cc execution test
XPASS: 22_locale/num_put_members_char.cc execution test
XPASS: 22_locale/num_put_members_wchar_t.cc execution test
XPASS: 22_locale/numpunct_byname.cc execution test
XPASS: 22_locale/numpunct_members_char.cc execution test
XPASS: 22_locale/numpunct_members_wchar_t.cc execution test
XPASS: 22_locale/time_get_members_char.cc execution test
XPASS: 22_locale/time_get_members_wchar_t.cc execution test
FAIL: 26_numerics/c99_classification_macros_c.cc (test for excess errors)
WARNING: program timed out.
FAIL: thread/pthread4.cc execution test
=== libstdc++-v3 Summary ===
# of expected passes 409
# of unexpected failures 2
# of unexpected successes 24
# of expected failures 2
Compiler version: 3.2.3 20030502 (Red Hat Linux 3.2.3-13)
Platform: i686-pc-linux-gnu
configure flags: --host=i686-pc-linux-gnu --enable-clocale=gnu --with-system-zlib --enable-shared --enable-threads=posix --enable-haifa --disable-checking --prefix=/usr/gcc-3.2-redhat --with-local-prefix=/usr/local