This is the mail archive of the
gcc-testresults@gcc.gnu.org
mailing list for the GCC project.
Results for 3.4 20030801 (experimental) testsuite on sparc-sun-solaris2.9
- From: Andreas Tobler <toa at pop dot agri dot ch>
- To: gcc-results <gcc-testresults at gcc dot gnu dot org>
- Date: Sat, 02 Aug 2003 07:28:03 +0200
- Subject: Results for 3.4 20030801 (experimental) testsuite on sparc-sun-solaris2.9
LAST_UPDATED: Fri Aug 1 07:32:21 UTC 2003
Native configuration is sparc-sun-solaris2.9
=== gcc tests ===
Running target unix
WARNING: program timed out.
FAIL: gcc.c-torture/compile/20001226-1.c (test for excess errors)
WARNING: program timed out.
FAIL: gcc.c-torture/compile/20001226-1.c (test for excess errors)
WARNING: program timed out.
FAIL: gcc.c-torture/compile/20001226-1.c (test for excess errors)
FAIL: gcc.c-torture/execute/simd-4.c compilation, -O0
UNRESOLVED: gcc.c-torture/execute/simd-4.c execution, -O0
FAIL: gcc.c-torture/execute/simd-4.c compilation, -O1
UNRESOLVED: gcc.c-torture/execute/simd-4.c execution, -O1
FAIL: gcc.c-torture/execute/simd-4.c compilation, -O2
UNRESOLVED: gcc.c-torture/execute/simd-4.c execution, -O2
FAIL: gcc.c-torture/execute/simd-4.c compilation, -Os
UNRESOLVED: gcc.c-torture/execute/simd-4.c execution, -Os
UNRESOLVED: gcc.c-torture/execute/wchar_t-1.c execution, -O0
UNRESOLVED: gcc.c-torture/execute/wchar_t-1.c execution, -O1
UNRESOLVED: gcc.c-torture/execute/wchar_t-1.c execution, -O2
UNRESOLVED: gcc.c-torture/execute/wchar_t-1.c execution, -O3 -fomit-frame-pointer
UNRESOLVED: gcc.c-torture/execute/wchar_t-1.c execution, -O3 -g
UNRESOLVED: gcc.c-torture/execute/wchar_t-1.c execution, -Os
FAIL: gcc.dg/compat/vector-1 c_compat_x_tst.o compile
FAIL: gcc.dg/compat/vector-1 c_compat_y_tst.o compile
UNRESOLVED: gcc.dg/compat/vector-1 c_compat_x_tst.o-c_compat_y_tst.o link
UNRESOLVED: gcc.dg/compat/vector-1 c_compat_x_tst.o-c_compat_y_tst.o execute
FAIL: gcc.dg/compat/vector-2 c_compat_x_tst.o compile
FAIL: gcc.dg/compat/vector-2 c_compat_y_tst.o compile
UNRESOLVED: gcc.dg/compat/vector-2 c_compat_x_tst.o-c_compat_y_tst.o link
UNRESOLVED: gcc.dg/compat/vector-2 c_compat_x_tst.o-c_compat_y_tst.o execute
WARNING: gcc.dg/20021014-1.c compilation failed to produce executable
FAIL: gcc.dg/builtins-18.c (test for excess errors)
FAIL: gcc.dg/builtins-20.c (test for excess errors)
XPASS: gcc.dg/uninit-4.c uninitialized variable warning (test for bogus messages, line 26)
FAIL: gcc.misc-tests/mg.c
=== gcc Summary ===
# of expected passes 23685
# of unexpected failures 14
# of unexpected successes 1
# of expected failures 78
# of unresolved testcases 14
# of unsupported tests 250
/opt/gcc/gcc-cvs/objdir/gcc/xgcc version 3.4 20030801 (experimental)
=== g++ tests ===
Running target unix
FAIL: g++.dg/eh/simd-1.C (test for excess errors)
WARNING: g++.dg/eh/simd-1.C compilation failed to produce executable
FAIL: g++.dg/eh/simd-2.C (test for excess errors)
WARNING: g++.dg/eh/simd-2.C compilation failed to produce executable
FAIL: g++.dg/ext/pretty1.C scan-assembler top level
FAIL: g++.dg/ext/pretty2.C (test for excess errors)
WARNING: g++.dg/ext/pretty2.C compilation failed to produce executable
FAIL: g++.dg/init/array10.C (test for excess errors)
FAIL: g++.dg/special/conpr-4.C execution test
WARNING: g++.old-deja/g++.mike/p10769a.C compilation failed to produce executable
WARNING: g++.old-deja/g++.other/enum5.C compilation failed to produce executable
WARNING: g++.old-deja/g++.pt/friend44.C compilation failed to produce executable
=== g++ Summary ===
# of expected passes 8783
# of unexpected failures 6
# of expected failures 70
# of unsupported tests 52
/opt/gcc/gcc-cvs/objdir/gcc/testsuite/../g++ version 3.4 20030801 (experimental)
=== libjava tests ===
Running target unix
ERROR: tcl error sourcing /opt/gcc/gcc-cvs/gcc/libjava/testsuite/libjava.compile/compile.exp.
ERROR: can't read "x": no such variable
XPASS: bytecompile /opt/gcc/gcc-cvs/gcc/libjava/testsuite/libjava.jni/calls.java
FAIL: Array_3 execution - gij test
FAIL: Array_3 execution - gij test
FAIL: FileHandleGcTest execution - source compiled test
FAIL: FileHandleGcTest execution - bytecode->native test
FAIL: FileHandleGcTest -O execution - source compiled test
FAIL: FileHandleGcTest -O execution - bytecode->native test
FAIL: InvokeReturn execution - gij test
FAIL: InvokeReturn execution - gij test
FAIL: MathBuiltin execution - gij test
FAIL: MathBuiltin execution - gij test
FAIL: SyncTest execution - gij test
FAIL: Thread_Interrupt execution - gij test
FAIL: Thread_Interrupt execution - gij test
FAIL: Thread_Join execution - gij test
FAIL: Thread_Join execution - gij test
FAIL: gnu.testlet.java.io.DataInputStream.ReadReference: Read reference DataInput data (number 1)
FAIL: gnu.testlet.java.io.DataInputStream.ReadReference2: Read reference DataInput data (2) (number 1)
FAIL: gnu.testlet.java.io.File.jdk11: mkdir () (number 1)
FAIL: gnu.testlet.java.io.File.jdk11: canRead () (number 1)
FAIL: gnu.testlet.java.io.File.jdk11: isDirectory () (number 1)
FAIL: gnu.testlet.java.io.File.jdk11: canWrite() (number 1)
FAIL: gnu.testlet.java.io.File.jdk11: exists () (number 1)
FAIL: gnu.testlet.java.io.File.jdk11: isFile () (number 1)
FAIL: gnu.testlet.java.io.File.jdk11: length () (number 1)
FAIL: gnu.testlet.java.io.File.jdk11: uncaught exception at "toString ()" number 2: java.lang.NullPointerException
FAIL: gnu.testlet.java.io.File.security: dir.canWrite() (number 1)
FAIL: gnu.testlet.java.io.File.security: dir.canRead() (number 1)
FAIL: gnu.testlet.java.io.File.security: file.createNewFile() (number 1)
FAIL: gnu.testlet.java.io.File.security: file.delete() (number 1)
FAIL: gnu.testlet.java.io.File.security: dir.list(null) (number 1)
FAIL: gnu.testlet.java.io.File.security: dir.list() (number 1)
FAIL: gnu.testlet.java.io.File.security: dir.listFiles() (number 1)
FAIL: gnu.testlet.java.io.File.security: dir.listFiles(FilenameFilter) (number 1)
FAIL: gnu.testlet.java.io.File.security: dir.listFiles(FileFilter) (number 1)
FAIL: gnu.testlet.java.io.File.security: dir.createTempFile(2-args) (number 1)
FAIL: gnu.testlet.java.io.File.security: File.createTempFile(3-args) (number 1)
FAIL: gnu.testlet.java.io.File.security: dir.setReadOnly() (number 1)
FAIL: gnu.testlet.java.io.File.security: File.listRoots() (number 1)
FAIL: gnu.testlet.java.io.File.security: file.renameTo() (number 1)
FAIL: gnu.testlet.java.io.File.security: dir.setLastModified() (number 1)
FAIL: gnu.testlet.java.io.File.security: dir.deleteOnExit() (number 1)
FAIL: gnu.testlet.java.io.ObjectInputOutput.InputTest: gnu.testlet.java.io.ObjectInputOutput.Test\$CallDefault (number 1)
FAIL: gnu.testlet.java.io.ObjectInputOutput.InputTest: gnu.testlet.java.io.ObjectInputOutput.Test\$Extern (number 1)
FAIL: gnu.testlet.java.io.ObjectInputOutput.InputTest: gnu.testlet.java.io.ObjectInputOutput.Test\$NoCallDefault (number 1)
FAIL: gnu.testlet.java.io.ObjectInputOutput.InputTest: gnu.testlet.java.io.ObjectInputOutput.Test\$HairyGraph (number 1)
FAIL: gnu.testlet.java.io.ObjectInputOutput.InputTest: gnu.testlet.java.io.ObjectInputOutput.Test\$GetPutField (number 1)
FAIL: gnu.testlet.java.io.ObjectInputOutput.OutputTest: gnu.testlet.java.io.ObjectInputOutput.Test\$CallDefault (number 1)
FAIL: gnu.testlet.java.io.ObjectInputOutput.OutputTest: Serializable: gnu.testlet.java.io.ObjectInputOutput.Test\$Extern () (number 2)
FAIL: gnu.testlet.java.io.ObjectInputOutput.OutputTest: gnu.testlet.java.io.ObjectInputOutput.Test\$NoCallDefault (number 1)
FAIL: gnu.testlet.java.io.ObjectInputOutput.OutputTest: gnu.testlet.java.io.ObjectInputOutput.Test\$HairyGraph (number 1)
FAIL: gnu.testlet.java.io.ObjectInputOutput.OutputTest: Serializable: test(str=null, x=0) (number 2)
FAIL: gnu.testlet.java.io.ObjectInputOutput.OutputTest: gnu.testlet.java.io.ObjectInputOutput.Test\$BadField (number 1)
FAIL: gnu.testlet.java.io.OutputStreamWriter.jdk11: OutputStreamWriter(writer, encoding) (number 1)
FAIL: gnu.testlet.java.io.OutputStreamWriter.jdk11: OutputStreamWriter(writer, encoding) // alias (number 1)
FAIL: gnu.testlet.java.io.PrintStream.subclass (number 1)
FAIL: gnu.testlet.java.io.Utf8Encoding.ReadReference: Read UTF8 reference file (number 1)
FAIL: gnu.testlet.java.lang.Double.DoubleTest: Error: test_longValue returned wrong results CYGNUS: Float to int conversions - 1 (number 1)
FAIL: gnu.testlet.java.lang.Math.MathTest: Error : test_asinacosatan failed - 4 (number 1)
FAIL: gnu.testlet.java.lang.Math.MathTest: Error : test_asinacosatan failed - 6 (number 1)
FAIL: gnu.testlet.java.lang.Math.MathTest: Error : test_log failed - 2 (number 1)
WARNING: program timed out.
FAIL: gnu.testlet.java.lang.String.getBytes13: String.getBytes("Cp1252") (number 1)
FAIL: gnu.testlet.java.lang.String.getBytes14: String.getBytes("windows-1252") (number 1)
FAIL: gnu.testlet.java.lang.Thread.daemon: Can change daemon state on an exitted Thread (number 1)
FAIL: gnu.testlet.java.lang.Thread.daemon: Daemon status changed when set on an exitted Thread (number 1)
FAIL: gnu.testlet.java.lang.Thread.stop: Unexpected exception during test() (number 1)
FAIL: gnu.testlet.java.math.BigDecimal.divide: unrounded zero (number 2)
FAIL: gnu.testlet.java.math.BigDecimal.divide: unrounded zero (number 4)
FAIL: gnu.testlet.java.math.BigDecimal.divide: -66.70 / 2, scale 0 (number 1)
FAIL: gnu.testlet.java.math.BigDecimal.divide: -66.70 / 2, scale 0 (number 4)
FAIL: gnu.testlet.java.math.BigDecimal.divide: -66.70 / 2, scale 0 (number 5)
FAIL: gnu.testlet.java.math.BigDecimal.divide: -66.70 / 2, scale 0 (number 6)
FAIL: gnu.testlet.java.math.BigDecimal.divide: -66.70 / 2, scale 0 (number 7)
FAIL: gnu.testlet.java.math.BigDecimal.divide: -66.70 / 2, scale 1 (number 1)
FAIL: gnu.testlet.java.math.BigDecimal.divide: -66.70 / 2, scale 1 (number 4)
FAIL: gnu.testlet.java.math.BigDecimal.divide: -66.70 / 2, scale 1 (number 5)
FAIL: gnu.testlet.java.math.BigDecimal.divide: -66.70 / 2, scale 1 (number 7)
FAIL: gnu.testlet.java.math.BigDecimal.divide: 66.70 / -2, scale 0 (number 1)
FAIL: gnu.testlet.java.math.BigDecimal.divide: 66.70 / -2, scale 0 (number 4)
FAIL: gnu.testlet.java.math.BigDecimal.divide: 66.70 / -2, scale 0 (number 5)
FAIL: gnu.testlet.java.math.BigDecimal.divide: 66.70 / -2, scale 0 (number 6)
FAIL: gnu.testlet.java.math.BigDecimal.divide: 66.70 / -2, scale 0 (number 7)
FAIL: gnu.testlet.java.math.BigDecimal.divide: 66.70 / -2, scale 1 (number 1)
FAIL: gnu.testlet.java.math.BigDecimal.divide: 66.70 / -2, scale 1 (number 4)
FAIL: gnu.testlet.java.math.BigDecimal.divide: 66.70 / -2, scale 1 (number 5)
FAIL: gnu.testlet.java.math.BigDecimal.divide: 66.70 / -2, scale 1 (number 7)
FAIL: gnu.testlet.java.math.BigDecimal.setScale: quinn (number 2)
FAIL: gnu.testlet.java.math.BigDecimal.setScale: quinn (number 5)
FAIL: gnu.testlet.java.math.BigDecimal.setScale: quinneg (number 1)
FAIL: gnu.testlet.java.math.BigDecimal.setScale: quinneg (number 2)
FAIL: gnu.testlet.java.math.BigDecimal.setScale: quinneg (number 4)
FAIL: gnu.testlet.java.math.BigDecimal.setScale: quinneg (number 5)
FAIL: gnu.testlet.java.math.BigDecimal.setScale: quinneg (number 6)
FAIL: gnu.testlet.java.math.BigDecimal.setScale: quinneg (number 7)
FAIL: gnu.testlet.java.net.InetAddress.InetAddressTest: Error : test_Basics failed - 10 Should not throw UnknownHostException here (number 1)
FAIL: gnu.testlet.java.net.InetAddress.InetAddressTest: test_Basics failed - 11 - NullPointerException (number 1)
FAIL: gnu.testlet.java.net.InetAddress.InetAddressTest: test_Basics failed - 12 - NullPointerException (number 1)
FAIL: gnu.testlet.java.net.Socket.SocketTest: Error : test_Basics failed - 7 exception should not have been thrown. (number 1)
FAIL: gnu.testlet.java.net.Socket.SocketTest: Error : test_params failed - 10 exception was thrown. (number 1)
FAIL: gnu.testlet.java.net.Socket.jdk12: unexpected error: mail.gnu.org (number 1)
FAIL: gnu.testlet.java.net.Socket.jdk13: unexpected error: mail.gnu.org (number 1)
FAIL: gnu.testlet.java.net.Socket.jdk14: unexpected error: mail.gnu.org (number 1)
FAIL: gnu.testlet.java.net.URL.URLTest: I want my Apache server! (number 1)
FAIL: gnu.testlet.java.net.URL.URLTest: Content must be text/html (number 1)
FAIL: gnu.testlet.java.net.URL.URLTest: getContent() threw Exception (number 1)
FAIL: gnu.testlet.java.net.URL.URLTest: Error in test_openStream - 2 exception should not be thrown here (number 1)
XPASS: gnu.testlet.java.net.URL.URLTest: sameFile (number 2)
FAIL: gnu.testlet.java.net.URL.URLTest: toString (number 2)
FAIL: gnu.testlet.java.net.URLClassLoader.getResource: Unexpected exception: java.io.IOException: Permission denied (number 1)
FAIL: gnu.testlet.java.net.URLClassLoader.getResourceRemote: URL file path ends with /mauve/testarea/testresource (number 1)
FAIL: gnu.testlet.java.net.URLClassLoader.getResourceRemote: ./testresource (number 1)
FAIL: gnu.testlet.java.net.URLClassLoader.getResourceRemote: ./testresource (number 1)
FAIL: gnu.testlet.java.net.URLClassLoader.getResourceRemote: URL file path ends with /mauve/testarea/testdir/resourceindir (number 1)
FAIL: gnu.testlet.java.net.URLClassLoader.getResourceRemote: ./testdir/resourceindir (number 1)
FAIL: gnu.testlet.java.net.URLClassLoader.getResourceRemote: testdir/./resourceindir (number 1)
FAIL: gnu.testlet.java.net.URLClassLoader.getResourceRemote: testdir/../testdir/resourceindir (number 1)
FAIL: gnu.testlet.java.net.URLClassLoader.getResourceRemote: testdir///resourceindir (number 1)
FAIL: gnu.testlet.java.net.URLClassLoader.getResourceRemote: URL file path ends with /mauve/testarea/remotejar.jar!/remote-jresource (number 1)
FAIL: gnu.testlet.java.net.URLClassLoader.getResourceRemote: URL file path ends with /mauve/testarea/remotejar.jar!/path/in/remote-jar/resourcefile (number 1)
FAIL: gnu.testlet.java.net.URLConnection.URLConnectionTest: Error in test_getContentFunctions - 5 should not have raised exception here (number 1)
FAIL: gnu.testlet.java.net.URLConnection.URLConnectionTest: Error in test_getHeaderField - 0 0 header field wrong (number 1)
FAIL: gnu.testlet.java.net.URLConnection.URLConnectionTest: Error in test_getHeaderField - 10 should not have raised exception here (number 1)
FAIL: gnu.testlet.java.net.URLConnection.URLConnectionTest: Error in test_streams - 1 should not have raised exception here (number 1)
FAIL: gnu.testlet.java.text.RuleBasedCollator.jdk11: constructor rule parsing (number 3)
FAIL: gnu.testlet.java.text.RuleBasedCollator.jdk11: constructor rule parsing (number 4)
FAIL: gnu.testlet.java.text.RuleBasedCollator.jdk11: constructor rule parsing (number 5)
FAIL: gnu.testlet.java.text.RuleBasedCollator.jdk11: constructor rule parsing (number 9)
FAIL: gnu.testlet.java.text.RuleBasedCollator.jdk11: constructor rule parsing (number 10)
FAIL: gnu.testlet.java.text.RuleBasedCollator.jdk11: constructor rule parsing (number 11)
FAIL: gnu.testlet.java.text.RuleBasedCollator.jdk11: constructor rule parsing (number 20)
FAIL: gnu.testlet.java.text.RuleBasedCollator.jdk11: constructor rule parsing (number 21)
FAIL: gnu.testlet.java.text.RuleBasedCollator.jdk11: constructor rule parsing (number 22)
FAIL: gnu.testlet.java.text.RuleBasedCollator.jdk11: constructor rule parsing (number 23)
FAIL: gnu.testlet.java.text.RuleBasedCollator.jdk11: constructor rule parsing (number 24)
FAIL: gnu.testlet.java.text.RuleBasedCollator.jdk11: constructor rule parsing (number 25)
FAIL: gnu.testlet.java.text.RuleBasedCollator.jdk11: constructor rule parsing (number 26)
FAIL: gnu.testlet.java.text.RuleBasedCollator.jdk11: constructor rule parsing (number 27)
FAIL: gnu.testlet.java.text.RuleBasedCollator.jdk11: constructor rule parsing (number 28)
FAIL: gnu.testlet.java.text.RuleBasedCollator.jdk11: constructor rule parsing (number 29)
FAIL: gnu.testlet.java.text.RuleBasedCollator.jdk11: constructor rule parsing (number 30)
FAIL: gnu.testlet.java.text.RuleBasedCollator.jdk11: constructor rule parsing (number 31)
FAIL: gnu.testlet.java.text.RuleBasedCollator.jdk11: constructor rule parsing errors (number 1)
FAIL: gnu.testlet.java.text.RuleBasedCollator.jdk11: single character ordering (number 19)
FAIL: gnu.testlet.java.text.RuleBasedCollator.jdk11: single character ordering (number 73)
FAIL: gnu.testlet.java.text.RuleBasedCollator.jdk11: contraction ordering (number 5)
FAIL: gnu.testlet.java.text.RuleBasedCollator.jdk11: expansion ordering: ParseException (offset is 26) (number 1)
XPASS: gnu.testlet.java.text.SimpleDateFormat.Test: equals() (number 1)
FAIL: gnu.testlet.java.util.ArrayList.serial (number 2)
FAIL: gnu.testlet.java.util.jar.JarFile.basic: all basic tests failed (number 1)
FAIL: gnu.testlet.java.util.zip.GZIPInputStream.basic: reading gzip file (number 1)
FAIL: gnu.testlet.java.util.zip.GZIPInputStream.basic: compressing and re-reading (number 1)
FAIL: gnu.testlet.java.util.zip.InflaterInputStream.basic: compressing string (number 2)
FAIL: gnu.testlet.java.util.zip.InflaterInputStream.basic: Constructor (number 2)
FAIL: gnu.testlet.java.util.zip.InflaterInputStream.basic: Constructor (number 4)
FAIL: gnu.testlet.java.util.zip.InflaterInputStream.basic: uncaught exception at "Constructor" number 5: java.lang.NegativeArraySizeException
FAIL: gnu.testlet.java.util.zip.ZipInputStream.basic: all basic tests failed (number 1)
FAIL: gnu.testlet.java.util.zip.ZipInputStream.basic: all read tests failed (number 1)
=== libjava Summary ===
# of expected passes 11334
# of unexpected failures 154
# of unexpected successes 3
# of expected failures 57
# of untested testcases 23
=== libstdc++-v3 tests ===
Running target unix
FAIL: 27_io/basic_istream/sentry/char/3983-fstream.cc (test for excess errors)
WARNING: 27_io/basic_istream/sentry/char/3983-fstream.cc compilation failed to produce executable
FAIL: 27_io/basic_istream/sentry/char/3983-sstream.cc (test for excess errors)
WARNING: 27_io/basic_istream/sentry/char/3983-sstream.cc compilation failed to produce executable
FAIL: 27_io/basic_ostream/sentry/char/3983-fstream.cc (test for excess errors)
WARNING: 27_io/basic_ostream/sentry/char/3983-fstream.cc compilation failed to produce executable
FAIL: 27_io/basic_ostream/sentry/char/3983-sstream.cc (test for excess errors)
WARNING: 27_io/basic_ostream/sentry/char/3983-sstream.cc compilation failed to produce executable
=== libstdc++-v3 Summary ===
# of expected passes 1595
# of unexpected failures 4
# of expected failures 1
Compiler version: 3.4 20030801 (experimental)
Platform: sparc-sun-solaris2.9
configure flags: --prefix=/var/tmp --enable-languages=c,c++,java --with-dwarf2