This is the mail archive of the
gcc-testresults@gcc.gnu.org
mailing list for the GCC project.
Results for 3.3.1 20030722 (prerelease) testsuite on hppa64-hp-hpux11.11
- From: John David Anglin <dave at hiauly3 dot hia dot nrc dot ca>
- To: dave at hiauly3 dot hia dot nrc dot ca, gcc-testresults at gcc dot gnu dot org
- Date: Wed, 23 Jul 2003 09:05:34 -0400 (EDT)
- Subject: Results for 3.3.1 20030722 (prerelease) testsuite on hppa64-hp-hpux11.11
LAST_UPDATED: Tue Jul 22 13:45:56 UTC 2003
Native configuration is hppa64-hp-hpux11.11
=== g++ tests ===
Running target unix
FAIL: g++.dg/parse/class1.C (test for excess errors)
XPASS: g++.other/decl5.C no such type (test for errors, line 60)
XPASS: g++.other/decl5.C no such type (test for errors, line 63)
XPASS: g++.other/decl5.C N::fn not a member of NMS (test for errors, line 66)
XPASS: g++.other/decl5.C extra qualification (test for warnings, line 57)
FAIL: g++.other/decl5.C (test for excess errors)
XPASS: g++.pt/static6.C (test for excess errors)
=== g++ Summary ===
# of expected passes 7776
# of unexpected failures 2
# of unexpected successes 5
# of expected failures 98
# of untested testcases 23
# of unsupported tests 28
/xxx/gnu/gcc-3.3/objdir/gcc/testsuite/../g++ version 3.3.1 20030722 (prerelease)
=== g77 tests ===
Running target unix
=== g77 Summary ===
# of expected passes 1686
# of unsupported tests 8
/xxx/gnu/gcc-3.3/objdir/gcc/testsuite/../g77 version 3.3.1 20030722 (prerelease)
=== gcc tests ===
Running target unix
FAIL: gcc.c-torture/execute/20020227-1.c compilation, -O1
UNRESOLVED: gcc.c-torture/execute/20020227-1.c execution, -O1
FAIL: gcc.c-torture/execute/20020227-1.c compilation, -O2
UNRESOLVED: gcc.c-torture/execute/20020227-1.c execution, -O2
FAIL: gcc.c-torture/execute/20020227-1.c compilation, -O3 -fomit-frame-pointer
UNRESOLVED: gcc.c-torture/execute/20020227-1.c execution, -O3 -fomit-frame-pointer
FAIL: gcc.c-torture/execute/20020227-1.c compilation, -O3 -g
UNRESOLVED: gcc.c-torture/execute/20020227-1.c execution, -O3 -g
FAIL: gcc.c-torture/execute/20020227-1.c compilation, -Os
UNRESOLVED: gcc.c-torture/execute/20020227-1.c execution, -Os
FAIL: gcc.dg/cleanup-5.c (test for excess errors)
WARNING: gcc.dg/cleanup-5.c compilation failed to produce executable
FAIL: gcc.dg/duff-2.c (test for excess errors)
FAIL: gcc.dg/sibcall-1.c execution test
FAIL: gcc.dg/sibcall-2.c execution test
FAIL: gcc.dg/sibcall-3.c execution test
FAIL: gcc.dg/sibcall-4.c execution test
=== gcc Summary ===
# of expected passes 20496
# of unexpected failures 11
# of expected failures 68
# of unresolved testcases 5
# of unsupported tests 179
/xxx/gnu/gcc-3.3/objdir/gcc/xgcc version 3.3.1 20030722 (prerelease)
=== objc tests ===
Running target unix
=== objc Summary ===
# of expected passes 1153
/xxx/gnu/gcc-3.3/objdir/gcc/xgcc version 3.3.1 20030722 (prerelease)
=== libstdc++-v3 tests ===
Running target unix
FAIL: 26_numerics/c99_classification_macros_c.cc (test for excess errors)
=== libstdc++-v3 Summary ===
# of expected passes 417
# of unexpected failures 1
# of expected failures 17
# of unsupported tests 6
Compiler version: 3.3.1 20030722 (prerelease)
Platform: hppa64-hp-hpux11.11
configure flags: --with-gnu-as --with-as=/opt/gnu64/bin/as --with-ld=/usr/ccs/bin/ld --enable-shared --disable-nls --with-local-prefix=/opt/gnu64 --prefix=/opt/gnu64 --host=hppa64-hp-hpux11.11