This is the mail archive of the
gcc-testresults@gcc.gnu.org
mailing list for the GCC project.
Results for 3.4 20030718 (experimental) testsuite on powerpc-unknown-linux-gnu
- From: Olaf Hering <olh at suse dot de>
- To: gcc-testresults at gcc dot gnu dot org
- Date: Sat, 19 Jul 2003 12:56:50 +0000
- Subject: Results for 3.4 20030718 (experimental) testsuite on powerpc-unknown-linux-gnu
LAST_UPDATED: Sat Jul 19 00:01:43 UTC 2003
Native configuration is powerpc-unknown-linux-gnu
=== g++ tests ===
Running target unix
FAIL: g++.dg/ext/pretty1.C scan-assembler top level
FAIL: g++.dg/ext/pretty2.C (test for excess errors)
WARNING: g++.dg/ext/pretty2.C compilation failed to produce executable
FAIL: g++.dg/init/array10.C (test for excess errors)
FAIL: g++.dg/opt/template1.C scan-assembler-not foo1
XPASS: g++.dg/other/packed1.C execution test
FAIL: g++.dg/parse/non-dependent2.C (test for excess errors)
WARNING: g++.old-deja/g++.mike/p10769a.C compilation failed to produce executable
WARNING: g++.old-deja/g++.other/enum5.C compilation failed to produce executable
XPASS: g++.old-deja/g++.other/init5.C execution test
WARNING: g++.old-deja/g++.pt/friend44.C compilation failed to produce executable
=== g++ Summary ===
# of expected passes 8752
# of unexpected failures 5
# of unexpected successes 2
# of expected failures 66
# of unsupported tests 56
/abuild/gcc_cvs_build/obj/obj-gcc34/gcc/testsuite/../g++ version 3.4 20030718 (experimental)
=== g77 tests ===
Running target unix
FAIL: g77.f-torture/execute/980520-1.f compilation, -O0
=== g77 Summary ===
# of expected passes 1746
# of unexpected failures 1
# of untested testcases 1
# of unsupported tests 6
/abuild/gcc_cvs_build/obj/obj-gcc34/gcc/testsuite/../g77 version 3.4 20030718 (experimental)
=== gcc tests ===
Running target unix
WARNING: program timed out.
FAIL: gcc.c-torture/compile/20001226-1.c (test for excess errors)
WARNING: program timed out.
FAIL: gcc.c-torture/compile/20001226-1.c (test for excess errors)
WARNING: program timed out.
FAIL: gcc.c-torture/compile/20011229-2.c (test for excess errors)
WARNING: program timed out.
FAIL: gcc.c-torture/compile/20011229-2.c (test for excess errors)
WARNING: program timed out.
FAIL: gcc.c-torture/compile/20011229-2.c (test for excess errors)
WARNING: program timed out.
FAIL: gcc.c-torture/compile/20011229-2.c (test for excess errors)
WARNING: program timed out.
FAIL: gcc.c-torture/compile/20011229-2.c (test for excess errors)
WARNING: program timed out.
FAIL: gcc.c-torture/compile/20011229-2.c (test for excess errors)
WARNING: program timed out.
FAIL: gcc.c-torture/compile/20020927-1.c (test for excess errors)
WARNING: program timed out.
FAIL: gcc.c-torture/compile/20020927-1.c (test for excess errors)
WARNING: program timed out.
FAIL: gcc.c-torture/compile/20020927-1.c (test for excess errors)
WARNING: program timed out.
FAIL: gcc.c-torture/compile/20020927-1.c (test for excess errors)
WARNING: program timed out.
FAIL: gcc.c-torture/compile/20020927-1.c (test for excess errors)
WARNING: program timed out.
FAIL: gcc.c-torture/compile/20020927-1.c (test for excess errors)
WARNING: program timed out.
FAIL: gcc.c-torture/compile/920410-2.c (test for excess errors)
WARNING: program timed out.
FAIL: gcc.c-torture/compile/920410-2.c (test for excess errors)
WARNING: program timed out.
FAIL: gcc.c-torture/compile/921021-1.c (test for excess errors)
WARNING: program timed out.
FAIL: gcc.c-torture/compile/921021-1.c (test for excess errors)
WARNING: program timed out.
FAIL: gcc.c-torture/compile/921021-1.c (test for excess errors)
WARNING: program timed out.
FAIL: gcc.c-torture/compile/921021-1.c (test for excess errors)
WARNING: program timed out.
FAIL: gcc.c-torture/compile/921021-1.c (test for excess errors)
WARNING: program timed out.
FAIL: gcc.c-torture/compile/921021-1.c (test for excess errors)
WARNING: program timed out.
FAIL: gcc.c-torture/compile/921202-1.c (test for excess errors)
WARNING: program timed out.
FAIL: gcc.c-torture/compile/930210-1.c (test for excess errors)
WARNING: program timed out.
FAIL: gcc.c-torture/compile/930210-1.c (test for excess errors)
WARNING: program timed out.
FAIL: gcc.c-torture/compile/930210-1.c (test for excess errors)
WARNING: program timed out.
FAIL: gcc.c-torture/compile/930210-1.c (test for excess errors)
WARNING: program timed out.
FAIL: gcc.c-torture/compile/930210-1.c (test for excess errors)
WARNING: program timed out.
FAIL: gcc.c-torture/compile/930210-1.c (test for excess errors)
WARNING: program timed out.
FAIL: gcc.c-torture/compile/931102-1.c (test for excess errors)
WARNING: program timed out.
FAIL: gcc.c-torture/compile/991229-3.c (test for excess errors)
WARNING: program timed out.
FAIL: gcc.c-torture/execute/20000205-1.c compilation, -O3 -fomit-frame-pointer
UNRESOLVED: gcc.c-torture/execute/20000205-1.c execution, -O3 -fomit-frame-pointer
WARNING: program timed out.
FAIL: gcc.c-torture/execute/20000205-1.c compilation, -O3 -fomit-frame-pointer -funroll-loops
UNRESOLVED: gcc.c-torture/execute/20000205-1.c execution, -O3 -fomit-frame-pointer -funroll-loops
WARNING: program timed out.
FAIL: gcc.c-torture/execute/20000205-1.c compilation, -O3 -fomit-frame-pointer -funroll-all-loops -finline-functions
UNRESOLVED: gcc.c-torture/execute/20000205-1.c execution, -O3 -fomit-frame-pointer -funroll-all-loops -finline-functions
WARNING: program timed out.
FAIL: gcc.c-torture/execute/20000205-1.c compilation, -O3 -g
UNRESOLVED: gcc.c-torture/execute/20000205-1.c execution, -O3 -g
WARNING: program timed out.
FAIL: gcc.c-torture/execute/20000818-1.c compilation, -Os
UNRESOLVED: gcc.c-torture/execute/20000818-1.c execution, -Os
FAIL: gcc.c-torture/execute/20030125-1.c execution, -O1
FAIL: gcc.c-torture/execute/20030125-1.c execution, -O2
FAIL: gcc.c-torture/execute/20030125-1.c execution, -O3 -fomit-frame-pointer
FAIL: gcc.c-torture/execute/20030125-1.c execution, -O3 -g
FAIL: gcc.c-torture/execute/20030125-1.c execution, -Os
WARNING: program timed out.
FAIL: gcc.c-torture/execute/921202-1.c compilation, -Os
UNRESOLVED: gcc.c-torture/execute/921202-1.c execution, -Os
UNRESOLVED: gcc.c-torture/execute/wchar_t-1.c execution, -O0
UNRESOLVED: gcc.c-torture/execute/wchar_t-1.c execution, -O1
UNRESOLVED: gcc.c-torture/execute/wchar_t-1.c execution, -O2
UNRESOLVED: gcc.c-torture/execute/wchar_t-1.c execution, -O3 -fomit-frame-pointer
UNRESOLVED: gcc.c-torture/execute/wchar_t-1.c execution, -O3 -g
UNRESOLVED: gcc.c-torture/execute/wchar_t-1.c execution, -Os
WARNING: program timed out.
FAIL: gcc.c-torture/unsorted/xlop.c, -O2
WARNING: program timed out.
FAIL: gcc.c-torture/unsorted/xlop.c, -O3 -fomit-frame-pointer
WARNING: program timed out.
FAIL: gcc.c-torture/unsorted/xlop.c, -O3 -fomit-frame-pointer -funroll-loops
WARNING: program timed out.
FAIL: gcc.c-torture/unsorted/xlop.c, -O3 -fomit-frame-pointer -funroll-all-loops -finline-functions
WARNING: program timed out.
FAIL: gcc.c-torture/unsorted/xlop.c, -O3 -g
WARNING: program timed out.
FAIL: gcc.c-torture/unsorted/xlop.c, -Os
FAIL: gcc.dg/compat/scalar-by-value-3 c_compat_x_tst.o-c_compat_y_tst.o execute
FAIL: gcc.dg/compat/scalar-return-3 c_compat_x_tst.o-c_compat_y_tst.o execute
FAIL: gcc.dg/20020103-1.c scan-assembler-not LC
FAIL: gcc.dg/20020118-1.c execution test
FAIL: gcc.dg/altivec-5.c (test for excess errors)
FAIL: gcc.dg/builtins-18.c (test for excess errors)
FAIL: gcc.dg/builtins-20.c (test for excess errors)
WARNING: program timed out.
FAIL: gcc.dg/inline-3.c (test for excess errors)
ERROR: gcc.dg/inline-3.c: error executing dg-final: couldn't open "inline-3.s": no such file or directory
UNRESOLVED: gcc.dg/inline-3.c: error executing dg-final: couldn't open "inline-3.s": no such file or directory
FAIL: gcc.dg/ppc-sdata-1.c scan-assembler sdat@sdarel\\(13\\)
FAIL: gcc.dg/ppc-sdata-1.c scan-assembler sdat2@sda21\\(2\\)
FAIL: gcc.dg/warn-1.c (test for warnings, line 15)
=== gcc Summary ===
# of expected passes 23549
# of unexpected failures 59
# of expected failures 80
# of unresolved testcases 13
# of unsupported tests 235
/abuild/gcc_cvs_build/obj/obj-gcc34/gcc/xgcc version 3.4 20030718 (experimental)
=== objc tests ===
Running target unix
=== objc Summary ===
# of expected passes 1156
/abuild/gcc_cvs_build/obj/obj-gcc34/gcc/xgcc version 3.4 20030718 (experimental)
=== libjava tests ===
Running target unix
FAIL: Array_3 -O execution - source compiled test
FAIL: Thread_Interrupt output - source compiled test
ERROR: tcl error sourcing /home/foo/src/gcc-head/libjava/testsuite/libjava.verify/verify.exp.
ERROR: couldn't change working directory to "/home/foo/src/gcc-head/libjava/testsuite/libjava.verify/verify": no such file or directory
=== libjava Summary ===
# of expected passes 3052
# of unexpected failures 2
# of expected failures 16
# of untested testcases 13
=== libstdc++-v3 tests ===
Running target unix
XPASS: 26_numerics/c99_classification_macros_c.cc (test for excess errors)
=== libstdc++-v3 Summary ===
# of expected passes 2023
# of unexpected successes 1
# of expected failures 9
Compiler version: 3.4 20030718 (experimental)
Platform: powerpc-unknown-linux-gnu
configure flags: --enable-checking --enable-libgcj --enable-shared --enable-__cxa_atexit --enable-threads --enable-languages=c,c++,f77,java,objc,ada --prefix=/home/foo/boofared --with-system-zlib
GNU ld version 2.14.90 20030704 (SuSE Linux)
FAIL: gcc.dg/altivec-5.c (test for excess errors)
output is:
/home/foo/src/gcc-head/gcc/testsuite/gcc.dg/altivec-5.c: In function \`foo':
/home/foo/src/gcc-head/gcc/testsuite/gcc.dg/altivec-5.c:12: error: unrecognizable insn:
(insn:HI 5 18 6 0 (set (reg/v:V4SI 120 [ b ])
(mem/f:V4SI (plus:SI (reg/f:SI 67 ap)
(const_int 8 [0x8])) [4 b+0 S16 A128])) -1 (nil)
(nil))
/home/foo/src/gcc-head/gcc/testsuite/gcc.dg/altivec-5.c:12: internal compiler error: in extract_insn, at recog.c:2066
Please submit a full bug report,
with preprocessed source if appropriate.
See <URL:http://gcc.gnu.org/bugs.html> for instructions.
FAIL: gcc.dg/builtins-18.c (test for excess errors)
output is:
/tmp/ccEnI0CJ.o(.text+0x90): In function \`main':
: undefined reference to \`link_error'
/tmp/ccEnI0CJ.o(.text+0x98): In function \`main':
: undefined reference to \`link_error'
/tmp/ccEnI0CJ.o(.text+0xa0): In function \`main':
: undefined reference to \`link_error'
/tmp/ccEnI0CJ.o(.text+0xa8): In function \`main':
: undefined reference to \`link_error'
/tmp/ccEnI0CJ.o(.text+0xcc): In function \`main':
: undefined reference to \`link_error'
/tmp/ccEnI0CJ.o(.text+0xd4): more undefined references to \`link_error' follow
collect2: ld returned 1 exit status
FAIL: gcc.dg/builtins-20.c (test for excess errors)
output is:
/tmp/ccBDXLei.o(.text+0xb8): In function \`test1f':
: undefined reference to \`link_error'
/tmp/ccBDXLei.o(.text+0xd0): In function \`test1f':
: undefined reference to \`link_error'
/tmp/ccBDXLei.o(.text+0xe0): In function \`test1f':
: undefined reference to \`link_error'
/tmp/ccBDXLei.o(.text+0xe8): In function \`test1f':
: undefined reference to \`link_error'
/tmp/ccBDXLei.o(.text+0x1cc): In function \`test1l':
: undefined reference to \`link_error'
/tmp/ccBDXLei.o(.text+0x1e4): more undefined references to \`link_error' follow
collect2: ld returned 1 exit status
FAIL: g++.dg/ext/pretty2.C (test for excess errors)
output is:
/tmp/ccooHJf2.o(.text+0x1ba): In function \`__static_initialization_and_destruction_0(int, int)':
: undefined reference to \`__PRETTY_FUNCTION__'
/tmp/ccooHJf2.o(.text+0x1be): In function \`__static_initialization_and_destruction_0(int, int)':
: undefined reference to \`__PRETTY_FUNCTION__'
/tmp/ccooHJf2.o(.text+0x21e): In function \`__static_initialization_and_destruction_0(int, int)':
: undefined reference to \`__PRETTY_FUNCTION__'
/tmp/ccooHJf2.o(.text+0x222): In function \`__static_initialization_and_destruction_0(int, int)':
: undefined reference to \`__PRETTY_FUNCTION__'
/tmp/ccooHJf2.o(.text+0x282): In function \`__static_initialization_and_destruction_0(int, int)':
: undefined reference to \`__PRETTY_FUNCTION__'
/tmp/ccooHJf2.o(.text+0x286): more undefined references to \`__PRETTY_FUNCTION__' follow
collect2: ld returned 1 exit status
FAIL: g++.dg/init/array10.C (test for excess errors)
output is:
/home/foo/src/gcc-head/gcc/testsuite/g++.dg/init/array10.C:5: error: ISO C++ forbids compound-literals
FAIL: g77.f-torture/execute/980520-1.f compilation, -O0
output is:
/tmp/ccsKoFGp.o(.text+0x48): In function \`values.0':
: undefined reference to \`val_'
collect2: ld returned 1 exit status