This is the mail archive of the
gcc-testresults@gcc.gnu.org
mailing list for the GCC project.
Results for 3.4 20030718 (experimental) testsuite on i686-pc-linux-gnu
- From: Greg Schafer <gws at tigers-lfs dot local>
- To: gcc-testresults at gcc dot gnu dot org
- Date: Fri, 18 Jul 2003 13:20:27 +1000
- Subject: Results for 3.4 20030718 (experimental) testsuite on i686-pc-linux-gnu
LAST_UPDATED: Fri Jul 18 02:17:51 UTC 2003
Native configuration is i686-pc-linux-gnu
=== g++ tests ===
Running target unix
FAIL: g++.dg/eh/simd-2.C (test for excess errors)
WARNING: g++.dg/eh/simd-2.C compilation failed to produce executable
FAIL: g++.dg/ext/pretty1.C scan-assembler top level
FAIL: g++.dg/ext/pretty2.C (test for excess errors)
WARNING: g++.dg/ext/pretty2.C compilation failed to produce executable
FAIL: g++.dg/init/array10.C (test for excess errors)
FAIL: g++.dg/opt/template1.C scan-assembler-not foo1
WARNING: g++.old-deja/g++.mike/p10769a.C compilation failed to produce executable
WARNING: g++.old-deja/g++.other/enum5.C compilation failed to produce executable
XPASS: g++.old-deja/g++.other/init5.C execution test
WARNING: g++.old-deja/g++.pt/friend44.C compilation failed to produce executable
=== g++ Summary ===
# of expected passes 8805
# of unexpected failures 5
# of unexpected successes 1
# of expected failures 66
# of unsupported tests 25
/mnt/hdb7/gcc/HEAD/gcc-build/gcc/testsuite/../g++ version 3.4 20030718 (experimental)
=== gcc tests ===
Running target unix
FAIL: gcc.c-torture/execute/builtin-bitops-1.c compilation, -O3 -fomit-frame-pointer -funroll-loops
UNRESOLVED: gcc.c-torture/execute/builtin-bitops-1.c execution, -O3 -fomit-frame-pointer -funroll-loops
FAIL: gcc.c-torture/execute/builtin-bitops-1.c compilation, -O3 -fomit-frame-pointer -funroll-all-loops -finline-functions
UNRESOLVED: gcc.c-torture/execute/builtin-bitops-1.c execution, -O3 -fomit-frame-pointer -funroll-all-loops -finline-functions
UNRESOLVED: gcc.c-torture/execute/wchar_t-1.c execution, -O0
UNRESOLVED: gcc.c-torture/execute/wchar_t-1.c execution, -O1
UNRESOLVED: gcc.c-torture/execute/wchar_t-1.c execution, -O2
UNRESOLVED: gcc.c-torture/execute/wchar_t-1.c execution, -O3 -fomit-frame-pointer
UNRESOLVED: gcc.c-torture/execute/wchar_t-1.c execution, -O3 -g
UNRESOLVED: gcc.c-torture/execute/wchar_t-1.c execution, -Os
FAIL: gcc.dg/compat/vector-1 c_compat_x_tst.o compile
FAIL: gcc.dg/compat/vector-1 c_compat_y_tst.o compile
UNRESOLVED: gcc.dg/compat/vector-1 c_compat_x_tst.o-c_compat_y_tst.o link
UNRESOLVED: gcc.dg/compat/vector-1 c_compat_x_tst.o-c_compat_y_tst.o execute
FAIL: gcc.dg/compat/vector-2 c_compat_x_tst.o compile
FAIL: gcc.dg/compat/vector-2 c_compat_y_tst.o compile
UNRESOLVED: gcc.dg/compat/vector-2 c_compat_x_tst.o-c_compat_y_tst.o link
UNRESOLVED: gcc.dg/compat/vector-2 c_compat_x_tst.o-c_compat_y_tst.o execute
FAIL: gcc.dg/warn-1.c (test for warnings, line 15)
=== gcc Summary ===
# of expected passes 23836
# of unexpected failures 7
# of expected failures 81
# of unresolved testcases 12
# of unsupported tests 138
/mnt/hdb7/gcc/HEAD/gcc-build/gcc/xgcc version 3.4 20030718 (experimental)
=== libstdc++-v3 tests ===
Running target unix
XPASS: 26_numerics/c99_classification_macros_c.cc (test for excess errors)
=== libstdc++-v3 Summary ===
# of expected passes 2023
# of unexpected successes 1
# of expected failures 9
Compiler version: 3.4 20030718 (experimental)
Platform: i686-pc-linux-gnu
configure flags: --prefix=/opt/gcc-3.4 --enable-shared --enable-languages=c,c++ --enable-threads=posix --enable-__cxa_atexit --enable-clocale=gnu --disable-checking