This is the mail archive of the
gcc-testresults@gcc.gnu.org
mailing list for the GCC project.
Results for 3.3 20030715 (Red Hat Linux 3.3-14) testsuite on ia64-unknown-linux-gnu
- From: hjl at gnu-3 dot sc dot intel dot com (H.J. Lu)
- To: gcc-testresults at gcc dot gnu dot org
- Date: Thu, 17 Jul 2003 15:49:41 -0700 (PDT)
- Subject: Results for 3.3 20030715 (Red Hat Linux 3.3-14) testsuite on ia64-unknown-linux-gnu
LAST_UPDATED: Thu Jul 17 18:49:37 UTC 2003
Native configuration is ia64-unknown-linux-gnu
=== g77 tests ===
Running target unix
=== g77 Summary ===
# of expected passes 1686
# of unsupported tests 8
/export/build/gnu/gcc-3.3-redhat/build-ia64-linux/gcc/testsuite/../g77 version 3.3 20030715 (Red Hat Linux 3.3-14)
=== gcc tests ===
Running target unix
WARNING: program timed out.
FAIL: gcc.c-torture/compile/20001226-1.c, -O3 -g
FAIL: gcc.c-torture/compile/930117-1.c, -O1
FAIL: gcc.c-torture/compile/930117-1.c, -O2
FAIL: gcc.c-torture/compile/930117-1.c, -O3 -fomit-frame-pointer
FAIL: gcc.c-torture/compile/930117-1.c, -O3 -g
FAIL: gcc.c-torture/compile/930117-1.c, -Os
XPASS: gcc.c-torture/compile/981223-1.c, -O2
XPASS: gcc.c-torture/compile/981223-1.c, -O3 -fomit-frame-pointer
XPASS: gcc.c-torture/compile/981223-1.c, -O3 -g
XPASS: gcc.c-torture/compile/981223-1.c, -Os
FAIL: gcc.c-torture/compile/iftrap-1.c, -O1
FAIL: gcc.c-torture/compile/iftrap-1.c, -O2
FAIL: gcc.c-torture/compile/iftrap-1.c, -O3 -fomit-frame-pointer
FAIL: gcc.c-torture/compile/iftrap-1.c, -O3 -fomit-frame-pointer -funroll-loops
FAIL: gcc.c-torture/compile/iftrap-1.c, -O3 -fomit-frame-pointer -funroll-all-loops -finline-functions
FAIL: gcc.c-torture/compile/iftrap-1.c, -O3 -g
FAIL: gcc.c-torture/compile/iftrap-1.c, -Os
FAIL: gcc.c-torture/compile/iftrap-2.c, -O1
FAIL: gcc.c-torture/compile/iftrap-2.c, -O2
FAIL: gcc.c-torture/compile/iftrap-2.c, -O3 -fomit-frame-pointer
FAIL: gcc.c-torture/compile/iftrap-2.c, -O3 -g
FAIL: gcc.c-torture/compile/iftrap-2.c, -Os
XPASS: gcc.c-torture/execute/20020227-1.c execution, -O0
FAIL: gcc.c-torture/execute/20020227-1.c compilation, -O2
UNRESOLVED: gcc.c-torture/execute/20020227-1.c execution, -O2
FAIL: gcc.c-torture/execute/20020227-1.c compilation, -O3 -fomit-frame-pointer
UNRESOLVED: gcc.c-torture/execute/20020227-1.c execution, -O3 -fomit-frame-pointer
FAIL: gcc.c-torture/execute/20020227-1.c compilation, -O3 -g
UNRESOLVED: gcc.c-torture/execute/20020227-1.c execution, -O3 -g
FAIL: gcc.c-torture/execute/20020227-1.c compilation, -Os
UNRESOLVED: gcc.c-torture/execute/20020227-1.c execution, -Os
FAIL: gcc.c-torture/execute/20020418-1.c compilation, -O1
UNRESOLVED: gcc.c-torture/execute/20020418-1.c execution, -O1
FAIL: gcc.c-torture/execute/20020418-1.c compilation, -O2
UNRESOLVED: gcc.c-torture/execute/20020418-1.c execution, -O2
FAIL: gcc.c-torture/execute/20020418-1.c compilation, -O3 -fomit-frame-pointer
UNRESOLVED: gcc.c-torture/execute/20020418-1.c execution, -O3 -fomit-frame-pointer
FAIL: gcc.c-torture/execute/20020418-1.c compilation, -O3 -g
UNRESOLVED: gcc.c-torture/execute/20020418-1.c execution, -O3 -g
FAIL: gcc.c-torture/execute/20020418-1.c compilation, -Os
UNRESOLVED: gcc.c-torture/execute/20020418-1.c execution, -Os
FAIL: gcc.dg/duff-2.c (test for excess errors)
FAIL: gcc.dg/iftrap-1.c (test for excess errors)
ERROR: gcc.dg/iftrap-1.c: error executing dg-final: couldn't open "iftrap-1.s": no such file or directory
UNRESOLVED: gcc.dg/iftrap-1.c: error executing dg-final: couldn't open "iftrap-1.s": no such file or directory
FAIL: gcc.dg/iftrap-2.c (test for excess errors)
ERROR: gcc.dg/iftrap-2.c: error executing dg-final: couldn't open "iftrap-2.s": no such file or directory
UNRESOLVED: gcc.dg/iftrap-2.c: error executing dg-final: couldn't open "iftrap-2.s": no such file or directory
=== gcc Summary ===
# of expected passes 20709
# of unexpected failures 30
# of unexpected successes 5
# of expected failures 78
# of unresolved testcases 11
# of unsupported tests 168
/export/build/gnu/gcc-3.3-redhat/build-ia64-linux/gcc/xgcc version 3.3 20030715 (Red Hat Linux 3.3-14)
=== g++ tests ===
Running target unix
FAIL: g++.dg/tls/init-2.C (test for excess errors)
=== g++ Summary ===
# of expected passes 7817
# of unexpected failures 1
# of expected failures 95
# of untested testcases 23
# of unsupported tests 18
/export/build/gnu/gcc-3.3-redhat/build-ia64-linux/gcc/testsuite/../g++ version 3.3 20030715 (Red Hat Linux 3.3-14)
=== objc tests ===
Running target unix
=== objc Summary ===
# of expected passes 1153
/export/build/gnu/gcc-3.3-redhat/build-ia64-linux/gcc/xgcc version 3.3 20030715 (Red Hat Linux 3.3-14)
=== libjava tests ===
Running target unix
FAIL: Thread_Interrupt output - source compiled test
FAIL: Thread_Interrupt output - bytecode->native test
FAIL: Thread_Interrupt -O output - source compiled test
=== libjava Summary ===
# of expected passes 2988
# of unexpected failures 3
# of expected failures 16
# of untested testcases 12
=== libstdc++-v3 tests ===
Running target unix
XPASS: 22_locale/ctype_is_char.cc execution test
XPASS: 22_locale/ctype_is_wchar_t.cc execution test
XPASS: 22_locale/members.cc execution test
XPASS: 22_locale/messages_byname.cc execution test
XPASS: 22_locale/messages_members_char.cc execution test
XPASS: 22_locale/money_get_members_char.cc execution test
XPASS: 22_locale/money_get_members_wchar_t.cc execution test
XPASS: 22_locale/money_put_members_char.cc execution test
XPASS: 22_locale/money_put_members_wchar_t.cc execution test
XPASS: 22_locale/moneypunct_byname.cc execution test
XPASS: 22_locale/moneypunct_members_char.cc execution test
XPASS: 22_locale/moneypunct_members_wchar_t.cc execution test
XPASS: 22_locale/num_get_members_char.cc execution test
XPASS: 22_locale/num_get_members_wchar_t.cc execution test
XPASS: 22_locale/num_put_members_char.cc execution test
XPASS: 22_locale/numpunct_byname.cc execution test
XPASS: 22_locale/numpunct_members_char.cc execution test
XPASS: 22_locale/numpunct_members_wchar_t.cc execution test
XPASS: 22_locale/time_get_members_char.cc execution test
XPASS: 22_locale/time_get_members_wchar_t.cc execution test
XPASS: 22_locale/time_put_members_char.cc execution test
XPASS: 22_locale/time_put_members_wchar_t.cc execution test
FAIL: 25_algorithms/sort.cc (test for excess errors)
WARNING: program timed out.
FAIL: thread/pthread4.cc execution test
=== libstdc++-v3 Summary ===
# of expected passes 451
# of unexpected failures 2
# of unexpected successes 22
# of expected failures 6
Compiler version: 3.3 20030715 (Red Hat Linux 3.3-14)
Platform: ia64-unknown-linux-gnu
configure flags: --host=ia64-unknown-linux-gnu --enable-clocale=gnu --with-system-zlib --enable-shared --enable-threads=posix --enable-haifa --disable-checking --prefix=/usr/gcc-3.3-redhat --with-local-prefix=/usr/local