This is the mail archive of the
gcc-testresults@gcc.gnu.org
mailing list for the GCC project.
Results for 3.4 20030714 (experimental) testsuite on i686-pc-linux-gnu
- From: hjl at gnu-1 dot sc dot intel dot com (H.J. Lu)
- To: gcc-testresults at gcc dot gnu dot org
- Date: Mon, 14 Jul 2003 21:25:24 -0700 (PDT)
- Subject: Results for 3.4 20030714 (experimental) testsuite on i686-pc-linux-gnu
LAST_UPDATED: Mon Jul 14 23:48:00 UTC 2003
Native configuration is i686-pc-linux-gnu
=== g++ tests ===
Running target unix
FAIL: g++.dg/eh/simd-2.C (test for excess errors)
WARNING: g++.dg/eh/simd-2.C compilation failed to produce executable
FAIL: g++.dg/ext/pretty1.C scan-assembler top level
FAIL: g++.dg/ext/pretty2.C (test for excess errors)
WARNING: g++.dg/ext/pretty2.C compilation failed to produce executable
FAIL: g++.dg/init/array10.C (test for excess errors)
FAIL: g++.dg/opt/template1.C scan-assembler-not foo1
WARNING: g++.old-deja/g++.mike/p10769a.C compilation failed to produce executable
WARNING: g++.old-deja/g++.other/enum5.C compilation failed to produce executable
WARNING: g++.old-deja/g++.pt/friend44.C compilation failed to produce executable
=== g++ Summary ===
# of expected passes 8754
# of unexpected failures 5
# of expected failures 67
# of unsupported tests 23
/export/build/gnu/gcc/build-pentium4-linux/gcc/testsuite/../g++ version 3.4 20030714 (experimental)
=== g77 tests ===
Running target unix
FAIL: g77.f-torture/execute/980520-1.f compilation, -O0
=== g77 Summary ===
# of expected passes 1758
# of unexpected failures 1
# of untested testcases 1
/export/build/gnu/gcc/build-pentium4-linux/gcc/testsuite/../g77 version 3.4 20030714 (experimental)
=== gcc tests ===
Running target unix
FAIL: gcc.c-torture/execute/builtin-bitops-1.c compilation, -O3 -fomit-frame-pointer -funroll-loops
UNRESOLVED: gcc.c-torture/execute/builtin-bitops-1.c execution, -O3 -fomit-frame-pointer -funroll-loops
FAIL: gcc.c-torture/execute/builtin-bitops-1.c compilation, -O3 -fomit-frame-pointer -funroll-all-loops -finline-functions
UNRESOLVED: gcc.c-torture/execute/builtin-bitops-1.c execution, -O3 -fomit-frame-pointer -funroll-all-loops -finline-functions
UNRESOLVED: gcc.c-torture/execute/wchar_t-1.c execution, -O0
UNRESOLVED: gcc.c-torture/execute/wchar_t-1.c execution, -O1
UNRESOLVED: gcc.c-torture/execute/wchar_t-1.c execution, -O2
UNRESOLVED: gcc.c-torture/execute/wchar_t-1.c execution, -O3 -fomit-frame-pointer
UNRESOLVED: gcc.c-torture/execute/wchar_t-1.c execution, -O3 -g
UNRESOLVED: gcc.c-torture/execute/wchar_t-1.c execution, -Os
FAIL: gcc.dg/compat/vector-1 c_compat_x_tst.o compile
FAIL: gcc.dg/compat/vector-1 c_compat_y_tst.o compile
UNRESOLVED: gcc.dg/compat/vector-1 c_compat_x_tst.o-c_compat_y_tst.o link
UNRESOLVED: gcc.dg/compat/vector-1 c_compat_x_tst.o-c_compat_y_tst.o execute
FAIL: gcc.dg/compat/vector-2 c_compat_x_tst.o compile
FAIL: gcc.dg/compat/vector-2 c_compat_y_tst.o compile
UNRESOLVED: gcc.dg/compat/vector-2 c_compat_x_tst.o-c_compat_y_tst.o link
UNRESOLVED: gcc.dg/compat/vector-2 c_compat_x_tst.o-c_compat_y_tst.o execute
FAIL: gcc.dg/warn-1.c (test for warnings, line 15)
=== gcc Summary ===
# of expected passes 23093
# of unexpected failures 7
# of expected failures 81
# of unresolved testcases 12
# of unsupported tests 138
/export/build/gnu/gcc/build-pentium4-linux/gcc/xgcc version 3.4 20030714 (experimental)
=== objc tests ===
Running target unix
=== objc Summary ===
# of expected passes 1156
/export/build/gnu/gcc/build-pentium4-linux/gcc/xgcc version 3.4 20030714 (experimental)
=== libjava tests ===
Running target unix
ERROR: tcl error sourcing /net/gnu/export/gnu/src/gcc/gcc/libjava/testsuite/libjava.verify/verify.exp.
ERROR: couldn't change working directory to "/net/gnu/export/gnu/src/gcc/gcc/libjava/testsuite/libjava.verify/verify": no such file or directory
=== libjava Summary ===
# of expected passes 3055
# of expected failures 16
# of untested testcases 12
=== libstdc++-v3 tests ===
Running target unix
=== libstdc++-v3 Summary ===
Compiler version: 3.4 20030714 (experimental)
Platform: i686-pc-linux-gnu
configure flags: --enable-clocale=gnu --with-system-zlib --enable-shared --enable-threads=posix --enable-haifa --disable-checking --prefix=/usr/gcc-3.4 --with-local-prefix=/usr/local