This is the mail archive of the
gcc-testresults@gcc.gnu.org
mailing list for the GCC project.
Results for 3.4 20030714 (experimental) testsuite on ia64-unknown-linux-gnu
- From: hjl at gnu-3 dot sc dot intel dot com (H.J. Lu)
- To: gcc-testresults at gcc dot gnu dot org
- Date: Mon, 14 Jul 2003 21:23:51 -0700 (PDT)
- Subject: Results for 3.4 20030714 (experimental) testsuite on ia64-unknown-linux-gnu
Native configuration is ia64-unknown-linux-gnu
=== g77 tests ===
Running target unix
FAIL: g77.f-torture/execute/980520-1.f compilation, -O0
=== g77 Summary ===
# of expected passes 1746
# of unexpected failures 1
# of untested testcases 1
# of unsupported tests 6
/export/build/gnu/gcc/build-ia64-linux/gcc/testsuite/../g77 version 3.4 20030714 (experimental)
=== gcc tests ===
Running target unix
XPASS: gcc.c-torture/compile/920625-1.c (test for excess errors)
XPASS: gcc.c-torture/compile/920625-1.c (test for excess errors)
XPASS: gcc.c-torture/compile/920625-1.c (test for excess errors)
XPASS: gcc.c-torture/compile/920625-1.c (test for excess errors)
XPASS: gcc.c-torture/compile/920625-1.c (test for excess errors)
XPASS: gcc.c-torture/execute/990208-1.c execution, -O3 -fomit-frame-pointer
XPASS: gcc.c-torture/execute/990208-1.c execution, -O3 -g
UNRESOLVED: gcc.c-torture/execute/wchar_t-1.c execution, -O0
UNRESOLVED: gcc.c-torture/execute/wchar_t-1.c execution, -O1
UNRESOLVED: gcc.c-torture/execute/wchar_t-1.c execution, -O2
UNRESOLVED: gcc.c-torture/execute/wchar_t-1.c execution, -O3 -fomit-frame-pointer
UNRESOLVED: gcc.c-torture/execute/wchar_t-1.c execution, -O3 -g
UNRESOLVED: gcc.c-torture/execute/wchar_t-1.c execution, -Os
FAIL: gcc.dg/compat/scalar-by-value-3 c_compat_x_tst.o compile
UNRESOLVED: gcc.dg/compat/scalar-by-value-3 c_compat_x_tst.o-c_compat_y_tst.o link
UNRESOLVED: gcc.dg/compat/scalar-by-value-3 c_compat_x_tst.o-c_compat_y_tst.o execute
FAIL: gcc.dg/compat/scalar-by-value-4 c_compat_x_tst.o compile
UNRESOLVED: gcc.dg/compat/scalar-by-value-4 c_compat_x_tst.o-c_compat_y_tst.o link
UNRESOLVED: gcc.dg/compat/scalar-by-value-4 c_compat_x_tst.o-c_compat_y_tst.o execute
FAIL: gcc.dg/compat/scalar-return-3 c_compat_x_tst.o compile
UNRESOLVED: gcc.dg/compat/scalar-return-3 c_compat_x_tst.o-c_compat_y_tst.o link
UNRESOLVED: gcc.dg/compat/scalar-return-3 c_compat_x_tst.o-c_compat_y_tst.o execute
FAIL: gcc.dg/compat/struct-by-value-16 c_compat_x_tst.o compile
FAIL: gcc.dg/compat/struct-by-value-16 c_compat_y_tst.o compile
UNRESOLVED: gcc.dg/compat/struct-by-value-16 c_compat_x_tst.o-c_compat_y_tst.o link
UNRESOLVED: gcc.dg/compat/struct-by-value-16 c_compat_x_tst.o-c_compat_y_tst.o execute
FAIL: gcc.dg/compat/struct-by-value-18 c_compat_x_tst.o compile
UNRESOLVED: gcc.dg/compat/struct-by-value-18 c_compat_x_tst.o-c_compat_y_tst.o link
UNRESOLVED: gcc.dg/compat/struct-by-value-18 c_compat_x_tst.o-c_compat_y_tst.o execute
FAIL: gcc.dg/compat/struct-by-value-5 c_compat_x_tst.o compile
UNRESOLVED: gcc.dg/compat/struct-by-value-5 c_compat_x_tst.o-c_compat_y_tst.o link
UNRESOLVED: gcc.dg/compat/struct-by-value-5 c_compat_x_tst.o-c_compat_y_tst.o execute
FAIL: gcc.dg/compat/vector-1 c_compat_x_tst.o compile
FAIL: gcc.dg/compat/vector-1 c_compat_y_tst.o compile
UNRESOLVED: gcc.dg/compat/vector-1 c_compat_x_tst.o-c_compat_y_tst.o link
UNRESOLVED: gcc.dg/compat/vector-1 c_compat_x_tst.o-c_compat_y_tst.o execute
FAIL: gcc.dg/compat/vector-2 c_compat_x_tst.o compile
FAIL: gcc.dg/compat/vector-2 c_compat_y_tst.o compile
UNRESOLVED: gcc.dg/compat/vector-2 c_compat_x_tst.o-c_compat_y_tst.o link
UNRESOLVED: gcc.dg/compat/vector-2 c_compat_x_tst.o-c_compat_y_tst.o execute
FAIL: gcc.dg/builtins-18.c (test for excess errors)
FAIL: gcc.dg/warn-1.c (test for warnings, line 15)
=== gcc Summary ===
# of expected passes 22441
# of unexpected failures 13
# of unexpected successes 7
# of expected failures 88
# of unresolved testcases 22
# of unsupported tests 243
/export/build/gnu/gcc/build-ia64-linux/gcc/xgcc version 3.4 20030714 (experimental)
=== g++ tests ===
Running target unix
FAIL: g++.dg/ext/pretty1.C scan-assembler top level
FAIL: g++.dg/ext/pretty2.C (test for excess errors)
WARNING: g++.dg/ext/pretty2.C compilation failed to produce executable
FAIL: g++.dg/init/array10.C (test for excess errors)
FAIL: g++.dg/opt/template1.C scan-assembler-not foo1
WARNING: g++.old-deja/g++.mike/p10769a.C compilation failed to produce executable
WARNING: g++.old-deja/g++.other/enum5.C compilation failed to produce executable
WARNING: g++.old-deja/g++.pt/friend44.C compilation failed to produce executable
=== g++ Summary ===
# of expected passes 8430
# of unexpected failures 4
# of expected failures 67
# of unsupported tests 53
/export/build/gnu/gcc/build-ia64-linux/gcc/testsuite/../g++ version 3.4 20030714 (experimental)
=== objc tests ===
Running target unix
=== objc Summary ===
# of expected passes 1156
/export/build/gnu/gcc/build-ia64-linux/gcc/xgcc version 3.4 20030714 (experimental)
=== libjava tests ===
Running target unix
ERROR: tcl error sourcing /net/gnu/export/gnu/src/gcc/gcc/libjava/testsuite/libjava.verify/verify.exp.
ERROR: couldn't change working directory to "/net/gnu/export/gnu/src/gcc/gcc/libjava/testsuite/libjava.verify/verify": no such file or directory
=== libjava Summary ===
# of expected passes 3055
# of expected failures 16
# of untested testcases 12
=== libstdc++-v3 tests ===
Running target unix
=== libstdc++-v3 Summary ===
Compiler version: 3.4 20030714 (experimental)
Platform: ia64-unknown-linux-gnu