This is the mail archive of the
gcc-testresults@gcc.gnu.org
mailing list for the GCC project.
Results for 3.2.3 testsuite on powerpc-750-linux-gnu
- From: Dan Kegel <dank at kegel dot com>
- To: gcc-testresults at gcc dot gnu dot org
- Date: Sun, 13 Jul 2003 20:49:41 -0700
- Subject: Results for 3.2.3 testsuite on powerpc-750-linux-gnu
I'm bringing up a binutils/gcc/glibc build-and-test script for
cross-compilers. This run is on a ppc750 box.
Yes, gcc-3.2.3 is old; I'm building gcc-3.3 now.
- Dan
Target is powerpc-750-linux-gnu
Host is i686-host_pc-linux-gnu
=== g++ tests ===
Running target powerpc-750-linux-gnu
FAIL: g++.dg/abi/mangle17.C (test for excess errors)
FAIL: g++.dg/eh/registers1.C execution test
FAIL: g++.brendan/nest21.C Execution test
XPASS: g++.other/init5.C Execution test
=== g++ Summary ===
# of expected passes 7337
# of unexpected failures 3
# of unexpected successes 1
# of expected failures 88
# of untested testcases 29
# of unsupported tests 6
/home3/dank/crosstool-0.12/build/powerpc-750-linux-gnu/gcc-3.2.3-glibc-2.2.5/build-gcc/gcc/testsuite/../g++ version 3.2.3
Host is i686-host_pc-linux-gnu
=== gcc tests ===
Running target powerpc-750-linux-gnu
FAIL: gcc.c-torture/execute/920501-8.c execution, -O0
FAIL: gcc.c-torture/execute/920501-8.c execution, -O1
FAIL: gcc.c-torture/execute/920501-8.c execution, -O2
FAIL: gcc.c-torture/execute/920501-8.c execution, -O3 -fomit-frame-pointer
FAIL: gcc.c-torture/execute/920501-8.c execution, -O3 -g
FAIL: gcc.c-torture/execute/920501-8.c execution, -Os
FAIL: gcc.c-torture/execute/930513-1.c execution, -O0
FAIL: gcc.c-torture/execute/930513-1.c execution, -O1
FAIL: gcc.c-torture/execute/930513-1.c execution, -O2
FAIL: gcc.c-torture/execute/930513-1.c execution, -O3 -fomit-frame-pointer
FAIL: gcc.c-torture/execute/930513-1.c execution, -O3 -g
FAIL: gcc.c-torture/execute/930513-1.c execution, -Os
FAIL: gcc.c-torture/execute/980709-1.c execution, -O0
FAIL: gcc.c-torture/execute/980709-1.c execution, -O1
FAIL: gcc.c-torture/execute/980709-1.c execution, -O2
FAIL: gcc.c-torture/execute/980709-1.c execution, -O3 -fomit-frame-pointer
FAIL: gcc.c-torture/execute/980709-1.c execution, -O3 -g
FAIL: gcc.c-torture/execute/980709-1.c execution, -Os
FAIL: gcc.c-torture/execute/990826-0.c execution, -O0
FAIL: gcc.c-torture/execute/990826-0.c execution, -O1
FAIL: gcc.c-torture/execute/990826-0.c execution, -O2
FAIL: gcc.c-torture/execute/990826-0.c execution, -O3 -fomit-frame-pointer
FAIL: gcc.c-torture/execute/990826-0.c execution, -O3 -fomit-frame-pointer -funroll-loops
FAIL: gcc.c-torture/execute/990826-0.c execution, -O3 -fomit-frame-pointer -funroll-all-loops -finline-functions
FAIL: gcc.c-torture/execute/990826-0.c execution, -O3 -g
FAIL: gcc.c-torture/execute/990826-0.c execution, -Os
FAIL: gcc.c-torture/execute/struct-ret-1.c execution, -O3 -fomit-frame-pointer
FAIL: gcc.c-torture/execute/struct-ret-1.c execution, -O3 -g
FAIL: gcc.c-torture/execute/ieee/920810-1.c execution, -O0
FAIL: gcc.c-torture/execute/ieee/920810-1.c execution, -O1
FAIL: gcc.c-torture/execute/ieee/920810-1.c execution, -O2
FAIL: gcc.c-torture/execute/ieee/920810-1.c execution, -O3 -fomit-frame-pointer
FAIL: gcc.c-torture/execute/ieee/920810-1.c execution, -O3 -g
FAIL: gcc.c-torture/execute/ieee/920810-1.c execution, -Os
FAIL: gcc.c-torture/execute/ieee/920810-1.c execution, -O0
FAIL: gcc.c-torture/execute/ieee/920810-1.c execution, -O1
FAIL: gcc.c-torture/execute/ieee/920810-1.c execution, -O2
FAIL: gcc.c-torture/execute/ieee/920810-1.c execution, -O3 -fomit-frame-pointer
FAIL: gcc.c-torture/execute/ieee/920810-1.c execution, -O3 -g
FAIL: gcc.c-torture/execute/ieee/920810-1.c execution, -Os
FAIL: gcc.dg/20020103-1.c scan-assembler-not LC
FAIL: gcc.dg/20020118-1.c execution test
FAIL: gcc.misc-tests/bprob-1.c compilation, -g -fprofile-arcs
UNRESOLVED: gcc.misc-tests/bprob-1.c execution, -g -fprofile-arcs
UNRESOLVED: gcc.misc-tests/bprob-1.c compilation, -g -fbranch-probabilities
UNRESOLVED: gcc.misc-tests/bprob-1.c execution, -g -fbranch-probabilities
FAIL: gcc.misc-tests/bprob-1.c compilation, -O0 -fprofile-arcs
UNRESOLVED: gcc.misc-tests/bprob-1.c execution, -O0 -fprofile-arcs
UNRESOLVED: gcc.misc-tests/bprob-1.c compilation, -O0 -fbranch-probabilities
UNRESOLVED: gcc.misc-tests/bprob-1.c execution, -O0 -fbranch-probabilities
FAIL: gcc.misc-tests/bprob-1.c compilation, -O1 -fprofile-arcs
UNRESOLVED: gcc.misc-tests/bprob-1.c execution, -O1 -fprofile-arcs
UNRESOLVED: gcc.misc-tests/bprob-1.c compilation, -O1 -fbranch-probabilities
UNRESOLVED: gcc.misc-tests/bprob-1.c execution, -O1 -fbranch-probabilities
FAIL: gcc.misc-tests/bprob-1.c compilation, -O2 -DPERFTIME -fprofile-arcs
UNRESOLVED: gcc.misc-tests/bprob-1.c execution, -O2 -DPERFTIME -fprofile-arcs
UNRESOLVED: gcc.misc-tests/bprob-1.c compilation, -O2 -DPERFTIME -fbranch-probabilities
UNRESOLVED: gcc.misc-tests/bprob-1.c execution, -O2 -DPERFTIME -fbranch-probabilities
FAIL: gcc.misc-tests/bprob-1.c compilation, -O3 -DPERFTIME -fprofile-arcs
UNRESOLVED: gcc.misc-tests/bprob-1.c execution, -O3 -DPERFTIME -fprofile-arcs
UNRESOLVED: gcc.misc-tests/bprob-1.c compilation, -O3 -DPERFTIME -fbranch-probabilities
UNRESOLVED: gcc.misc-tests/bprob-1.c execution, -O3 -DPERFTIME -fbranch-probabilities
FAIL: gcc.misc-tests/bprob-1.c compilation, -O3 -g -DPERFTIME -fprofile-arcs
UNRESOLVED: gcc.misc-tests/bprob-1.c execution, -O3 -g -DPERFTIME -fprofile-arcs
UNRESOLVED: gcc.misc-tests/bprob-1.c compilation, -O3 -g -DPERFTIME -fbranch-probabilities
UNRESOLVED: gcc.misc-tests/bprob-1.c execution, -O3 -g -DPERFTIME -fbranch-probabilities
FAIL: gcc.misc-tests/bprob-1.c compilation, -Os -fprofile-arcs
UNRESOLVED: gcc.misc-tests/bprob-1.c execution, -Os -fprofile-arcs
UNRESOLVED: gcc.misc-tests/bprob-1.c compilation, -Os -fbranch-probabilities
UNRESOLVED: gcc.misc-tests/bprob-1.c execution, -Os -fbranch-probabilities
FAIL: gcc.misc-tests/bprob-2.c compilation, -g -fprofile-arcs
UNRESOLVED: gcc.misc-tests/bprob-2.c execution, -g -fprofile-arcs
UNRESOLVED: gcc.misc-tests/bprob-2.c compilation, -g -fbranch-probabilities
UNRESOLVED: gcc.misc-tests/bprob-2.c execution, -g -fbranch-probabilities
FAIL: gcc.misc-tests/bprob-2.c compilation, -O0 -fprofile-arcs
UNRESOLVED: gcc.misc-tests/bprob-2.c execution, -O0 -fprofile-arcs
UNRESOLVED: gcc.misc-tests/bprob-2.c compilation, -O0 -fbranch-probabilities
UNRESOLVED: gcc.misc-tests/bprob-2.c execution, -O0 -fbranch-probabilities
FAIL: gcc.misc-tests/bprob-2.c compilation, -O1 -fprofile-arcs
UNRESOLVED: gcc.misc-tests/bprob-2.c execution, -O1 -fprofile-arcs
UNRESOLVED: gcc.misc-tests/bprob-2.c compilation, -O1 -fbranch-probabilities
UNRESOLVED: gcc.misc-tests/bprob-2.c execution, -O1 -fbranch-probabilities
FAIL: gcc.misc-tests/bprob-2.c compilation, -O2 -DPERFTIME -fprofile-arcs
UNRESOLVED: gcc.misc-tests/bprob-2.c execution, -O2 -DPERFTIME -fprofile-arcs
UNRESOLVED: gcc.misc-tests/bprob-2.c compilation, -O2 -DPERFTIME -fbranch-probabilities
UNRESOLVED: gcc.misc-tests/bprob-2.c execution, -O2 -DPERFTIME -fbranch-probabilities
FAIL: gcc.misc-tests/bprob-2.c compilation, -O3 -DPERFTIME -fprofile-arcs
UNRESOLVED: gcc.misc-tests/bprob-2.c execution, -O3 -DPERFTIME -fprofile-arcs
UNRESOLVED: gcc.misc-tests/bprob-2.c compilation, -O3 -DPERFTIME -fbranch-probabilities
UNRESOLVED: gcc.misc-tests/bprob-2.c execution, -O3 -DPERFTIME -fbranch-probabilities
FAIL: gcc.misc-tests/bprob-2.c compilation, -O3 -g -DPERFTIME -fprofile-arcs
UNRESOLVED: gcc.misc-tests/bprob-2.c execution, -O3 -g -DPERFTIME -fprofile-arcs
UNRESOLVED: gcc.misc-tests/bprob-2.c compilation, -O3 -g -DPERFTIME -fbranch-probabilities
UNRESOLVED: gcc.misc-tests/bprob-2.c execution, -O3 -g -DPERFTIME -fbranch-probabilities
FAIL: gcc.misc-tests/bprob-2.c compilation, -Os -fprofile-arcs
UNRESOLVED: gcc.misc-tests/bprob-2.c execution, -Os -fprofile-arcs
UNRESOLVED: gcc.misc-tests/bprob-2.c compilation, -Os -fbranch-probabilities
UNRESOLVED: gcc.misc-tests/bprob-2.c execution, -Os -fbranch-probabilities
=== gcc Summary ===
# of expected passes 18740
# of unexpected failures 56
# of expected failures 66
# of unresolved testcases 42
# of unsupported tests 128
/home3/dank/crosstool-0.12/build/powerpc-750-linux-gnu/gcc-3.2.3-glibc-2.2.5/build-gcc/gcc/xgcc version 3.2.3
Host is powerpc-750-linux-gnu
=== libstdc++-v3 tests ===
Running target powerpc-750-linux-gnu
XPASS: 22_locale/ctype_is_wchar_t.cc execution test
FAIL: 26_numerics/c99_classification_macros_c.cc (test for excess errors)
FAIL: 26_numerics/complex_inserters_extractors.cc execution test
FAIL: 26_numerics/complex_value.cc execution test
FAIL: 27_io/filebuf_members.cc execution test
FAIL: 27_io/filebuf_virtuals.cc execution test
FAIL: 27_io/ifstream_members.cc execution test
FAIL: 27_io/istream_extractor_other.cc execution test
FAIL: 27_io/istream_seeks.cc execution test
FAIL: 27_io/istream_unformatted.cc execution test
FAIL: 27_io/ostream_inserter_arith.cc execution test
FAIL: 27_io/ostream_inserter_other.cc execution test
=== libstdc++-v3 Summary ===
# of expected passes 422
# of unexpected failures 11
# of unexpected successes 1
# of expected failures 25
Compiler version: 3.2.3
Platform: powerpc-750-linux-gnu
configure flags: --target=powerpc-750-linux-gnu --host=i686-host_pc-linux-gnu --prefix=/opt/cegl-2.0/powerpc-750-linux-gnu/gcc-3.2.3-glibc-2.2.5 --with-cpu=750 --disable-nls --enable-threads=posix --enable-symvers=gnu --enable-__cxa_atexit
--enable-languages=c,c++ --enable-shared --enable-c99 --enable-long-long
--
Dan Kegel
http://www.kegel.com
http://counter.li.org/cgi-bin/runscript/display-person.cgi?user=78045