This is the mail archive of the
gcc-testresults@gcc.gnu.org
mailing list for the GCC project.
Results for 3.5-tree-ssa 20030712 (merged 20030525) testsuite on i686-pc-linux-gnu
- From: Kai Henningsen <kai at qualify dot domain dot khms dot westfalen dot de>
- To: gcc-testresults at gcc dot gnu dot org
- Date: Sun, 13 Jul 2003 18:31:35 +0200
- Subject: Results for 3.5-tree-ssa 20030712 (merged 20030525) testsuite on i686-pc-linux-gnu
LAST_UPDATED: Sun Jul 13 10:51:21 UTC 2003
Native configuration is i686-pc-linux-gnu
=== g++ tests ===
Running target unix
WARNING: program timed out.
FAIL: g++.dg/eh/cleanup1.C (test for excess errors)
FAIL: g++.dg/eh/simd-2.C (test for excess errors)
WARNING: g++.dg/eh/simd-2.C compilation failed to produce executable
FAIL: g++.dg/ext/pretty1.C scan-assembler top level
FAIL: g++.dg/ext/pretty2.C (test for excess errors)
WARNING: g++.dg/ext/pretty2.C compilation failed to produce executable
FAIL: 23:is 2:should be 1
FAIL: g++.dg/gcov/gcov-2.C gcov: 1 failures in line counts, 0 in branch percentages, 0 in return percentages
WARNING: g++.old-deja/g++.mike/p10769a.C compilation failed to produce executable
XPASS: g++.old-deja/g++.oliva/template1.C (test for errors, line 14)
WARNING: g++.old-deja/g++.other/enum5.C compilation failed to produce executable
FAIL: g++.old-deja/g++.other/vaarg3.C (test for errors, line 23)
FAIL: g++.old-deja/g++.other/vaarg3.C (test for errors, line 26)
WARNING: g++.old-deja/g++.pt/friend44.C compilation failed to produce executable
=== g++ Summary ===
# of expected passes 8588
# of unexpected failures 8
# of unexpected successes 1
# of expected failures 68
# of unsupported tests 15
gcc version 3.5-tree-ssa 20030712 (merged 20030525)
=== g77 tests ===
Running target unix
FAIL: g77.f-torture/execute/980520-1.f compilation, -O0
=== g77 Summary ===
# of expected passes 1734
# of unexpected failures 1
# of untested testcases 1
gcc version 3.5-tree-ssa 20030712 (merged 20030525)
=== gcc tests ===
Running target unix
XPASS: gcc.c-torture/execute/builtins/string-4.c execution, -O0
XPASS: gcc.c-torture/execute/builtins/string-5.c execution, -O0
XPASS: gcc.c-torture/execute/builtins/string-4.c execution, -O0
XPASS: gcc.c-torture/execute/builtins/string-5.c execution, -O0
FAIL: gcc.c-torture/execute/20000603-1.c execution, -O3 -fomit-frame-pointer
FAIL: gcc.c-torture/execute/20000603-1.c execution, -O3 -g
FAIL: gcc.dg/20010516-1.c (test for excess errors)
FAIL: gcc.dg/20020304-1.c (test for excess errors)
FAIL: gcc.dg/20020531-1.c (test for excess errors)
FAIL: gcc.dg/20030331-2.c (test for excess errors)
FAIL: gcc.dg/Wunreachable-4.c (test for excess errors)
XPASS: gcc.dg/uninit-4.c uninitialized variable warning (test for bogus messages, line 26)
XPASS: gcc.dg/uninit-5.c uninitialized variable warning (test for bogus messages, line 13)
XPASS: gcc.dg/uninit-5.c uninitialized variable warning (test for bogus messages, line 27)
XPASS: gcc.dg/uninit-8.c uninitialized variable warning (test for bogus messages, line 14)
FAIL: gcc.dg/uninit-C.c (test for excess errors)
FAIL: gcc.dg/warn-1.c (test for warnings, line 8)
FAIL: gcc.dg/warn-1.c (test for warnings, line 15)
FAIL: gcc.dg/warn-1.c (test for excess errors)
FAIL: gcc.dg/pch/static-3.c -O2 assembly comparison
FAIL: gcc.dg/tls/opt-6.c (test for excess errors)
=== gcc Summary ===
# of expected passes 23080
# of unexpected failures 13
# of unexpected successes 8
# of expected failures 90
# of unsupported tests 101
gcc version 3.5-tree-ssa 20030712 (merged 20030525)
=== objc tests ===
Running target unix
=== objc Summary ===
# of expected passes 1156
gcc version 3.5-tree-ssa 20030712 (merged 20030525)
=== libjava tests ===
Running target unix
FAIL: Thread_Interrupt output - source compiled test
FAIL: Thread_Interrupt -O output - source compiled test
=== libjava Summary ===
# of expected passes 3017
# of unexpected failures 2
# of expected failures 16
# of untested testcases 12
=== libmudflap tests ===
Running target unix
FAIL: libmudflap.c/fail13-frag.c (-O2) crash test
FAIL: libmudflap.c/fail13-frag.c (-O2) output pattern test
FAIL: libmudflap.c/fail13-frag.c (-O3) crash test
FAIL: libmudflap.c/fail13-frag.c (-O3) output pattern test
=== libmudflap Summary ===
# of expected passes 972
# of unexpected failures 4
=== libstdc++-v3 tests ===
Running target unix
XPASS: 26_numerics/c99_classification_macros_c.cc (test for excess errors)
=== libstdc++-v3 Summary ===
# of expected passes 1854
# of unexpected successes 1
Compiler version: 3.5-tree-ssa 20030712 (merged 20030525)
Platform: i686-pc-linux-gnu
configure flags: --prefix=/opt/gcc-tree-ssa-20020619-branch --enable-multilib --enable-checking --enable-c-mbchar --enable-threads --enable-nls --enable-version-specific-runtime-libs --enable-languages=c++,f77,java,objc --with-libbanshee