This is the mail archive of the
gcc-testresults@gcc.gnu.org
mailing list for the GCC project.
Results for 3.4 20030710 (experimental) testsuite on alphaev67-unknown-linux-gnu
- From: Richard Henderson <rth at dorothy dot sfbay dot redhat dot com>
- To: gcc-testresults at gcc dot gnu dot org
- Date: Thu, 10 Jul 2003 08:34:22 -0700
- Subject: Results for 3.4 20030710 (experimental) testsuite on alphaev67-unknown-linux-gnu
LAST_UPDATED: Thu Jul 10 01:36:22 UTC 2003
Native configuration is alphaev67-unknown-linux-gnu
=== libstdc++-v3 tests ===
Running target unix
FAIL: 22_locale/codecvt/encoding/wchar_t/wrapped_locale.cc execution test
FAIL: 22_locale/codecvt/max_length/wchar_t/wrapped_locale.cc execution test
FAIL: 22_locale/collate/transform/char/2.cc execution test
FAIL: 22_locale/collate/transform/char/3.cc execution test
FAIL: 22_locale/collate/transform/char/wrapped_env.cc execution test
FAIL: 22_locale/collate/transform/char/wrapped_locale.cc execution test
FAIL: 22_locale/collate/transform/wchar_t/3.cc execution test
FAIL: 22_locale/collate_byname/1.cc execution test
FAIL: 22_locale/ctype/widen/wchar_t/2.cc execution test
FAIL: 26_numerics/fabs_inline.cc (test for excess errors)
WARNING: 26_numerics/fabs_inline.cc compilation failed to produce executable
FAIL: 27_io/basic_filebuf/underflow/wchar_t/9520.cc execution test
FAIL: 27_io/objects/char/6.cc execution test
=== libstdc++-v3 Summary ===
# of expected passes 1994
# of unexpected failures 12
# of expected failures 10
=== g77 tests ===
Running target unix
FAIL: g77.dg/gcov/gcov-1.f gcov failed:
FAIL: g77.f-torture/execute/980520-1.f compilation, -O0
=== g77 Summary ===
# of expected passes 1745
# of unexpected failures 2
# of untested testcases 1
# of unsupported tests 6
/dorothy/rth/gcc/build/axp/gcc/testsuite/../g77 version 3.4 20030710 (experimental)
=== gcc tests ===
Running target unix
UNRESOLVED: gcc.c-torture/execute/wchar_t-1.c execution, -O0
UNRESOLVED: gcc.c-torture/execute/wchar_t-1.c execution, -O1
UNRESOLVED: gcc.c-torture/execute/wchar_t-1.c execution, -O2
UNRESOLVED: gcc.c-torture/execute/wchar_t-1.c execution, -O3 -fomit-frame-pointer
UNRESOLVED: gcc.c-torture/execute/wchar_t-1.c execution, -O3 -g
UNRESOLVED: gcc.c-torture/execute/wchar_t-1.c execution, -Os
FAIL: gcc.dg/compat/vector-1 c_compat_x_tst.o compile
FAIL: gcc.dg/compat/vector-1 c_compat_y_tst.o compile
UNRESOLVED: gcc.dg/compat/vector-1 c_compat_x_tst.o-c_compat_y_tst.o link
UNRESOLVED: gcc.dg/compat/vector-1 c_compat_x_tst.o-c_compat_y_tst.o execute
FAIL: gcc.dg/compat/vector-2 c_compat_x_tst.o compile
FAIL: gcc.dg/compat/vector-2 c_compat_y_tst.o compile
UNRESOLVED: gcc.dg/compat/vector-2 c_compat_x_tst.o-c_compat_y_tst.o link
UNRESOLVED: gcc.dg/compat/vector-2 c_compat_x_tst.o-c_compat_y_tst.o execute
FAIL: gcc.dg/Wpadded.c (test for excess errors)
FAIL: gcc.dg/uninit-A.c uninitialized variable warning (test for bogus messages, line 52)
FAIL: gcc.dg/uninit-A.c uninitialized variable warning (test for bogus messages, line 53)
FAIL: gcc.dg/warn-1.c (test for warnings, line 15)
FAIL: gcc.misc-tests/gcov-1.c gcov failed:
FAIL: gcc.misc-tests/gcov-10.c gcov failed:
FAIL: gcc.misc-tests/gcov-11.c gcov failed:
FAIL: gcc.misc-tests/gcov-2.c gcov failed:
FAIL: gcc.misc-tests/gcov-3.c gcov failed:
FAIL: gcc.misc-tests/gcov-4.c gcov failed:
FAIL: gcc.misc-tests/gcov-4b.c gcov failed:
FAIL: gcc.misc-tests/gcov-5b.c gcov failed:
FAIL: gcc.misc-tests/gcov-6.c gcov failed:
FAIL: gcc.misc-tests/gcov-7.c gcov failed:
FAIL: gcc.misc-tests/gcov-8.c gcov failed:
FAIL: gcc.misc-tests/gcov-9.c gcov failed:
=== gcc Summary ===
# of expected passes 23414
# of unexpected failures 20
# of expected failures 90
# of unresolved testcases 10
# of unsupported tests 247
/dorothy/rth/gcc/build/axp/gcc/xgcc version 3.4 20030710 (experimental)
=== g++ tests ===
Running target unix
FAIL: g++.dg/ext/pretty1.C scan-assembler top level
FAIL: g++.dg/ext/pretty2.C (test for excess errors)
WARNING: g++.dg/ext/pretty2.C compilation failed to produce executable
FAIL: g++.dg/init/array10.C (test for excess errors)
FAIL: g++.dg/gcov/gcov-1.C gcov failed:
FAIL: g++.dg/gcov/gcov-2.C gcov failed:
FAIL: g++.dg/gcov/gcov-3.C gcov failed:
WARNING: g++.old-deja/g++.mike/p10769a.C compilation failed to produce executable
WARNING: g++.old-deja/g++.other/enum5.C compilation failed to produce executable
WARNING: g++.old-deja/g++.pt/friend44.C compilation failed to produce executable
=== g++ Summary ===
# of expected passes 8669
# of unexpected failures 6
# of expected failures 68
# of unsupported tests 52
/dorothy/rth/gcc/build/axp/gcc/testsuite/../g++ version 3.4 20030710 (experimental)
=== objc tests ===
Running target unix
=== objc Summary ===
# of expected passes 1156
/dorothy/rth/gcc/build/axp/gcc/xgcc version 3.4 20030710 (experimental)
Compiler version: 3.4 20030710 (experimental)
Platform: alphaev67-unknown-linux-gnu
configure flags: --prefix=/dorothy/H-alpha-linux-gnu --enable-threads