This is the mail archive of the
gcc-testresults@gcc.gnu.org
mailing list for the GCC project.
Results for 3.420030707(experimental) testsuite on sh-unknown-coff
- From: Janis Johnson <janis187 at us dot ibm dot com>
- To: gcc-testresults at gcc dot gnu dot org
- Date: Tue, 8 Jul 2003 10:27:34 -0700
- Subject: Results for 3.420030707(experimental) testsuite on sh-unknown-coff
LAST_UPDATED: Mon Jul 7 17:15:08 UTC 2003
Target is sh-unknown-coff
Host is i686-pc-linux-gnu
=== g++ tests ===
Running target sh-hms-sim
FAIL: g++.dg/bprob/g++-bprob-1.C execution: file g++-bprob-1.da does not exist, -g -fprofile-arcs
UNRESOLVED: g++.dg/bprob/g++-bprob-1.C compilation, -g -fbranch-probabilities
UNRESOLVED: g++.dg/bprob/g++-bprob-1.C execution, -g -fbranch-probabilities
FAIL: g++.dg/bprob/g++-bprob-1.C execution: file g++-bprob-1.da does not exist, -O0 -fprofile-arcs
UNRESOLVED: g++.dg/bprob/g++-bprob-1.C compilation, -O0 -fbranch-probabilities
UNRESOLVED: g++.dg/bprob/g++-bprob-1.C execution, -O0 -fbranch-probabilities
FAIL: g++.dg/bprob/g++-bprob-1.C execution: file g++-bprob-1.da does not exist, -O1 -fprofile-arcs
UNRESOLVED: g++.dg/bprob/g++-bprob-1.C compilation, -O1 -fbranch-probabilities
UNRESOLVED: g++.dg/bprob/g++-bprob-1.C execution, -O1 -fbranch-probabilities
FAIL: g++.dg/bprob/g++-bprob-1.C execution: file g++-bprob-1.da does not exist, -O2 -fprofile-arcs
UNRESOLVED: g++.dg/bprob/g++-bprob-1.C compilation, -O2 -fbranch-probabilities
UNRESOLVED: g++.dg/bprob/g++-bprob-1.C execution, -O2 -fbranch-probabilities
FAIL: g++.dg/bprob/g++-bprob-1.C execution: file g++-bprob-1.da does not exist, -O3 -fprofile-arcs
UNRESOLVED: g++.dg/bprob/g++-bprob-1.C compilation, -O3 -fbranch-probabilities
UNRESOLVED: g++.dg/bprob/g++-bprob-1.C execution, -O3 -fbranch-probabilities
FAIL: g++.dg/bprob/g++-bprob-1.C execution: file g++-bprob-1.da does not exist, -O3 -g -fprofile-arcs
UNRESOLVED: g++.dg/bprob/g++-bprob-1.C compilation, -O3 -g -fbranch-probabilities
UNRESOLVED: g++.dg/bprob/g++-bprob-1.C execution, -O3 -g -fbranch-probabilities
FAIL: g++.dg/bprob/g++-bprob-1.C execution: file g++-bprob-1.da does not exist, -Os -fprofile-arcs
UNRESOLVED: g++.dg/bprob/g++-bprob-1.C compilation, -Os -fbranch-probabilities
UNRESOLVED: g++.dg/bprob/g++-bprob-1.C execution, -Os -fbranch-probabilities
FAIL: g++.dg/compat/eh/ctor1 cp_compat_x_tst.o-cp_compat_y_tst.o execute
FAIL: g++.dg/compat/eh/ctor2 cp_compat_x_tst.o-cp_compat_y_tst.o execute
FAIL: g++.dg/compat/eh/dtor1 cp_compat_x_tst.o-cp_compat_y_tst.o execute
FAIL: g++.dg/compat/eh/filter1 cp_compat_x_tst.o-cp_compat_y_tst.o execute
FAIL: g++.dg/compat/eh/filter2 cp_compat_x_tst.o-cp_compat_y_tst.o execute
FAIL: g++.dg/compat/eh/new1 cp_compat_x_tst.o-cp_compat_y_tst.o execute
FAIL: g++.dg/compat/eh/nrv1 cp_compat_x_tst.o-cp_compat_y_tst.o execute
FAIL: g++.dg/compat/eh/spec3 cp_compat_x_tst.o-cp_compat_y_tst.o execute
FAIL: g++.dg/compat/eh/template1 cp_compat_x_tst.o-cp_compat_y_tst.o execute
FAIL: g++.dg/compat/eh/unexpected1 cp_compat_x_tst.o-cp_compat_y_tst.o execute
FAIL: g++.dg/compat/init/array5 cp_compat_x_tst.o-cp_compat_y_tst.o execute
FAIL: g++.dg/compat/init/byval1 cp_compat_x_tst.o-cp_compat_y_tst.o execute
FAIL: g++.dg/compat/init/dtor1 cp_compat_x_tst.o-cp_compat_y_tst.o execute
FAIL: g++.dg/compat/init/elide1 cp_compat_x_tst.o-cp_compat_y_tst.o execute
FAIL: g++.dg/abi/bitfield4.C (test for excess errors)
WARNING: g++.dg/abi/bitfield4.C compilation failed to produce executable
FAIL: g++.dg/abi/rtti2.C execution test
FAIL: g++.dg/abi/vcall1.C execution test
FAIL: g++.dg/eh/cond1.C execution test
FAIL: g++.dg/eh/ctor1.C execution test
FAIL: g++.dg/eh/ctor2.C execution test
FAIL: g++.dg/eh/dtor1.C execution test
FAIL: g++.dg/eh/filter1.C execution test
FAIL: g++.dg/eh/filter2.C execution test
FAIL: g++.dg/eh/forced1.C execution test
FAIL: g++.dg/eh/forced2.C execution test
FAIL: g++.dg/eh/forced3.C execution test
FAIL: g++.dg/eh/forced4.C execution test
FAIL: g++.dg/eh/loop1.C execution test
FAIL: g++.dg/eh/loop2.C execution test
FAIL: g++.dg/eh/new1.C execution test
FAIL: g++.dg/eh/omit-frame-pointer.C execution test
FAIL: g++.dg/eh/omit-frame-pointer2.C execution test
FAIL: g++.dg/eh/registers1.C execution test
FAIL: g++.dg/eh/simd-1.C execution test
FAIL: g++.dg/eh/simd-2.C execution test
FAIL: g++.dg/eh/spec3.C execution test
FAIL: g++.dg/eh/template1.C execution test
FAIL: g++.dg/eh/unexpected1.C execution test
FAIL: g++.dg/expr/anew1.C execution test
FAIL: g++.dg/expr/anew2.C execution test
FAIL: g++.dg/expr/anew3.C execution test
FAIL: g++.dg/expr/anew4.C execution test
FAIL: g++.dg/ext/pretty1.C scan-assembler top level
FAIL: g++.dg/ext/pretty2.C (test for excess errors)
WARNING: g++.dg/ext/pretty2.C compilation failed to produce executable
FAIL: g++.dg/inherit/covariant1.C execution test
FAIL: g++.dg/inherit/covariant4.C execution test
FAIL: g++.dg/init/array10.C (test for excess errors)
FAIL: g++.dg/init/array5.C execution test
FAIL: g++.dg/init/ctor1.C execution test
FAIL: g++.dg/init/ctor2.C execution test
FAIL: g++.dg/opt/cleanup1.C execution test
FAIL: g++.dg/opt/const1.C execution test
FAIL: g++.dg/opt/preinc1.C execution test
FAIL: g++.dg/opt/reg-stack.C execution test
FAIL: g++.dg/opt/rtti1.C execution test
FAIL: g++.dg/opt/stack1.C execution test
FAIL: g++.dg/opt/thunk1.C execution test
FAIL: g++.dg/rtti/cv1.C execution test
FAIL: g++.dg/template/explicit-instantiation2.C scan-assembler _Z1fIiET_S0_
FAIL: g++.dg/template/friend10.C execution test
FAIL: g++.dg/special/conpr-1.C (test for excess errors)
WARNING: g++.dg/special/conpr-1.C compilation failed to produce executable
FAIL: g++.dg/special/conpr-2.C (test for excess errors)
WARNING: g++.dg/special/conpr-2.C compilation failed to produce executable
FAIL: g++.dg/special/conpr-3.C (test for excess errors)
WARNING: g++.dg/special/conpr-3.C compilation failed to produce executable
FAIL: g++.dg/special/conpr-4.C (test for excess errors)
WARNING: g++.dg/special/conpr-4.C compilation failed to produce executable
FAIL: g++.dg/special/initp1.C (test for excess errors)
WARNING: g++.dg/special/initp1.C compilation failed to produce executable
FAIL: g++.old-deja/g++.abi/cxa_vec.C execution test
FAIL: g++.old-deja/g++.abi/ptrflags.C execution test
FAIL: g++.old-deja/g++.abi/vbase2.C execution test
FAIL: g++.old-deja/g++.abi/vbase4.C execution test
FAIL: g++.old-deja/g++.abi/vtable3a.C execution test
FAIL: g++.old-deja/g++.abi/vtable3b.C execution test
FAIL: g++.old-deja/g++.abi/vtable3c.C execution test
FAIL: g++.old-deja/g++.abi/vtable3d.C execution test
FAIL: g++.old-deja/g++.abi/vtable3e.C execution test
FAIL: g++.old-deja/g++.abi/vtable3f.C execution test
FAIL: g++.old-deja/g++.abi/vtable3g.C execution test
FAIL: g++.old-deja/g++.abi/vtable3h.C execution test
FAIL: g++.old-deja/g++.abi/vtable3i.C execution test
FAIL: g++.old-deja/g++.abi/vtable3j.C execution test
FAIL: g++.old-deja/g++.benjamin/15071.C execution test
FAIL: g++.old-deja/g++.benjamin/bool01.C (test for excess errors)
WARNING: g++.old-deja/g++.benjamin/bool01.C compilation failed to produce executable
FAIL: g++.old-deja/g++.benjamin/p12475.C (test for excess errors)
FAIL: g++.old-deja/g++.benjamin/typeid01.C execution test
FAIL: g++.old-deja/g++.brendan/copy9.C execution test
FAIL: g++.old-deja/g++.brendan/dtors2.C execution test
FAIL: g++.old-deja/g++.brendan/dtors3.C execution test
FAIL: g++.old-deja/g++.brendan/eh1.C execution test
FAIL: g++.old-deja/g++.brendan/groff1.C execution test
FAIL: g++.old-deja/g++.brendan/nest21.C execution test
FAIL: g++.old-deja/g++.brendan/new3.C execution test
FAIL: g++.old-deja/g++.brendan/ptolemy2.C execution test
FAIL: g++.old-deja/g++.brendan/vtables1.C execution test
FAIL: g++.old-deja/g++.bugs/900321_02.C execution test
FAIL: g++.old-deja/g++.bugs/900520_04.C execution test
WARNING: program timed out.
FAIL: g++.old-deja/g++.bugs/900520_05.C execution test
FAIL: g++.old-deja/g++.eh/badalloc1.C execution test
FAIL: g++.old-deja/g++.eh/catch11.C execution test
FAIL: g++.old-deja/g++.eh/catch12.C execution test
FAIL: g++.old-deja/g++.eh/catch3.C execution test
FAIL: g++.old-deja/g++.eh/catch3p.C execution test
FAIL: g++.old-deja/g++.eh/catch4.C execution test
FAIL: g++.old-deja/g++.eh/catch4p.C execution test
FAIL: g++.old-deja/g++.eh/catch5.C execution test
FAIL: g++.old-deja/g++.eh/catch5p.C execution test
FAIL: g++.old-deja/g++.eh/catch6.C execution test
FAIL: g++.old-deja/g++.eh/catch6p.C execution test
FAIL: g++.old-deja/g++.eh/catch7.C execution test
FAIL: g++.old-deja/g++.eh/catch7p.C execution test
FAIL: g++.old-deja/g++.eh/catch8.C execution test
WARNING: program timed out.
FAIL: g++.old-deja/g++.eh/catch8p.C execution test
FAIL: g++.old-deja/g++.eh/catch9.C execution test
FAIL: g++.old-deja/g++.eh/catch9p.C execution test
FAIL: g++.old-deja/g++.eh/catchptr1.C execution test
FAIL: g++.old-deja/g++.eh/cleanup1.C execution test
FAIL: g++.old-deja/g++.eh/cleanup2.C execution test
FAIL: g++.old-deja/g++.eh/flow1.C execution test
FAIL: g++.old-deja/g++.eh/fntry1.C execution test
FAIL: g++.old-deja/g++.eh/ia64-1.C execution test
FAIL: g++.old-deja/g++.eh/inline2.C execution test
FAIL: g++.old-deja/g++.eh/new1.C execution test
FAIL: g++.old-deja/g++.eh/new2.C execution test
FAIL: g++.old-deja/g++.eh/pdel1.C execution test
FAIL: g++.old-deja/g++.eh/pdel2.C execution test
FAIL: g++.old-deja/g++.eh/ptr1.C execution test
FAIL: g++.old-deja/g++.eh/ptrmem1.C execution test
FAIL: g++.old-deja/g++.eh/rethrow1.C execution test
FAIL: g++.old-deja/g++.eh/rethrow2.C execution test
FAIL: g++.old-deja/g++.eh/rethrow3.C execution test
FAIL: g++.old-deja/g++.eh/rethrow4.C execution test
FAIL: g++.old-deja/g++.eh/rethrow5.C execution test
FAIL: g++.old-deja/g++.eh/rethrow6.C execution test
FAIL: g++.old-deja/g++.eh/spec1.C execution test
FAIL: g++.old-deja/g++.eh/spec2.C execution test
FAIL: g++.old-deja/g++.eh/spec3.C execution test
FAIL: g++.old-deja/g++.eh/spec4.C execution test
FAIL: g++.old-deja/g++.eh/terminate1.C execution test
FAIL: g++.old-deja/g++.eh/terminate2.C execution test
FAIL: g++.old-deja/g++.eh/tmpl1.C execution test
FAIL: g++.old-deja/g++.eh/unwind1.C execution test
FAIL: g++.old-deja/g++.eh/vbase1.C execution test
FAIL: g++.old-deja/g++.eh/vbase2.C execution test
FAIL: g++.old-deja/g++.eh/vbase4.C execution test
FAIL: g++.old-deja/g++.ext/attrib5.C (test for excess errors)
XPASS: g++.old-deja/g++.ext/attrib5.C execution test
FAIL: g++.old-deja/g++.jason/2371.C execution test
FAIL: g++.old-deja/g++.jason/dtor5.C execution test
FAIL: g++.old-deja/g++.jason/init3.C execution test
FAIL: g++.old-deja/g++.jason/inline3.C execution test
FAIL: g++.old-deja/g++.jason/mi.C execution test
FAIL: g++.old-deja/g++.jason/new2.C execution test
FAIL: g++.old-deja/g++.jason/new4.C execution test
FAIL: g++.old-deja/g++.jason/new5.C execution test
FAIL: g++.old-deja/g++.jason/parse12.C execution test
FAIL: g++.old-deja/g++.jason/ref10.C execution test
FAIL: g++.old-deja/g++.jason/ref11.C execution test
FAIL: g++.old-deja/g++.jason/ref9.C execution test
FAIL: g++.old-deja/g++.jason/rfg10.C (test for excess errors)
FAIL: g++.old-deja/g++.jason/rvalue1.C execution test
FAIL: g++.old-deja/g++.jason/synth5.C execution test
FAIL: g++.old-deja/g++.jason/synth7.C execution test
WARNING: program timed out.
FAIL: g++.old-deja/g++.jason/template24.C execution test
FAIL: g++.old-deja/g++.jason/template31.C execution test
FAIL: g++.old-deja/g++.jason/template40.C execution test
FAIL: g++.old-deja/g++.jason/thunk1.C execution test
FAIL: g++.old-deja/g++.jason/thunk2.C (test for excess errors)
WARNING: g++.old-deja/g++.jason/thunk2.C compilation failed to produce executable
FAIL: g++.old-deja/g++.jason/vecdel.C execution test
FAIL: g++.old-deja/g++.jason/virtual2.C execution test
WARNING: program timed out.
FAIL: g++.old-deja/g++.law/arg8.C execution test
FAIL: g++.old-deja/g++.law/arm7.C execution test
FAIL: g++.old-deja/g++.law/array1.C execution test
FAIL: g++.old-deja/g++.law/code-gen5.C execution test
FAIL: g++.old-deja/g++.law/ctors12.C execution test
FAIL: g++.old-deja/g++.law/ctors15.C execution test
FAIL: g++.old-deja/g++.law/ctors8.C execution test
FAIL: g++.old-deja/g++.law/cvt2.C execution test
FAIL: g++.old-deja/g++.law/operators15.C execution test
FAIL: g++.old-deja/g++.law/operators23.C execution test
FAIL: g++.old-deja/g++.law/operators8.C execution test
FAIL: g++.old-deja/g++.law/profile1.C (test for excess errors)
WARNING: g++.old-deja/g++.law/profile1.C compilation failed to produce executable
FAIL: g++.old-deja/g++.law/scope2.C execution test
FAIL: g++.old-deja/g++.law/virtual3.C execution test
FAIL: g++.old-deja/g++.law/virtual4.C execution test
WARNING: program timed out.
FAIL: g++.old-deja/g++.martin/eval1.C execution test
FAIL: g++.old-deja/g++.martin/new1.C execution test
FAIL: g++.old-deja/g++.martin/pmf1.C execution test
FAIL: g++.old-deja/g++.mike/align1.C execution test
FAIL: g++.old-deja/g++.mike/dyncast1.C execution test
FAIL: g++.old-deja/g++.mike/dyncast2.C execution test
FAIL: g++.old-deja/g++.mike/dyncast5.C execution test
FAIL: g++.old-deja/g++.mike/dyncast7.C execution test
FAIL: g++.old-deja/g++.mike/eh10.C execution test
FAIL: g++.old-deja/g++.mike/eh12.C execution test
FAIL: g++.old-deja/g++.mike/eh14.C execution test
FAIL: g++.old-deja/g++.mike/eh16.C execution test
FAIL: g++.old-deja/g++.mike/eh17.C execution test
FAIL: g++.old-deja/g++.mike/eh18.C execution test
FAIL: g++.old-deja/g++.mike/eh2.C execution test
FAIL: g++.old-deja/g++.mike/eh21.C execution test
FAIL: g++.old-deja/g++.mike/eh23.C execution test
FAIL: g++.old-deja/g++.mike/eh24.C execution test
FAIL: g++.old-deja/g++.mike/eh25.C execution test
FAIL: g++.old-deja/g++.mike/eh26.C execution test
FAIL: g++.old-deja/g++.mike/eh27.C execution test
FAIL: g++.old-deja/g++.mike/eh28.C execution test
FAIL: g++.old-deja/g++.mike/eh29.C execution test
FAIL: g++.old-deja/g++.mike/eh3.C execution test
FAIL: g++.old-deja/g++.mike/eh31.C execution test
FAIL: g++.old-deja/g++.mike/eh33.C execution test
FAIL: g++.old-deja/g++.mike/eh34.C execution test
FAIL: g++.old-deja/g++.mike/eh35.C execution test
FAIL: g++.old-deja/g++.mike/eh36.C execution test
FAIL: g++.old-deja/g++.mike/eh37.C execution test
FAIL: g++.old-deja/g++.mike/eh38.C execution test
FAIL: g++.old-deja/g++.mike/eh39.C execution test
FAIL: g++.old-deja/g++.mike/eh40.C execution test
FAIL: g++.old-deja/g++.mike/eh41.C execution test
FAIL: g++.old-deja/g++.mike/eh42.C execution test
FAIL: g++.old-deja/g++.mike/eh44.C execution test
FAIL: g++.old-deja/g++.mike/eh47.C execution test
FAIL: g++.old-deja/g++.mike/eh48.C execution test
FAIL: g++.old-deja/g++.mike/eh49.C execution test
FAIL: g++.old-deja/g++.mike/eh5.C execution test
FAIL: g++.old-deja/g++.mike/eh50.C execution test
FAIL: g++.old-deja/g++.mike/eh51.C execution test
FAIL: g++.old-deja/g++.mike/eh55.C execution test
FAIL: g++.old-deja/g++.mike/eh59.C execution test
FAIL: g++.old-deja/g++.mike/eh6.C execution test
FAIL: g++.old-deja/g++.mike/eh8.C execution test
FAIL: g++.old-deja/g++.mike/mi1.C execution test
WARNING: program timed out.
FAIL: g++.old-deja/g++.mike/misc14.C execution test
FAIL: g++.old-deja/g++.mike/net15.C execution test
FAIL: g++.old-deja/g++.mike/net21.C execution test
FAIL: g++.old-deja/g++.mike/net34.C execution test
FAIL: g++.old-deja/g++.mike/net40.C execution test
FAIL: g++.old-deja/g++.mike/net46.C execution test
FAIL: g++.old-deja/g++.mike/offset1.C execution test
WARNING: g++.old-deja/g++.mike/p10769a.C compilation failed to produce executable
WARNING: program timed out.
FAIL: g++.old-deja/g++.mike/p11667.C execution test
FAIL: g++.old-deja/g++.mike/p1248.C execution test
FAIL: g++.old-deja/g++.mike/p1567.C execution test
WARNING: program timed out.
FAIL: g++.old-deja/g++.mike/p16146.C execution test
FAIL: g++.old-deja/g++.mike/p1862.C execution test
FAIL: g++.old-deja/g++.mike/p2846.C execution test
FAIL: g++.old-deja/g++.mike/p3041.C execution test
FAIL: g++.old-deja/g++.mike/p3068.C execution test
FAIL: g++.old-deja/g++.mike/p3139.C execution test
FAIL: g++.old-deja/g++.mike/p3708.C execution test
FAIL: g++.old-deja/g++.mike/p3708a.C execution test
FAIL: g++.old-deja/g++.mike/p3708b.C execution test
FAIL: g++.old-deja/g++.mike/p4246.C execution test
FAIL: g++.old-deja/g++.mike/p4511.C execution test
FAIL: g++.old-deja/g++.mike/p4736c.C execution test
FAIL: g++.old-deja/g++.mike/p5571.C execution test
FAIL: g++.old-deja/g++.mike/p658.C execution test
FAIL: g++.old-deja/g++.mike/p6610a.C execution test
FAIL: g++.old-deja/g++.mike/p6610b.C execution test
FAIL: g++.old-deja/g++.mike/p6927.C execution test
FAIL: g++.old-deja/g++.mike/p755.C execution test
FAIL: g++.old-deja/g++.mike/p755a.C execution test
FAIL: g++.old-deja/g++.mike/p7912.C execution test
FAIL: g++.old-deja/g++.mike/p8018.C execution test
FAIL: g++.old-deja/g++.mike/p9706.C execution test
FAIL: g++.old-deja/g++.mike/pmf9.C execution test
FAIL: g++.old-deja/g++.mike/rtti3.C execution test
FAIL: g++.old-deja/g++.mike/thunk2.C execution test
FAIL: g++.old-deja/g++.mike/thunk3.C execution test
FAIL: g++.old-deja/g++.mike/virt2.C execution test
FAIL: g++.old-deja/g++.mike/virt4.C execution test
FAIL: g++.old-deja/g++.mike/virt5.C execution test
FAIL: g++.old-deja/g++.ns/new1.C execution test
FAIL: g++.old-deja/g++.ns/template9.C execution test
FAIL: g++.old-deja/g++.oliva/delete2.C execution test
FAIL: g++.old-deja/g++.oliva/delete3.C execution test
FAIL: g++.old-deja/g++.oliva/new1.C execution test
FAIL: g++.old-deja/g++.oliva/thunk1.C execution test
FAIL: g++.old-deja/g++.other/array1.C execution test
FAIL: g++.old-deja/g++.other/badopt1.C execution test
FAIL: g++.old-deja/g++.other/comdat3.C (test for excess errors)
WARNING: g++.old-deja/g++.other/comdat3.C compilation failed to produce executable
FAIL: g++.old-deja/g++.other/delete3.C execution test
FAIL: g++.old-deja/g++.other/delete7.C execution test
FAIL: g++.old-deja/g++.other/eh3.C execution test
WARNING: g++.old-deja/g++.other/enum5.C compilation failed to produce executable
FAIL: g++.old-deja/g++.other/headers1.C execution test
FAIL: g++.old-deja/g++.other/init7.C execution test
FAIL: g++.old-deja/g++.other/inline7.C execution test
FAIL: g++.old-deja/g++.other/inline8.C execution test
FAIL: g++.old-deja/g++.other/local-alloc1.C (test for excess errors)
FAIL: g++.old-deja/g++.other/local3.C execution test
FAIL: g++.old-deja/g++.other/loop1.C execution test
FAIL: g++.old-deja/g++.other/mangle3.C (test for excess errors)
FAIL: g++.old-deja/g++.other/new3.C execution test
WARNING: program timed out.
FAIL: g++.old-deja/g++.other/new5.C execution test
FAIL: g++.old-deja/g++.other/new7.C execution test
FAIL: g++.old-deja/g++.other/optimize2.C execution test
FAIL: g++.old-deja/g++.other/overload9.C execution test
FAIL: g++.old-deja/g++.other/pmf4.C execution test
FAIL: g++.old-deja/g++.other/pmf5.C execution test
FAIL: g++.old-deja/g++.other/reload1.C execution test
FAIL: g++.old-deja/g++.other/rtti1.C execution test
FAIL: g++.old-deja/g++.other/rtti2.C execution test
FAIL: g++.old-deja/g++.other/rtti3.C execution test
FAIL: g++.old-deja/g++.other/rtti4.C execution test
FAIL: g++.old-deja/g++.other/sibcall1.C execution test
FAIL: g++.old-deja/g++.other/singleton.C execution test
FAIL: g++.old-deja/g++.other/thunk1.C execution test
FAIL: g++.old-deja/g++.other/unchanging1.C execution test
FAIL: g++.old-deja/g++.other/vbase2.C execution test
FAIL: g++.old-deja/g++.other/vbase5.C execution test
FAIL: g++.old-deja/g++.other/vtbl2.C execution test
WARNING: program timed out.
FAIL: g++.old-deja/g++.pt/explicit55.C execution test
WARNING: program timed out.
FAIL: g++.old-deja/g++.pt/explicit56.C execution test
FAIL: g++.old-deja/g++.pt/expr1.C execution test
FAIL: g++.old-deja/g++.pt/fntry1.C execution test
WARNING: g++.old-deja/g++.pt/friend44.C compilation failed to produce executable
FAIL: g++.old-deja/g++.pt/local6.C execution test
FAIL: g++.old-deja/g++.pt/mi1.C execution test
FAIL: g++.old-deja/g++.pt/spec3.C execution test
FAIL: g++.old-deja/g++.pt/spec30.C execution test
FAIL: g++.old-deja/g++.pt/static3.C (test for excess errors)
WARNING: g++.old-deja/g++.pt/static3.C compilation failed to produce executable
FAIL: g++.old-deja/g++.pt/static6.C (test for excess errors)
FAIL: g++.old-deja/g++.pt/ttp19.C execution test
FAIL: g++.old-deja/g++.pt/ttp40.C execution test
FAIL: g++.old-deja/g++.pt/virtual4.C execution test
WARNING: program timed out.
FAIL: g++.old-deja/g++.robertl/eb102.C execution test
FAIL: g++.old-deja/g++.robertl/eb104.C execution test
FAIL: g++.old-deja/g++.robertl/eb114.C execution test
FAIL: g++.old-deja/g++.robertl/eb115.C execution test
FAIL: g++.old-deja/g++.robertl/eb118.C execution test
FAIL: g++.old-deja/g++.robertl/eb126.C execution test
FAIL: g++.old-deja/g++.robertl/eb17.C execution test
FAIL: g++.old-deja/g++.robertl/eb21.C execution test
FAIL: g++.old-deja/g++.robertl/eb31.C execution test
FAIL: g++.old-deja/g++.robertl/eb41.C execution test
FAIL: g++.old-deja/g++.robertl/eb46.C execution test
FAIL: g++.old-deja/g++.robertl/eb50.C execution test
WARNING: program timed out.
FAIL: g++.old-deja/g++.robertl/eb54.C execution test
FAIL: g++.old-deja/g++.robertl/eb58.C execution test
FAIL: g++.old-deja/g++.robertl/eb59.C execution test
FAIL: g++.old-deja/g++.robertl/eb63.C execution test
FAIL: g++.old-deja/g++.robertl/eb66.C execution test
FAIL: g++.old-deja/g++.robertl/eb73.C execution test
FAIL: g++.old-deja/g++.robertl/eb77.C execution test
FAIL: g++.old-deja/g++.robertl/eb88.C execution test
FAIL: g++.old-deja/g++.robertl/eh990323-1.C execution test
FAIL: g++.old-deja/g++.robertl/eh990323-2.C execution test
FAIL: g++.old-deja/g++.robertl/eh990323-3.C execution test
FAIL: g++.old-deja/g++.robertl/eh990323-4.C execution test
FAIL: g++.old-deja/g++.robertl/eh990323-5.C execution test
FAIL: g++.old-deja/g++.robertl/ice990323-2.C execution test
=== g++ Summary ===
# of expected passes 8215
# of unexpected failures 352
# of unexpected successes 1
# of expected failures 70
# of unresolved testcases 14
# of unsupported tests 61
/home/janis/simtest/build/gcc/testsuite/../g++ version 3.4 20030707 (experimental)
Host is i686-pc-linux-gnu
=== g77 tests ===
Running target sh-hms-sim
FAIL: g77.dg/bprob/g77-bprob-1.f compilation, -g -fprofile-arcs
UNRESOLVED: g77.dg/bprob/g77-bprob-1.f execution, -g -fprofile-arcs
UNRESOLVED: g77.dg/bprob/g77-bprob-1.f compilation, -g -fbranch-probabilities
UNRESOLVED: g77.dg/bprob/g77-bprob-1.f execution, -g -fbranch-probabilities
FAIL: g77.dg/bprob/g77-bprob-1.f compilation, -O0 -fprofile-arcs
UNRESOLVED: g77.dg/bprob/g77-bprob-1.f execution, -O0 -fprofile-arcs
UNRESOLVED: g77.dg/bprob/g77-bprob-1.f compilation, -O0 -fbranch-probabilities
UNRESOLVED: g77.dg/bprob/g77-bprob-1.f execution, -O0 -fbranch-probabilities
FAIL: g77.dg/bprob/g77-bprob-1.f compilation, -O1 -fprofile-arcs
UNRESOLVED: g77.dg/bprob/g77-bprob-1.f execution, -O1 -fprofile-arcs
UNRESOLVED: g77.dg/bprob/g77-bprob-1.f compilation, -O1 -fbranch-probabilities
UNRESOLVED: g77.dg/bprob/g77-bprob-1.f execution, -O1 -fbranch-probabilities
FAIL: g77.dg/bprob/g77-bprob-1.f compilation, -O2 -fprofile-arcs
UNRESOLVED: g77.dg/bprob/g77-bprob-1.f execution, -O2 -fprofile-arcs
UNRESOLVED: g77.dg/bprob/g77-bprob-1.f compilation, -O2 -fbranch-probabilities
UNRESOLVED: g77.dg/bprob/g77-bprob-1.f execution, -O2 -fbranch-probabilities
FAIL: g77.dg/bprob/g77-bprob-1.f compilation, -O3 -fprofile-arcs
UNRESOLVED: g77.dg/bprob/g77-bprob-1.f execution, -O3 -fprofile-arcs
UNRESOLVED: g77.dg/bprob/g77-bprob-1.f compilation, -O3 -fbranch-probabilities
UNRESOLVED: g77.dg/bprob/g77-bprob-1.f execution, -O3 -fbranch-probabilities
FAIL: g77.dg/bprob/g77-bprob-1.f compilation, -O3 -g -fprofile-arcs
UNRESOLVED: g77.dg/bprob/g77-bprob-1.f execution, -O3 -g -fprofile-arcs
UNRESOLVED: g77.dg/bprob/g77-bprob-1.f compilation, -O3 -g -fbranch-probabilities
UNRESOLVED: g77.dg/bprob/g77-bprob-1.f execution, -O3 -g -fbranch-probabilities
FAIL: g77.dg/bprob/g77-bprob-1.f compilation, -Os -fprofile-arcs
UNRESOLVED: g77.dg/bprob/g77-bprob-1.f execution, -Os -fprofile-arcs
UNRESOLVED: g77.dg/bprob/g77-bprob-1.f compilation, -Os -fbranch-probabilities
UNRESOLVED: g77.dg/bprob/g77-bprob-1.f execution, -Os -fbranch-probabilities
FAIL: g77.dg/7388.f (test for excess errors)
WARNING: g77.dg/7388.f compilation failed to produce executable
FAIL: g77.dg/7388.f (test for excess errors)
WARNING: g77.dg/7388.f compilation failed to produce executable
FAIL: g77.dg/7388.f (test for excess errors)
WARNING: g77.dg/7388.f compilation failed to produce executable
FAIL: g77.dg/7388.f (test for excess errors)
WARNING: g77.dg/7388.f compilation failed to produce executable
FAIL: g77.dg/7388.f (test for excess errors)
WARNING: g77.dg/7388.f compilation failed to produce executable
FAIL: g77.dg/7388.f (test for excess errors)
WARNING: g77.dg/7388.f compilation failed to produce executable
FAIL: g77.dg/f77-edit-apostrophe-out.f (test for excess errors)
WARNING: g77.dg/f77-edit-apostrophe-out.f compilation failed to produce executable
FAIL: g77.dg/f77-edit-apostrophe-out.f (test for excess errors)
WARNING: g77.dg/f77-edit-apostrophe-out.f compilation failed to produce executable
FAIL: g77.dg/f77-edit-apostrophe-out.f (test for excess errors)
WARNING: g77.dg/f77-edit-apostrophe-out.f compilation failed to produce executable
FAIL: g77.dg/f77-edit-apostrophe-out.f (test for excess errors)
WARNING: g77.dg/f77-edit-apostrophe-out.f compilation failed to produce executable
FAIL: g77.dg/f77-edit-apostrophe-out.f (test for excess errors)
WARNING: g77.dg/f77-edit-apostrophe-out.f compilation failed to produce executable
FAIL: g77.dg/f77-edit-apostrophe-out.f (test for excess errors)
WARNING: g77.dg/f77-edit-apostrophe-out.f compilation failed to produce executable
FAIL: g77.dg/f77-edit-apostrophe-out.f (test for excess errors)
WARNING: g77.dg/f77-edit-apostrophe-out.f compilation failed to produce executable
FAIL: g77.dg/f77-edit-apostrophe-out.f (test for excess errors)
WARNING: g77.dg/f77-edit-apostrophe-out.f compilation failed to produce executable
FAIL: g77.dg/f77-edit-colon-out.f (test for excess errors)
WARNING: g77.dg/f77-edit-colon-out.f compilation failed to produce executable
FAIL: g77.dg/f77-edit-colon-out.f (test for excess errors)
WARNING: g77.dg/f77-edit-colon-out.f compilation failed to produce executable
FAIL: g77.dg/f77-edit-colon-out.f (test for excess errors)
WARNING: g77.dg/f77-edit-colon-out.f compilation failed to produce executable
FAIL: g77.dg/f77-edit-colon-out.f (test for excess errors)
WARNING: g77.dg/f77-edit-colon-out.f compilation failed to produce executable
FAIL: g77.dg/f77-edit-colon-out.f (test for excess errors)
WARNING: g77.dg/f77-edit-colon-out.f compilation failed to produce executable
FAIL: g77.dg/f77-edit-colon-out.f (test for excess errors)
WARNING: g77.dg/f77-edit-colon-out.f compilation failed to produce executable
FAIL: g77.dg/f77-edit-h-out.f (test for excess errors)
WARNING: g77.dg/f77-edit-h-out.f compilation failed to produce executable
FAIL: g77.dg/f77-edit-h-out.f (test for excess errors)
WARNING: g77.dg/f77-edit-h-out.f compilation failed to produce executable
FAIL: g77.dg/f77-edit-h-out.f (test for excess errors)
WARNING: g77.dg/f77-edit-h-out.f compilation failed to produce executable
FAIL: g77.dg/f77-edit-h-out.f (test for excess errors)
WARNING: g77.dg/f77-edit-h-out.f compilation failed to produce executable
FAIL: g77.dg/f77-edit-h-out.f (test for excess errors)
WARNING: g77.dg/f77-edit-h-out.f compilation failed to produce executable
FAIL: g77.dg/f77-edit-h-out.f (test for excess errors)
WARNING: g77.dg/f77-edit-h-out.f compilation failed to produce executable
FAIL: g77.dg/f77-edit-h-out.f (test for excess errors)
WARNING: g77.dg/f77-edit-h-out.f compilation failed to produce executable
FAIL: g77.dg/f77-edit-h-out.f (test for excess errors)
WARNING: g77.dg/f77-edit-h-out.f compilation failed to produce executable
FAIL: g77.dg/f77-edit-i-in.f (test for excess errors)
WARNING: g77.dg/f77-edit-i-in.f compilation failed to produce executable
FAIL: g77.dg/f77-edit-i-in.f (test for excess errors)
WARNING: g77.dg/f77-edit-i-in.f compilation failed to produce executable
FAIL: g77.dg/f77-edit-i-in.f (test for excess errors)
WARNING: g77.dg/f77-edit-i-in.f compilation failed to produce executable
FAIL: g77.dg/f77-edit-i-in.f (test for excess errors)
WARNING: g77.dg/f77-edit-i-in.f compilation failed to produce executable
FAIL: g77.dg/f77-edit-i-in.f (test for excess errors)
WARNING: g77.dg/f77-edit-i-in.f compilation failed to produce executable
FAIL: g77.dg/f77-edit-i-in.f (test for excess errors)
WARNING: g77.dg/f77-edit-i-in.f compilation failed to produce executable
FAIL: g77.dg/f77-edit-i-out.f (test for excess errors)
WARNING: g77.dg/f77-edit-i-out.f compilation failed to produce executable
FAIL: g77.dg/f77-edit-i-out.f (test for excess errors)
WARNING: g77.dg/f77-edit-i-out.f compilation failed to produce executable
FAIL: g77.dg/f77-edit-i-out.f (test for excess errors)
WARNING: g77.dg/f77-edit-i-out.f compilation failed to produce executable
FAIL: g77.dg/f77-edit-i-out.f (test for excess errors)
WARNING: g77.dg/f77-edit-i-out.f compilation failed to produce executable
FAIL: g77.dg/f77-edit-i-out.f (test for excess errors)
WARNING: g77.dg/f77-edit-i-out.f compilation failed to produce executable
FAIL: g77.dg/f77-edit-i-out.f (test for excess errors)
WARNING: g77.dg/f77-edit-i-out.f compilation failed to produce executable
FAIL: g77.dg/f77-edit-s-out.f (test for excess errors)
WARNING: g77.dg/f77-edit-s-out.f compilation failed to produce executable
FAIL: g77.dg/f77-edit-s-out.f (test for excess errors)
WARNING: g77.dg/f77-edit-s-out.f compilation failed to produce executable
FAIL: g77.dg/f77-edit-s-out.f (test for excess errors)
WARNING: g77.dg/f77-edit-s-out.f compilation failed to produce executable
FAIL: g77.dg/f77-edit-s-out.f (test for excess errors)
WARNING: g77.dg/f77-edit-s-out.f compilation failed to produce executable
FAIL: g77.dg/f77-edit-s-out.f (test for excess errors)
WARNING: g77.dg/f77-edit-s-out.f compilation failed to produce executable
FAIL: g77.dg/f77-edit-s-out.f (test for excess errors)
WARNING: g77.dg/f77-edit-s-out.f compilation failed to produce executable
FAIL: g77.dg/f77-edit-s-out.f (test for excess errors)
WARNING: g77.dg/f77-edit-s-out.f compilation failed to produce executable
FAIL: g77.dg/f77-edit-s-out.f (test for excess errors)
WARNING: g77.dg/f77-edit-s-out.f compilation failed to produce executable
FAIL: g77.dg/f77-edit-slash-out.f (test for excess errors)
WARNING: g77.dg/f77-edit-slash-out.f compilation failed to produce executable
FAIL: g77.dg/f77-edit-slash-out.f (test for excess errors)
WARNING: g77.dg/f77-edit-slash-out.f compilation failed to produce executable
FAIL: g77.dg/f77-edit-slash-out.f (test for excess errors)
WARNING: g77.dg/f77-edit-slash-out.f compilation failed to produce executable
FAIL: g77.dg/f77-edit-slash-out.f (test for excess errors)
WARNING: g77.dg/f77-edit-slash-out.f compilation failed to produce executable
FAIL: g77.dg/f77-edit-slash-out.f (test for excess errors)
WARNING: g77.dg/f77-edit-slash-out.f compilation failed to produce executable
FAIL: g77.dg/f77-edit-slash-out.f (test for excess errors)
WARNING: g77.dg/f77-edit-slash-out.f compilation failed to produce executable
FAIL: g77.dg/f77-edit-t-in.f (test for excess errors)
WARNING: g77.dg/f77-edit-t-in.f compilation failed to produce executable
FAIL: g77.dg/f77-edit-t-in.f (test for excess errors)
WARNING: g77.dg/f77-edit-t-in.f compilation failed to produce executable
FAIL: g77.dg/f77-edit-t-in.f (test for excess errors)
WARNING: g77.dg/f77-edit-t-in.f compilation failed to produce executable
FAIL: g77.dg/f77-edit-t-in.f (test for excess errors)
WARNING: g77.dg/f77-edit-t-in.f compilation failed to produce executable
FAIL: g77.dg/f77-edit-t-in.f (test for excess errors)
WARNING: g77.dg/f77-edit-t-in.f compilation failed to produce executable
FAIL: g77.dg/f77-edit-t-in.f (test for excess errors)
WARNING: g77.dg/f77-edit-t-in.f compilation failed to produce executable
FAIL: g77.dg/f77-edit-t-in.f (test for excess errors)
WARNING: g77.dg/f77-edit-t-in.f compilation failed to produce executable
FAIL: g77.dg/f77-edit-t-in.f (test for excess errors)
WARNING: g77.dg/f77-edit-t-in.f compilation failed to produce executable
FAIL: g77.dg/f77-edit-t-out.f (test for excess errors)
WARNING: g77.dg/f77-edit-t-out.f compilation failed to produce executable
FAIL: g77.dg/f77-edit-t-out.f (test for excess errors)
WARNING: g77.dg/f77-edit-t-out.f compilation failed to produce executable
FAIL: g77.dg/f77-edit-t-out.f (test for excess errors)
WARNING: g77.dg/f77-edit-t-out.f compilation failed to produce executable
FAIL: g77.dg/f77-edit-t-out.f (test for excess errors)
WARNING: g77.dg/f77-edit-t-out.f compilation failed to produce executable
FAIL: g77.dg/f77-edit-t-out.f (test for excess errors)
WARNING: g77.dg/f77-edit-t-out.f compilation failed to produce executable
FAIL: g77.dg/f77-edit-t-out.f (test for excess errors)
WARNING: g77.dg/f77-edit-t-out.f compilation failed to produce executable
FAIL: g77.dg/f77-edit-x-out.f (test for excess errors)
WARNING: g77.dg/f77-edit-x-out.f compilation failed to produce executable
FAIL: g77.dg/f77-edit-x-out.f (test for excess errors)
WARNING: g77.dg/f77-edit-x-out.f compilation failed to produce executable
FAIL: g77.dg/f77-edit-x-out.f (test for excess errors)
WARNING: g77.dg/f77-edit-x-out.f compilation failed to produce executable
FAIL: g77.dg/f77-edit-x-out.f (test for excess errors)
WARNING: g77.dg/f77-edit-x-out.f compilation failed to produce executable
FAIL: g77.dg/f77-edit-x-out.f (test for excess errors)
WARNING: g77.dg/f77-edit-x-out.f compilation failed to produce executable
FAIL: g77.dg/f77-edit-x-out.f (test for excess errors)
WARNING: g77.dg/f77-edit-x-out.f compilation failed to produce executable
FAIL: g77.dg/fbackslash.f (test for excess errors)
WARNING: g77.dg/fbackslash.f compilation failed to produce executable
FAIL: g77.dg/fbackslash.f (test for excess errors)
WARNING: g77.dg/fbackslash.f compilation failed to produce executable
FAIL: g77.dg/fbackslash.f (test for excess errors)
WARNING: g77.dg/fbackslash.f compilation failed to produce executable
FAIL: g77.dg/fbackslash.f (test for excess errors)
WARNING: g77.dg/fbackslash.f compilation failed to produce executable
FAIL: g77.dg/fbackslash.f (test for excess errors)
WARNING: g77.dg/fbackslash.f compilation failed to produce executable
FAIL: g77.dg/fbackslash.f (test for excess errors)
WARNING: g77.dg/fbackslash.f compilation failed to produce executable
FAIL: g77.dg/fcase-preserve.f (test for excess errors)
WARNING: g77.dg/fcase-preserve.f compilation failed to produce executable
FAIL: g77.dg/fcase-preserve.f (test for excess errors)
WARNING: g77.dg/fcase-preserve.f compilation failed to produce executable
FAIL: g77.dg/fcase-preserve.f (test for excess errors)
WARNING: g77.dg/fcase-preserve.f compilation failed to produce executable
FAIL: g77.dg/fcase-preserve.f (test for excess errors)
WARNING: g77.dg/fcase-preserve.f compilation failed to produce executable
FAIL: g77.dg/fcase-preserve.f (test for excess errors)
WARNING: g77.dg/fcase-preserve.f compilation failed to produce executable
FAIL: g77.dg/fcase-preserve.f (test for excess errors)
WARNING: g77.dg/fcase-preserve.f compilation failed to produce executable
FAIL: g77.dg/ff90-1.f (test for excess errors)
WARNING: g77.dg/ff90-1.f compilation failed to produce executable
FAIL: g77.dg/ff90-1.f (test for excess errors)
WARNING: g77.dg/ff90-1.f compilation failed to produce executable
FAIL: g77.dg/ff90-1.f (test for excess errors)
WARNING: g77.dg/ff90-1.f compilation failed to produce executable
FAIL: g77.dg/ff90-1.f (test for excess errors)
WARNING: g77.dg/ff90-1.f compilation failed to produce executable
FAIL: g77.dg/ff90-1.f (test for excess errors)
WARNING: g77.dg/ff90-1.f compilation failed to produce executable
FAIL: g77.dg/ff90-1.f (test for excess errors)
WARNING: g77.dg/ff90-1.f compilation failed to produce executable
FAIL: g77.dg/fno-backslash.f (test for excess errors)
WARNING: g77.dg/fno-backslash.f compilation failed to produce executable
FAIL: g77.dg/fno-backslash.f (test for excess errors)
WARNING: g77.dg/fno-backslash.f compilation failed to produce executable
FAIL: g77.dg/fno-backslash.f (test for excess errors)
WARNING: g77.dg/fno-backslash.f compilation failed to produce executable
FAIL: g77.dg/fno-backslash.f (test for excess errors)
WARNING: g77.dg/fno-backslash.f compilation failed to produce executable
FAIL: g77.dg/fno-backslash.f (test for excess errors)
WARNING: g77.dg/fno-backslash.f compilation failed to produce executable
FAIL: g77.dg/fno-backslash.f (test for excess errors)
WARNING: g77.dg/fno-backslash.f compilation failed to produce executable
FAIL: g77.dg/fno-f90-1.f (test for excess errors)
WARNING: g77.dg/fno-f90-1.f compilation failed to produce executable
FAIL: g77.dg/fno-f90-1.f (test for excess errors)
WARNING: g77.dg/fno-f90-1.f compilation failed to produce executable
FAIL: g77.dg/fno-f90-1.f (test for excess errors)
WARNING: g77.dg/fno-f90-1.f compilation failed to produce executable
FAIL: g77.dg/fno-f90-1.f (test for excess errors)
WARNING: g77.dg/fno-f90-1.f compilation failed to produce executable
FAIL: g77.dg/fno-f90-1.f (test for excess errors)
WARNING: g77.dg/fno-f90-1.f compilation failed to produce executable
FAIL: g77.dg/fno-f90-1.f (test for excess errors)
WARNING: g77.dg/fno-f90-1.f compilation failed to produce executable
FAIL: g77.dg/fno-onetrip.f (test for excess errors)
WARNING: g77.dg/fno-onetrip.f compilation failed to produce executable
FAIL: g77.dg/fno-onetrip.f (test for excess errors)
WARNING: g77.dg/fno-onetrip.f compilation failed to produce executable
FAIL: g77.dg/fno-onetrip.f (test for excess errors)
WARNING: g77.dg/fno-onetrip.f compilation failed to produce executable
FAIL: g77.dg/fno-onetrip.f (test for excess errors)
WARNING: g77.dg/fno-onetrip.f compilation failed to produce executable
FAIL: g77.dg/fno-onetrip.f (test for excess errors)
WARNING: g77.dg/fno-onetrip.f compilation failed to produce executable
FAIL: g77.dg/fno-onetrip.f (test for excess errors)
WARNING: g77.dg/fno-onetrip.f compilation failed to produce executable
FAIL: g77.dg/fno-typeless-boz.f (test for excess errors)
WARNING: g77.dg/fno-typeless-boz.f compilation failed to produce executable
FAIL: g77.dg/fno-typeless-boz.f (test for excess errors)
WARNING: g77.dg/fno-typeless-boz.f compilation failed to produce executable
FAIL: g77.dg/fno-typeless-boz.f (test for excess errors)
WARNING: g77.dg/fno-typeless-boz.f compilation failed to produce executable
FAIL: g77.dg/fno-typeless-boz.f (test for excess errors)
WARNING: g77.dg/fno-typeless-boz.f compilation failed to produce executable
FAIL: g77.dg/fno-typeless-boz.f (test for excess errors)
WARNING: g77.dg/fno-typeless-boz.f compilation failed to produce executable
FAIL: g77.dg/fno-typeless-boz.f (test for excess errors)
WARNING: g77.dg/fno-typeless-boz.f compilation failed to produce executable
FAIL: g77.dg/fno-vxt-1.f (test for excess errors)
WARNING: g77.dg/fno-vxt-1.f compilation failed to produce executable
FAIL: g77.dg/fno-vxt-1.f (test for excess errors)
WARNING: g77.dg/fno-vxt-1.f compilation failed to produce executable
FAIL: g77.dg/fno-vxt-1.f (test for excess errors)
WARNING: g77.dg/fno-vxt-1.f compilation failed to produce executable
FAIL: g77.dg/fno-vxt-1.f (test for excess errors)
WARNING: g77.dg/fno-vxt-1.f compilation failed to produce executable
FAIL: g77.dg/fno-vxt-1.f (test for excess errors)
WARNING: g77.dg/fno-vxt-1.f compilation failed to produce executable
FAIL: g77.dg/fno-vxt-1.f (test for excess errors)
WARNING: g77.dg/fno-vxt-1.f compilation failed to produce executable
FAIL: g77.dg/fonetrip.f (test for excess errors)
WARNING: g77.dg/fonetrip.f compilation failed to produce executable
FAIL: g77.dg/fonetrip.f (test for excess errors)
WARNING: g77.dg/fonetrip.f compilation failed to produce executable
FAIL: g77.dg/fonetrip.f (test for excess errors)
WARNING: g77.dg/fonetrip.f compilation failed to produce executable
FAIL: g77.dg/fonetrip.f (test for excess errors)
WARNING: g77.dg/fonetrip.f compilation failed to produce executable
FAIL: g77.dg/fonetrip.f (test for excess errors)
WARNING: g77.dg/fonetrip.f compilation failed to produce executable
FAIL: g77.dg/fonetrip.f (test for excess errors)
WARNING: g77.dg/fonetrip.f compilation failed to produce executable
FAIL: g77.dg/ftypeless-boz.f (test for excess errors)
WARNING: g77.dg/ftypeless-boz.f compilation failed to produce executable
FAIL: g77.dg/ftypeless-boz.f (test for excess errors)
WARNING: g77.dg/ftypeless-boz.f compilation failed to produce executable
FAIL: g77.dg/ftypeless-boz.f (test for excess errors)
WARNING: g77.dg/ftypeless-boz.f compilation failed to produce executable
FAIL: g77.dg/ftypeless-boz.f (test for excess errors)
WARNING: g77.dg/ftypeless-boz.f compilation failed to produce executable
FAIL: g77.dg/ftypeless-boz.f (test for excess errors)
WARNING: g77.dg/ftypeless-boz.f compilation failed to produce executable
FAIL: g77.dg/ftypeless-boz.f (test for excess errors)
WARNING: g77.dg/ftypeless-boz.f compilation failed to produce executable
FAIL: g77.dg/fvxt-1.f (test for excess errors)
WARNING: g77.dg/fvxt-1.f compilation failed to produce executable
FAIL: g77.dg/fvxt-1.f (test for excess errors)
WARNING: g77.dg/fvxt-1.f compilation failed to produce executable
FAIL: g77.dg/fvxt-1.f (test for excess errors)
WARNING: g77.dg/fvxt-1.f compilation failed to produce executable
FAIL: g77.dg/fvxt-1.f (test for excess errors)
WARNING: g77.dg/fvxt-1.f compilation failed to produce executable
FAIL: g77.dg/fvxt-1.f (test for excess errors)
WARNING: g77.dg/fvxt-1.f compilation failed to produce executable
FAIL: g77.dg/fvxt-1.f (test for excess errors)
WARNING: g77.dg/fvxt-1.f compilation failed to produce executable
FAIL: g77.dg/pr3743-1.f (test for excess errors)
FAIL: g77.dg/pr3743-1.f (test for excess errors)
FAIL: g77.dg/pr3743-1.f (test for excess errors)
FAIL: g77.dg/pr3743-1.f (test for excess errors)
FAIL: g77.dg/pr3743-1.f (test for excess errors)
FAIL: g77.dg/pr3743-1.f (test for excess errors)
FAIL: g77.dg/pr3743-2.f (test for excess errors)
FAIL: g77.dg/pr3743-2.f (test for excess errors)
FAIL: g77.dg/pr3743-2.f (test for excess errors)
FAIL: g77.dg/pr3743-2.f (test for excess errors)
FAIL: g77.dg/pr3743-2.f (test for excess errors)
FAIL: g77.dg/pr3743-2.f (test for excess errors)
FAIL: g77.dg/pr3743-3.f (test for excess errors)
FAIL: g77.dg/pr3743-3.f (test for excess errors)
FAIL: g77.dg/pr3743-3.f (test for excess errors)
FAIL: g77.dg/pr3743-3.f (test for excess errors)
FAIL: g77.dg/pr3743-3.f (test for excess errors)
FAIL: g77.dg/pr3743-3.f (test for excess errors)
FAIL: g77.dg/pr3743-4.f (test for excess errors)
FAIL: g77.dg/pr3743-4.f (test for excess errors)
FAIL: g77.dg/pr3743-4.f (test for excess errors)
FAIL: g77.dg/pr3743-4.f (test for excess errors)
FAIL: g77.dg/pr3743-4.f (test for excess errors)
FAIL: g77.dg/pr3743-4.f (test for excess errors)
FAIL: g77.dg/strlen0.f (test for excess errors)
WARNING: g77.dg/strlen0.f compilation failed to produce executable
FAIL: g77.dg/strlen0.f (test for excess errors)
WARNING: g77.dg/strlen0.f compilation failed to produce executable
FAIL: g77.dg/strlen0.f (test for excess errors)
WARNING: g77.dg/strlen0.f compilation failed to produce executable
FAIL: g77.dg/strlen0.f (test for excess errors)
WARNING: g77.dg/strlen0.f compilation failed to produce executable
FAIL: g77.dg/strlen0.f (test for excess errors)
WARNING: g77.dg/strlen0.f compilation failed to produce executable
FAIL: g77.dg/strlen0.f (test for excess errors)
WARNING: g77.dg/strlen0.f compilation failed to produce executable
FAIL: g77.f-torture/compile/alpha1.f, -O0
FAIL: g77.f-torture/compile/alpha1.f, -O1
FAIL: g77.f-torture/compile/alpha1.f, -O2
FAIL: g77.f-torture/compile/alpha1.f, -O3 -fomit-frame-pointer
FAIL: g77.f-torture/compile/alpha1.f, -O3 -g
FAIL: g77.f-torture/compile/alpha1.f, -Os
FAIL: g77.f-torture/execute/10197.f compilation, -O0
FAIL: g77.f-torture/execute/10197.f compilation, -O1
FAIL: g77.f-torture/execute/10197.f compilation, -O2
FAIL: g77.f-torture/execute/10197.f compilation, -O3 -fomit-frame-pointer
FAIL: g77.f-torture/execute/10197.f compilation, -O3 -g
FAIL: g77.f-torture/execute/10197.f compilation, -Os
FAIL: g77.f-torture/execute/1832.f compilation, -O0
FAIL: g77.f-torture/execute/1832.f compilation, -O1
FAIL: g77.f-torture/execute/1832.f compilation, -O2
FAIL: g77.f-torture/execute/1832.f compilation, -O3 -fomit-frame-pointer
FAIL: g77.f-torture/execute/1832.f compilation, -O3 -g
FAIL: g77.f-torture/execute/1832.f compilation, -Os
FAIL: g77.f-torture/execute/19981119-0.f compilation, -O0
FAIL: g77.f-torture/execute/19981119-0.f compilation, -O1
FAIL: g77.f-torture/execute/19981119-0.f compilation, -O2
FAIL: g77.f-torture/execute/19981119-0.f compilation, -O3 -fomit-frame-pointer
FAIL: g77.f-torture/execute/19981119-0.f compilation, -O3 -g
FAIL: g77.f-torture/execute/19981119-0.f compilation, -Os
FAIL: g77.f-torture/execute/19990313-0.f compilation, -O0
FAIL: g77.f-torture/execute/19990313-0.f compilation, -O1
FAIL: g77.f-torture/execute/19990313-0.f compilation, -O2
FAIL: g77.f-torture/execute/19990313-0.f compilation, -O3 -fomit-frame-pointer
FAIL: g77.f-torture/execute/19990313-0.f compilation, -O3 -g
FAIL: g77.f-torture/execute/19990313-0.f compilation, -Os
FAIL: g77.f-torture/execute/19990313-1.f compilation, -O0
FAIL: g77.f-torture/execute/19990313-1.f compilation, -O1
FAIL: g77.f-torture/execute/19990313-1.f compilation, -O2
FAIL: g77.f-torture/execute/19990313-1.f compilation, -O3 -fomit-frame-pointer
FAIL: g77.f-torture/execute/19990313-1.f compilation, -O3 -g
FAIL: g77.f-torture/execute/19990313-1.f compilation, -Os
FAIL: g77.f-torture/execute/19990313-2.f compilation, -O0
FAIL: g77.f-torture/execute/19990313-2.f compilation, -O1
FAIL: g77.f-torture/execute/19990313-2.f compilation, -O2
FAIL: g77.f-torture/execute/19990313-2.f compilation, -O3 -fomit-frame-pointer
FAIL: g77.f-torture/execute/19990313-2.f compilation, -O3 -g
FAIL: g77.f-torture/execute/19990313-2.f compilation, -Os
FAIL: g77.f-torture/execute/19990313-3.f compilation, -O0
FAIL: g77.f-torture/execute/19990313-3.f compilation, -O1
FAIL: g77.f-torture/execute/19990313-3.f compilation, -O2
FAIL: g77.f-torture/execute/19990313-3.f compilation, -O3 -fomit-frame-pointer
FAIL: g77.f-torture/execute/19990313-3.f compilation, -O3 -g
FAIL: g77.f-torture/execute/19990313-3.f compilation, -Os
FAIL: g77.f-torture/execute/19990325-0.f compilation, -O0
FAIL: g77.f-torture/execute/19990325-0.f compilation, -O1
FAIL: g77.f-torture/execute/19990325-0.f compilation, -O2
FAIL: g77.f-torture/execute/19990325-0.f compilation, -O3 -fomit-frame-pointer
FAIL: g77.f-torture/execute/19990325-0.f compilation, -O3 -g
FAIL: g77.f-torture/execute/19990325-0.f compilation, -Os
FAIL: g77.f-torture/execute/19990325-1.f compilation, -O0
FAIL: g77.f-torture/execute/19990325-1.f compilation, -O1
FAIL: g77.f-torture/execute/19990325-1.f compilation, -O2
FAIL: g77.f-torture/execute/19990325-1.f compilation, -O3 -fomit-frame-pointer
FAIL: g77.f-torture/execute/19990325-1.f compilation, -O3 -g
FAIL: g77.f-torture/execute/19990325-1.f compilation, -Os
FAIL: g77.f-torture/execute/19990419-1.f compilation, -O0
FAIL: g77.f-torture/execute/19990419-1.f compilation, -O1
FAIL: g77.f-torture/execute/19990419-1.f compilation, -O2
FAIL: g77.f-torture/execute/19990419-1.f compilation, -O3 -fomit-frame-pointer
FAIL: g77.f-torture/execute/19990419-1.f compilation, -O3 -fomit-frame-pointer -funroll-loops
FAIL: g77.f-torture/execute/19990419-1.f compilation, -O3 -fomit-frame-pointer -funroll-all-loops -finline-functions
FAIL: g77.f-torture/execute/19990419-1.f compilation, -O3 -g
FAIL: g77.f-torture/execute/19990419-1.f compilation, -Os
FAIL: g77.f-torture/execute/19990826-0.f compilation, -O0
FAIL: g77.f-torture/execute/19990826-0.f compilation, -O1
FAIL: g77.f-torture/execute/19990826-0.f compilation, -O2
FAIL: g77.f-torture/execute/19990826-0.f compilation, -O3 -fomit-frame-pointer
FAIL: g77.f-torture/execute/19990826-0.f compilation, -O3 -g
FAIL: g77.f-torture/execute/19990826-0.f compilation, -Os
FAIL: g77.f-torture/execute/19990826-2.f compilation, -O0
FAIL: g77.f-torture/execute/19990826-2.f compilation, -O1
FAIL: g77.f-torture/execute/19990826-2.f compilation, -O2
FAIL: g77.f-torture/execute/19990826-2.f compilation, -O3 -fomit-frame-pointer
FAIL: g77.f-torture/execute/19990826-2.f compilation, -O3 -g
FAIL: g77.f-torture/execute/19990826-2.f compilation, -Os
FAIL: g77.f-torture/execute/20000503-1.f compilation, -O0
FAIL: g77.f-torture/execute/20000503-1.f compilation, -O1
FAIL: g77.f-torture/execute/20000503-1.f compilation, -O2
FAIL: g77.f-torture/execute/20000503-1.f compilation, -O3 -fomit-frame-pointer
FAIL: g77.f-torture/execute/20000503-1.f compilation, -O3 -fomit-frame-pointer -funroll-loops
FAIL: g77.f-torture/execute/20000503-1.f compilation, -O3 -fomit-frame-pointer -funroll-all-loops -finline-functions
FAIL: g77.f-torture/execute/20000503-1.f compilation, -O3 -g
FAIL: g77.f-torture/execute/20000503-1.f compilation, -Os
FAIL: g77.f-torture/execute/20001111.f compilation, -O0
FAIL: g77.f-torture/execute/20001111.f compilation, -O1
FAIL: g77.f-torture/execute/20001111.f compilation, -O2
FAIL: g77.f-torture/execute/20001111.f compilation, -O3 -fomit-frame-pointer
FAIL: g77.f-torture/execute/20001111.f compilation, -O3 -fomit-frame-pointer -funroll-loops
FAIL: g77.f-torture/execute/20001111.f compilation, -O3 -fomit-frame-pointer -funroll-all-loops -finline-functions
FAIL: g77.f-torture/execute/20001111.f compilation, -O3 -g
FAIL: g77.f-torture/execute/20001111.f compilation, -Os
FAIL: g77.f-torture/execute/20001201.f compilation, -O0
FAIL: g77.f-torture/execute/20001201.f compilation, -O1
FAIL: g77.f-torture/execute/20001201.f compilation, -O2
FAIL: g77.f-torture/execute/20001201.f compilation, -O3 -fomit-frame-pointer
FAIL: g77.f-torture/execute/20001201.f compilation, -O3 -g
FAIL: g77.f-torture/execute/20001201.f compilation, -Os
FAIL: g77.f-torture/execute/20010116.f compilation, -O0
FAIL: g77.f-torture/execute/20010116.f compilation, -O1
FAIL: g77.f-torture/execute/20010116.f compilation, -O2
FAIL: g77.f-torture/execute/20010116.f compilation, -O3 -fomit-frame-pointer
FAIL: g77.f-torture/execute/20010116.f compilation, -O3 -fomit-frame-pointer -funroll-loops
FAIL: g77.f-torture/execute/20010116.f compilation, -O3 -fomit-frame-pointer -funroll-all-loops -finline-functions
FAIL: g77.f-torture/execute/20010116.f compilation, -O3 -g
FAIL: g77.f-torture/execute/20010116.f compilation, -Os
FAIL: g77.f-torture/execute/20010426.f compilation, -O0
FAIL: g77.f-torture/execute/20010426.f compilation, -O1
FAIL: g77.f-torture/execute/20010426.f compilation, -O2
FAIL: g77.f-torture/execute/20010426.f compilation, -O3 -fomit-frame-pointer
FAIL: g77.f-torture/execute/20010426.f compilation, -O3 -g
FAIL: g77.f-torture/execute/20010426.f compilation, -Os
FAIL: g77.f-torture/execute/20010430.f compilation, -O0
FAIL: g77.f-torture/execute/20010430.f compilation, -O1
FAIL: g77.f-torture/execute/20010430.f compilation, -O2
FAIL: g77.f-torture/execute/20010430.f compilation, -O3 -fomit-frame-pointer
FAIL: g77.f-torture/execute/20010430.f compilation, -O3 -fomit-frame-pointer -funroll-loops
FAIL: g77.f-torture/execute/20010430.f compilation, -O3 -fomit-frame-pointer -funroll-all-loops -finline-functions
FAIL: g77.f-torture/execute/20010430.f compilation, -O3 -g
FAIL: g77.f-torture/execute/20010430.f compilation, -Os
FAIL: g77.f-torture/execute/20010610.f compilation, -O0
FAIL: g77.f-torture/execute/20010610.f compilation, -O1
FAIL: g77.f-torture/execute/20010610.f compilation, -O2
FAIL: g77.f-torture/execute/20010610.f compilation, -O3 -fomit-frame-pointer
FAIL: g77.f-torture/execute/20010610.f compilation, -O3 -fomit-frame-pointer -funroll-loops
FAIL: g77.f-torture/execute/20010610.f compilation, -O3 -fomit-frame-pointer -funroll-all-loops -finline-functions
FAIL: g77.f-torture/execute/20010610.f compilation, -O3 -g
FAIL: g77.f-torture/execute/20010610.f compilation, -Os
FAIL: g77.f-torture/execute/5122.f compilation, -O0
FAIL: g77.f-torture/execute/5122.f compilation, -O1
FAIL: g77.f-torture/execute/5122.f compilation, -O2
FAIL: g77.f-torture/execute/5122.f compilation, -O3 -fomit-frame-pointer
FAIL: g77.f-torture/execute/5122.f compilation, -O3 -g
FAIL: g77.f-torture/execute/5122.f compilation, -Os
FAIL: g77.f-torture/execute/6177.f compilation, -O0
FAIL: g77.f-torture/execute/6177.f compilation, -O1
FAIL: g77.f-torture/execute/6177.f compilation, -O2
FAIL: g77.f-torture/execute/6177.f compilation, -O3 -fomit-frame-pointer
FAIL: g77.f-torture/execute/6177.f compilation, -O3 -g
FAIL: g77.f-torture/execute/6177.f compilation, -Os
FAIL: g77.f-torture/execute/6367.f compilation, -O0
FAIL: g77.f-torture/execute/6367.f compilation, -O1
FAIL: g77.f-torture/execute/6367.f compilation, -O2
FAIL: g77.f-torture/execute/6367.f compilation, -O3 -fomit-frame-pointer
FAIL: g77.f-torture/execute/6367.f compilation, -O3 -fomit-frame-pointer -funroll-loops
FAIL: g77.f-torture/execute/6367.f compilation, -O3 -fomit-frame-pointer -funroll-all-loops -finline-functions
FAIL: g77.f-torture/execute/6367.f compilation, -O3 -g
FAIL: g77.f-torture/execute/6367.f compilation, -Os
FAIL: g77.f-torture/execute/947.f compilation, -O0
FAIL: g77.f-torture/execute/947.f compilation, -O1
FAIL: g77.f-torture/execute/947.f compilation, -O2
FAIL: g77.f-torture/execute/947.f compilation, -O3 -fomit-frame-pointer
FAIL: g77.f-torture/execute/947.f compilation, -O3 -g
FAIL: g77.f-torture/execute/947.f compilation, -Os
FAIL: g77.f-torture/execute/970625-2.f compilation, -O0
FAIL: g77.f-torture/execute/970625-2.f compilation, -O1
FAIL: g77.f-torture/execute/970625-2.f compilation, -O2
FAIL: g77.f-torture/execute/970625-2.f compilation, -O3 -fomit-frame-pointer
FAIL: g77.f-torture/execute/970625-2.f compilation, -O3 -fomit-frame-pointer -funroll-loops
FAIL: g77.f-torture/execute/970625-2.f compilation, -O3 -fomit-frame-pointer -funroll-all-loops -finline-functions
FAIL: g77.f-torture/execute/970625-2.f compilation, -O3 -g
FAIL: g77.f-torture/execute/970625-2.f compilation, -Os
FAIL: g77.f-torture/execute/970816-3.f compilation, -O0
FAIL: g77.f-torture/execute/970816-3.f compilation, -O1
FAIL: g77.f-torture/execute/970816-3.f compilation, -O2
FAIL: g77.f-torture/execute/970816-3.f compilation, -O3 -fomit-frame-pointer
FAIL: g77.f-torture/execute/970816-3.f compilation, -O3 -g
FAIL: g77.f-torture/execute/970816-3.f compilation, -Os
FAIL: g77.f-torture/execute/971102-1.f compilation, -O0
FAIL: g77.f-torture/execute/971102-1.f compilation, -O1
FAIL: g77.f-torture/execute/971102-1.f compilation, -O2
FAIL: g77.f-torture/execute/971102-1.f compilation, -O3 -fomit-frame-pointer
FAIL: g77.f-torture/execute/971102-1.f compilation, -O3 -fomit-frame-pointer -funroll-loops
FAIL: g77.f-torture/execute/971102-1.f compilation, -O3 -fomit-frame-pointer -funroll-all-loops -finline-functions
FAIL: g77.f-torture/execute/971102-1.f compilation, -O3 -g
FAIL: g77.f-torture/execute/971102-1.f compilation, -Os
FAIL: g77.f-torture/execute/980520-1.f compilation, -O0
FAIL: g77.f-torture/execute/980520-1.f compilation, -O1
FAIL: g77.f-torture/execute/980520-1.f compilation, -O2
FAIL: g77.f-torture/execute/980520-1.f compilation, -O3 -fomit-frame-pointer
FAIL: g77.f-torture/execute/980520-1.f compilation, -O3 -g
FAIL: g77.f-torture/execute/980520-1.f compilation, -Os
FAIL: g77.f-torture/execute/980628-0.f compilation, -O0
FAIL: g77.f-torture/execute/980628-0.f compilation, -O1
FAIL: g77.f-torture/execute/980628-0.f compilation, -O2
FAIL: g77.f-torture/execute/980628-0.f compilation, -O3 -fomit-frame-pointer
FAIL: g77.f-torture/execute/980628-0.f compilation, -O3 -g
FAIL: g77.f-torture/execute/980628-0.f compilation, -Os
FAIL: g77.f-torture/execute/980628-1.f compilation, -O0
FAIL: g77.f-torture/execute/980628-1.f compilation, -O1
FAIL: g77.f-torture/execute/980628-1.f compilation, -O2
FAIL: g77.f-torture/execute/980628-1.f compilation, -O3 -fomit-frame-pointer
FAIL: g77.f-torture/execute/980628-1.f compilation, -O3 -g
FAIL: g77.f-torture/execute/980628-1.f compilation, -Os
FAIL: g77.f-torture/execute/980628-10.f compilation, -O0
FAIL: g77.f-torture/execute/980628-10.f compilation, -O1
FAIL: g77.f-torture/execute/980628-10.f compilation, -O2
FAIL: g77.f-torture/execute/980628-10.f compilation, -O3 -fomit-frame-pointer
FAIL: g77.f-torture/execute/980628-10.f compilation, -O3 -g
FAIL: g77.f-torture/execute/980628-10.f compilation, -Os
FAIL: g77.f-torture/execute/980628-2.f compilation, -O0
FAIL: g77.f-torture/execute/980628-2.f compilation, -O1
FAIL: g77.f-torture/execute/980628-2.f compilation, -O2
FAIL: g77.f-torture/execute/980628-2.f compilation, -O3 -fomit-frame-pointer
FAIL: g77.f-torture/execute/980628-2.f compilation, -O3 -g
FAIL: g77.f-torture/execute/980628-2.f compilation, -Os
FAIL: g77.f-torture/execute/980628-3.f compilation, -O0
FAIL: g77.f-torture/execute/980628-3.f compilation, -O1
FAIL: g77.f-torture/execute/980628-3.f compilation, -O2
FAIL: g77.f-torture/execute/980628-3.f compilation, -O3 -fomit-frame-pointer
FAIL: g77.f-torture/execute/980628-3.f compilation, -O3 -g
FAIL: g77.f-torture/execute/980628-3.f compilation, -Os
FAIL: g77.f-torture/execute/980628-4.f compilation, -O0
FAIL: g77.f-torture/execute/980628-4.f compilation, -O1
FAIL: g77.f-torture/execute/980628-4.f compilation, -O2
FAIL: g77.f-torture/execute/980628-4.f compilation, -O3 -fomit-frame-pointer
FAIL: g77.f-torture/execute/980628-4.f compilation, -O3 -g
FAIL: g77.f-torture/execute/980628-4.f compilation, -Os
FAIL: g77.f-torture/execute/980628-5.f compilation, -O0
FAIL: g77.f-torture/execute/980628-5.f compilation, -O1
FAIL: g77.f-torture/execute/980628-5.f compilation, -O2
FAIL: g77.f-torture/execute/980628-5.f compilation, -O3 -fomit-frame-pointer
FAIL: g77.f-torture/execute/980628-5.f compilation, -O3 -g
FAIL: g77.f-torture/execute/980628-5.f compilation, -Os
FAIL: g77.f-torture/execute/980628-6.f compilation, -O0
FAIL: g77.f-torture/execute/980628-6.f compilation, -O1
FAIL: g77.f-torture/execute/980628-6.f compilation, -O2
FAIL: g77.f-torture/execute/980628-6.f compilation, -O3 -fomit-frame-pointer
FAIL: g77.f-torture/execute/980628-6.f compilation, -O3 -g
FAIL: g77.f-torture/execute/980628-6.f compilation, -Os
FAIL: g77.f-torture/execute/980628-7.f compilation, -O0
FAIL: g77.f-torture/execute/980628-7.f compilation, -O1
FAIL: g77.f-torture/execute/980628-7.f compilation, -O2
FAIL: g77.f-torture/execute/980628-7.f compilation, -O3 -fomit-frame-pointer
FAIL: g77.f-torture/execute/980628-7.f compilation, -O3 -g
FAIL: g77.f-torture/execute/980628-7.f compilation, -Os
FAIL: g77.f-torture/execute/980628-8.f compilation, -O0
FAIL: g77.f-torture/execute/980628-8.f compilation, -O1
FAIL: g77.f-torture/execute/980628-8.f compilation, -O2
FAIL: g77.f-torture/execute/980628-8.f compilation, -O3 -fomit-frame-pointer
FAIL: g77.f-torture/execute/980628-8.f compilation, -O3 -g
FAIL: g77.f-torture/execute/980628-8.f compilation, -Os
FAIL: g77.f-torture/execute/980628-9.f compilation, -O0
FAIL: g77.f-torture/execute/980628-9.f compilation, -O1
FAIL: g77.f-torture/execute/980628-9.f compilation, -O2
FAIL: g77.f-torture/execute/980628-9.f compilation, -O3 -fomit-frame-pointer
FAIL: g77.f-torture/execute/980628-9.f compilation, -O3 -g
FAIL: g77.f-torture/execute/980628-9.f compilation, -Os
FAIL: g77.f-torture/execute/980701-0.f compilation, -O0
FAIL: g77.f-torture/execute/980701-0.f compilation, -O1
FAIL: g77.f-torture/execute/980701-0.f compilation, -O2
FAIL: g77.f-torture/execute/980701-0.f compilation, -O3 -fomit-frame-pointer
FAIL: g77.f-torture/execute/980701-0.f compilation, -O3 -g
FAIL: g77.f-torture/execute/980701-0.f compilation, -Os
FAIL: g77.f-torture/execute/980701-1.f compilation, -O0
FAIL: g77.f-torture/execute/980701-1.f compilation, -O1
FAIL: g77.f-torture/execute/980701-1.f compilation, -O2
FAIL: g77.f-torture/execute/980701-1.f compilation, -O3 -fomit-frame-pointer
FAIL: g77.f-torture/execute/980701-1.f compilation, -O3 -g
FAIL: g77.f-torture/execute/980701-1.f compilation, -Os
FAIL: g77.f-torture/execute/alpha2.f compilation, -O0
FAIL: g77.f-torture/execute/alpha2.f compilation, -O1
FAIL: g77.f-torture/execute/alpha2.f compilation, -O2
FAIL: g77.f-torture/execute/alpha2.f compilation, -O3 -fomit-frame-pointer
FAIL: g77.f-torture/execute/alpha2.f compilation, -O3 -g
FAIL: g77.f-torture/execute/alpha2.f compilation, -Os
FAIL: g77.f-torture/execute/auto0.f compilation, -O0
FAIL: g77.f-torture/execute/auto0.f compilation, -O1
FAIL: g77.f-torture/execute/auto0.f compilation, -O2
FAIL: g77.f-torture/execute/auto0.f compilation, -O3 -fomit-frame-pointer
FAIL: g77.f-torture/execute/auto0.f compilation, -O3 -fomit-frame-pointer -funroll-loops
FAIL: g77.f-torture/execute/auto0.f compilation, -O3 -fomit-frame-pointer -funroll-all-loops -finline-functions
FAIL: g77.f-torture/execute/auto0.f compilation, -O3 -g
FAIL: g77.f-torture/execute/auto0.f compilation, -Os
FAIL: g77.f-torture/execute/auto1.f compilation, -O0
FAIL: g77.f-torture/execute/auto1.f compilation, -O1
FAIL: g77.f-torture/execute/auto1.f compilation, -O2
FAIL: g77.f-torture/execute/auto1.f compilation, -O3 -fomit-frame-pointer
FAIL: g77.f-torture/execute/auto1.f compilation, -O3 -fomit-frame-pointer -funroll-loops
FAIL: g77.f-torture/execute/auto1.f compilation, -O3 -fomit-frame-pointer -funroll-all-loops -finline-functions
FAIL: g77.f-torture/execute/auto1.f compilation, -O3 -g
FAIL: g77.f-torture/execute/auto1.f compilation, -Os
FAIL: g77.f-torture/execute/cabs.f compilation, -O0
FAIL: g77.f-torture/execute/cabs.f compilation, -O1
FAIL: g77.f-torture/execute/cabs.f compilation, -O2
FAIL: g77.f-torture/execute/cabs.f compilation, -O3 -fomit-frame-pointer
FAIL: g77.f-torture/execute/cabs.f compilation, -O3 -g
FAIL: g77.f-torture/execute/cabs.f compilation, -Os
FAIL: g77.f-torture/execute/claus.f compilation, -O0
FAIL: g77.f-torture/execute/claus.f compilation, -O1
FAIL: g77.f-torture/execute/claus.f compilation, -O2
FAIL: g77.f-torture/execute/claus.f compilation, -O3 -fomit-frame-pointer
FAIL: g77.f-torture/execute/claus.f compilation, -O3 -fomit-frame-pointer -funroll-loops
FAIL: g77.f-torture/execute/claus.f compilation, -O3 -fomit-frame-pointer -funroll-all-loops -finline-functions
FAIL: g77.f-torture/execute/claus.f compilation, -O3 -g
FAIL: g77.f-torture/execute/claus.f compilation, -Os
FAIL: g77.f-torture/execute/complex_1.f compilation, -O0
FAIL: g77.f-torture/execute/complex_1.f compilation, -O1
FAIL: g77.f-torture/execute/complex_1.f compilation, -O2
FAIL: g77.f-torture/execute/complex_1.f compilation, -O3 -fomit-frame-pointer
FAIL: g77.f-torture/execute/complex_1.f compilation, -O3 -g
FAIL: g77.f-torture/execute/complex_1.f compilation, -Os
FAIL: g77.f-torture/execute/dcomplex.f compilation, -O0
FAIL: g77.f-torture/execute/dcomplex.f compilation, -O1
FAIL: g77.f-torture/execute/dcomplex.f compilation, -O2
FAIL: g77.f-torture/execute/dcomplex.f compilation, -O3 -fomit-frame-pointer
FAIL: g77.f-torture/execute/dcomplex.f compilation, -O3 -g
FAIL: g77.f-torture/execute/dcomplex.f compilation, -Os
FAIL: g77.f-torture/execute/dnrm2.f compilation, -O0
FAIL: g77.f-torture/execute/dnrm2.f compilation, -O1
FAIL: g77.f-torture/execute/dnrm2.f compilation, -O2
FAIL: g77.f-torture/execute/dnrm2.f compilation, -O3 -fomit-frame-pointer
FAIL: g77.f-torture/execute/dnrm2.f compilation, -O3 -fomit-frame-pointer -funroll-loops
FAIL: g77.f-torture/execute/dnrm2.f compilation, -O3 -fomit-frame-pointer -funroll-all-loops -finline-functions
FAIL: g77.f-torture/execute/dnrm2.f compilation, -O3 -g
FAIL: g77.f-torture/execute/dnrm2.f compilation, -Os
FAIL: g77.f-torture/execute/erfc.f compilation, -O0
FAIL: g77.f-torture/execute/erfc.f compilation, -O1
FAIL: g77.f-torture/execute/erfc.f compilation, -O2
FAIL: g77.f-torture/execute/erfc.f compilation, -O3 -fomit-frame-pointer
FAIL: g77.f-torture/execute/erfc.f compilation, -O3 -g
FAIL: g77.f-torture/execute/erfc.f compilation, -Os
FAIL: g77.f-torture/execute/exp.f compilation, -O0
FAIL: g77.f-torture/execute/exp.f compilation, -O1
FAIL: g77.f-torture/execute/exp.f compilation, -O2
FAIL: g77.f-torture/execute/exp.f compilation, -O3 -fomit-frame-pointer
FAIL: g77.f-torture/execute/exp.f compilation, -O3 -g
FAIL: g77.f-torture/execute/exp.f compilation, -Os
FAIL: g77.f-torture/execute/f90-intrinsic-bit.f compilation, -O0
FAIL: g77.f-torture/execute/f90-intrinsic-bit.f compilation, -O1
FAIL: g77.f-torture/execute/f90-intrinsic-bit.f compilation, -O2
FAIL: g77.f-torture/execute/f90-intrinsic-bit.f compilation, -O3 -fomit-frame-pointer
FAIL: g77.f-torture/execute/f90-intrinsic-bit.f compilation, -O3 -fomit-frame-pointer -funroll-loops
FAIL: g77.f-torture/execute/f90-intrinsic-bit.f compilation, -O3 -fomit-frame-pointer -funroll-all-loops -finline-functions
FAIL: g77.f-torture/execute/f90-intrinsic-bit.f compilation, -O3 -g
FAIL: g77.f-torture/execute/f90-intrinsic-bit.f compilation, -Os
FAIL: g77.f-torture/execute/f90-intrinsic-mathematical.f compilation, -O0
FAIL: g77.f-torture/execute/f90-intrinsic-mathematical.f compilation, -O1
FAIL: g77.f-torture/execute/f90-intrinsic-mathematical.f compilation, -O2
FAIL: g77.f-torture/execute/f90-intrinsic-mathematical.f compilation, -O3 -fomit-frame-pointer
FAIL: g77.f-torture/execute/f90-intrinsic-mathematical.f compilation, -O3 -g
FAIL: g77.f-torture/execute/f90-intrinsic-mathematical.f compilation, -Os
FAIL: g77.f-torture/execute/f90-intrinsic-numeric.f compilation, -O0
FAIL: g77.f-torture/execute/f90-intrinsic-numeric.f compilation, -O1
FAIL: g77.f-torture/execute/f90-intrinsic-numeric.f compilation, -O2
FAIL: g77.f-torture/execute/f90-intrinsic-numeric.f compilation, -O3 -fomit-frame-pointer
FAIL: g77.f-torture/execute/f90-intrinsic-numeric.f compilation, -O3 -g
FAIL: g77.f-torture/execute/f90-intrinsic-numeric.f compilation, -Os
FAIL: g77.f-torture/execute/int8421.f compilation, -O0
FAIL: g77.f-torture/execute/int8421.f compilation, -O1
FAIL: g77.f-torture/execute/int8421.f compilation, -O2
FAIL: g77.f-torture/execute/int8421.f compilation, -O3 -fomit-frame-pointer
FAIL: g77.f-torture/execute/int8421.f compilation, -O3 -g
FAIL: g77.f-torture/execute/int8421.f compilation, -Os
FAIL: g77.f-torture/execute/intrinsic-f2c-z.f compilation, -O0
FAIL: g77.f-torture/execute/intrinsic-f2c-z.f compilation, -O1
FAIL: g77.f-torture/execute/intrinsic-f2c-z.f compilation, -O2
FAIL: g77.f-torture/execute/intrinsic-f2c-z.f compilation, -O3 -fomit-frame-pointer
FAIL: g77.f-torture/execute/intrinsic-f2c-z.f compilation, -O3 -g
FAIL: g77.f-torture/execute/intrinsic-f2c-z.f compilation, -Os
FAIL: g77.f-torture/execute/intrinsic-unix-bessel.f compilation, -O0
FAIL: g77.f-torture/execute/intrinsic-unix-bessel.f compilation, -O1
FAIL: g77.f-torture/execute/intrinsic-unix-bessel.f compilation, -O2
FAIL: g77.f-torture/execute/intrinsic-unix-bessel.f compilation, -O3 -fomit-frame-pointer
FAIL: g77.f-torture/execute/intrinsic-unix-bessel.f compilation, -O3 -g
FAIL: g77.f-torture/execute/intrinsic-unix-bessel.f compilation, -Os
FAIL: g77.f-torture/execute/intrinsic-unix-erf.f compilation, -O0
FAIL: g77.f-torture/execute/intrinsic-unix-erf.f compilation, -O1
FAIL: g77.f-torture/execute/intrinsic-unix-erf.f compilation, -O2
FAIL: g77.f-torture/execute/intrinsic-unix-erf.f compilation, -O3 -fomit-frame-pointer
FAIL: g77.f-torture/execute/intrinsic-unix-erf.f compilation, -O3 -g
FAIL: g77.f-torture/execute/intrinsic-unix-erf.f compilation, -Os
FAIL: g77.f-torture/execute/intrinsic-vax-cd.f compilation, -O0
FAIL: g77.f-torture/execute/intrinsic-vax-cd.f compilation, -O1
FAIL: g77.f-torture/execute/intrinsic-vax-cd.f compilation, -O2
FAIL: g77.f-torture/execute/intrinsic-vax-cd.f compilation, -O3 -fomit-frame-pointer
FAIL: g77.f-torture/execute/intrinsic-vax-cd.f compilation, -O3 -g
FAIL: g77.f-torture/execute/intrinsic-vax-cd.f compilation, -Os
FAIL: g77.f-torture/execute/intrinsic77.f compilation, -O0
FAIL: g77.f-torture/execute/intrinsic77.f compilation, -O1
FAIL: g77.f-torture/execute/intrinsic77.f compilation, -O2
FAIL: g77.f-torture/execute/intrinsic77.f compilation, -O3 -fomit-frame-pointer
FAIL: g77.f-torture/execute/intrinsic77.f compilation, -O3 -g
FAIL: g77.f-torture/execute/intrinsic77.f compilation, -Os
FAIL: g77.f-torture/execute/io0.f compilation, -O0
FAIL: g77.f-torture/execute/io0.f compilation, -O1
FAIL: g77.f-torture/execute/io0.f compilation, -O2
FAIL: g77.f-torture/execute/io0.f compilation, -O3 -fomit-frame-pointer
FAIL: g77.f-torture/execute/io0.f compilation, -O3 -g
FAIL: g77.f-torture/execute/io0.f compilation, -Os
FAIL: g77.f-torture/execute/io1.f compilation, -O0
FAIL: g77.f-torture/execute/io1.f compilation, -O1
FAIL: g77.f-torture/execute/io1.f compilation, -O2
FAIL: g77.f-torture/execute/io1.f compilation, -O3 -fomit-frame-pointer
FAIL: g77.f-torture/execute/io1.f compilation, -O3 -g
FAIL: g77.f-torture/execute/io1.f compilation, -Os
FAIL: g77.f-torture/execute/labug1.f compilation, -O0
FAIL: g77.f-torture/execute/labug1.f compilation, -O1
FAIL: g77.f-torture/execute/labug1.f compilation, -O2
FAIL: g77.f-torture/execute/labug1.f compilation, -O3 -fomit-frame-pointer
FAIL: g77.f-torture/execute/labug1.f compilation, -O3 -fomit-frame-pointer -funroll-loops
FAIL: g77.f-torture/execute/labug1.f compilation, -O3 -fomit-frame-pointer -funroll-all-loops -finline-functions
FAIL: g77.f-torture/execute/labug1.f compilation, -O3 -g
FAIL: g77.f-torture/execute/labug1.f compilation, -Os
FAIL: g77.f-torture/execute/le.f compilation, -O0
FAIL: g77.f-torture/execute/le.f compilation, -O1
FAIL: g77.f-torture/execute/le.f compilation, -O2
FAIL: g77.f-torture/execute/le.f compilation, -O3 -fomit-frame-pointer
FAIL: g77.f-torture/execute/le.f compilation, -O3 -g
FAIL: g77.f-torture/execute/le.f compilation, -Os
FAIL: g77.f-torture/execute/select.f compilation, -O0
FAIL: g77.f-torture/execute/select.f compilation, -O1
FAIL: g77.f-torture/execute/select.f compilation, -O2
FAIL: g77.f-torture/execute/select.f compilation, -O3 -fomit-frame-pointer
FAIL: g77.f-torture/execute/select.f compilation, -O3 -g
FAIL: g77.f-torture/execute/select.f compilation, -Os
FAIL: g77.f-torture/execute/short.f compilation, -O0
FAIL: g77.f-torture/execute/short.f compilation, -O1
FAIL: g77.f-torture/execute/short.f compilation, -O2
FAIL: g77.f-torture/execute/short.f compilation, -O3 -fomit-frame-pointer
FAIL: g77.f-torture/execute/short.f compilation, -O3 -fomit-frame-pointer -funroll-loops
FAIL: g77.f-torture/execute/short.f compilation, -O3 -fomit-frame-pointer -funroll-all-loops -finline-functions
FAIL: g77.f-torture/execute/short.f compilation, -O3 -g
FAIL: g77.f-torture/execute/short.f compilation, -Os
FAIL: g77.f-torture/execute/u77-test.f compilation, -O0
FAIL: g77.f-torture/execute/u77-test.f compilation, -O1
FAIL: g77.f-torture/execute/u77-test.f compilation, -O2
FAIL: g77.f-torture/execute/u77-test.f compilation, -O3 -fomit-frame-pointer
FAIL: g77.f-torture/execute/u77-test.f compilation, -O3 -fomit-frame-pointer -funroll-loops
FAIL: g77.f-torture/execute/u77-test.f compilation, -O3 -fomit-frame-pointer -funroll-all-loops -finline-functions
FAIL: g77.f-torture/execute/u77-test.f compilation, -O3 -g
FAIL: g77.f-torture/execute/u77-test.f compilation, -Os
FAIL: g77.f-torture/execute/cpp.F compilation, -O0
FAIL: g77.f-torture/execute/cpp.F compilation, -O1
FAIL: g77.f-torture/execute/cpp.F compilation, -O2
FAIL: g77.f-torture/execute/cpp.F compilation, -O3 -fomit-frame-pointer
FAIL: g77.f-torture/execute/cpp.F compilation, -O3 -g
FAIL: g77.f-torture/execute/cpp.F compilation, -Os
FAIL: g77.f-torture/execute/cpp2.F compilation, -O0
FAIL: g77.f-torture/execute/cpp2.F compilation, -O1
FAIL: g77.f-torture/execute/cpp2.F compilation, -O2
FAIL: g77.f-torture/execute/cpp2.F compilation, -O3 -fomit-frame-pointer
FAIL: g77.f-torture/execute/cpp2.F compilation, -O3 -g
FAIL: g77.f-torture/execute/cpp2.F compilation, -Os
=== g77 Summary ===
# of expected passes 445
# of unexpected failures 625
# of unresolved testcases 21
# of untested testcases 442
# of unsupported tests 13
/home/janis/simtest/build/gcc/testsuite/../g77 version 3.4 20030707 (experimental)
Host is i686-pc-linux-gnu
=== gcc tests ===
Running target sh-hms-sim
UNRESOLVED: gcc.c-torture/execute/20020720-1.c execution, -O1
UNRESOLVED: gcc.c-torture/execute/20020720-1.c execution, -O2
UNRESOLVED: gcc.c-torture/execute/20020720-1.c execution, -O3 -fomit-frame-pointer
UNRESOLVED: gcc.c-torture/execute/20020720-1.c execution, -O3 -g
UNRESOLVED: gcc.c-torture/execute/20020720-1.c execution, -Os
FAIL: gcc.c-torture/execute/921202-1.c compilation, -O3 -g
UNRESOLVED: gcc.c-torture/execute/921202-1.c execution, -O3 -g
UNRESOLVED: gcc.c-torture/execute/wchar_t-1.c execution, -O0
UNRESOLVED: gcc.c-torture/execute/wchar_t-1.c execution, -O1
UNRESOLVED: gcc.c-torture/execute/wchar_t-1.c execution, -O2
UNRESOLVED: gcc.c-torture/execute/wchar_t-1.c execution, -O3 -fomit-frame-pointer
UNRESOLVED: gcc.c-torture/execute/wchar_t-1.c execution, -O3 -g
UNRESOLVED: gcc.c-torture/execute/wchar_t-1.c execution, -Os
FAIL: gcc.dg/compat/struct-by-value-15 c_compat_x_tst.o-c_compat_y_tst.o execute
FAIL: gcc.dg/compat/struct-by-value-17 c_compat_x_tst.o-c_compat_y_tst.o execute
FAIL: gcc.dg/compat/struct-by-value-18 c_compat_x_tst.o-c_compat_y_tst.o execute
FAIL: gcc.dg/compat/struct-by-value-1 c_compat_x_tst.o-c_compat_y_tst.o link
UNRESOLVED: gcc.dg/compat/struct-by-value-1 c_compat_x_tst.o-c_compat_y_tst.o execute
FAIL: gcc.dg/compat/struct-by-value-2 c_compat_x_tst.o-c_compat_y_tst.o link
UNRESOLVED: gcc.dg/compat/struct-by-value-2 c_compat_x_tst.o-c_compat_y_tst.o execute
FAIL: gcc.dg/compat/struct-by-value-4 c_compat_x_tst.o-c_compat_y_tst.o link
UNRESOLVED: gcc.dg/compat/struct-by-value-4 c_compat_x_tst.o-c_compat_y_tst.o execute
FAIL: gcc.dg/compat/struct-by-value-8 c_compat_x_tst.o-c_compat_y_tst.o link
UNRESOLVED: gcc.dg/compat/struct-by-value-8 c_compat_x_tst.o-c_compat_y_tst.o execute
FAIL: gcc.dg/compat/struct-by-value-9 c_compat_x_tst.o-c_compat_y_tst.o link
UNRESOLVED: gcc.dg/compat/struct-by-value-9 c_compat_x_tst.o-c_compat_y_tst.o execute
FAIL: gcc.dg/compat/struct-return-2 c_compat_x_tst.o-c_compat_y_tst.o link
UNRESOLVED: gcc.dg/compat/struct-return-2 c_compat_x_tst.o-c_compat_y_tst.o execute
FAIL: gcc.dg/compat/vector-2 c_compat_x_tst.o compile
FAIL: gcc.dg/compat/vector-2 c_compat_y_tst.o compile
UNRESOLVED: gcc.dg/compat/vector-2 c_compat_x_tst.o-c_compat_y_tst.o link
UNRESOLVED: gcc.dg/compat/vector-2 c_compat_x_tst.o-c_compat_y_tst.o execute
FAIL: gcc.dg/20010912-1.c (test for excess errors)
WARNING: gcc.dg/20010912-1.c compilation failed to produce executable
FAIL: gcc.dg/20021014-1.c (test for excess errors)
WARNING: gcc.dg/20021014-1.c compilation failed to produce executable
FAIL: gcc.dg/20021018-1.c (test for excess errors)
WARNING: gcc.dg/20021018-1.c compilation failed to produce executable
FAIL: gcc.dg/20030213-1.c (test for excess errors)
FAIL: gcc.dg/20030225-1.c (test for excess errors)
WARNING: gcc.dg/20030225-1.c compilation failed to produce executable
FAIL: gcc.dg/bitfld-3.c execution test
FAIL: gcc.dg/bitfld-4.c execution test
FAIL: gcc.dg/builtins-10.c (test for excess errors)
FAIL: gcc.dg/builtins-18.c (test for excess errors)
FAIL: gcc.dg/builtins-20.c (test for excess errors)
FAIL: gcc.dg/c90-intconst-1.c (test for excess errors)
FAIL: gcc.dg/c99-intconst-1.c (test for excess errors)
FAIL: gcc.dg/cleanup-5.c (test for excess errors)
WARNING: gcc.dg/cleanup-5.c compilation failed to produce executable
FAIL: gcc.dg/nest.c (test for excess errors)
WARNING: gcc.dg/nest.c compilation failed to produce executable
XPASS: gcc.dg/uninit-4.c uninitialized variable warning (test for bogus messages, line 26)
FAIL: gcc.dg/warn-1.c (test for warnings, line 15)
FAIL: gcc.dg/special/gcsec-1.c (test for excess errors)
WARNING: gcc.dg/special/gcsec-1.c compilation failed to produce executable
FAIL: gcc.dg/torture/builtin-noret-1.c (test for excess errors)
FAIL: gcc.dg/torture/builtin-noret-1.c (test for excess errors)
FAIL: gcc.dg/torture/builtin-noret-1.c (test for excess errors)
FAIL: gcc.dg/torture/builtin-noret-1.c (test for excess errors)
FAIL: gcc.dg/torture/builtin-noret-1.c (test for excess errors)
FAIL: gcc.dg/torture/builtin-noret-1.c (test for excess errors)
FAIL: gcc.dg/torture/builtin-noret-2.c (test for excess errors)
FAIL: gcc.dg/torture/builtin-noret-2.c (test for excess errors)
FAIL: gcc.dg/torture/builtin-noret-2.c (test for excess errors)
FAIL: gcc.dg/torture/builtin-noret-2.c (test for excess errors)
FAIL: gcc.dg/torture/builtin-noret-2.c (test for excess errors)
FAIL: gcc.dg/torture/builtin-noret-2.c (test for excess errors)
FAIL: gcc.misc-tests/bprob-1.c execution: file bprob-1.da does not exist, -g -fprofile-arcs
UNRESOLVED: gcc.misc-tests/bprob-1.c compilation, -g -fbranch-probabilities
UNRESOLVED: gcc.misc-tests/bprob-1.c execution, -g -fbranch-probabilities
FAIL: gcc.misc-tests/bprob-1.c execution: file bprob-1.da does not exist, -O0 -fprofile-arcs
UNRESOLVED: gcc.misc-tests/bprob-1.c compilation, -O0 -fbranch-probabilities
UNRESOLVED: gcc.misc-tests/bprob-1.c execution, -O0 -fbranch-probabilities
FAIL: gcc.misc-tests/bprob-1.c execution: file bprob-1.da does not exist, -O1 -fprofile-arcs
UNRESOLVED: gcc.misc-tests/bprob-1.c compilation, -O1 -fbranch-probabilities
UNRESOLVED: gcc.misc-tests/bprob-1.c execution, -O1 -fbranch-probabilities
FAIL: gcc.misc-tests/bprob-1.c execution: file bprob-1.da does not exist, -O2 -DPERFTIME -fprofile-arcs
UNRESOLVED: gcc.misc-tests/bprob-1.c compilation, -O2 -DPERFTIME -fbranch-probabilities
UNRESOLVED: gcc.misc-tests/bprob-1.c execution, -O2 -DPERFTIME -fbranch-probabilities
FAIL: gcc.misc-tests/bprob-1.c execution: file bprob-1.da does not exist, -O3 -DPERFTIME -fprofile-arcs
UNRESOLVED: gcc.misc-tests/bprob-1.c compilation, -O3 -DPERFTIME -fbranch-probabilities
UNRESOLVED: gcc.misc-tests/bprob-1.c execution, -O3 -DPERFTIME -fbranch-probabilities
FAIL: gcc.misc-tests/bprob-1.c execution: file bprob-1.da does not exist, -O3 -g -DPERFTIME -fprofile-arcs
UNRESOLVED: gcc.misc-tests/bprob-1.c compilation, -O3 -g -DPERFTIME -fbranch-probabilities
UNRESOLVED: gcc.misc-tests/bprob-1.c execution, -O3 -g -DPERFTIME -fbranch-probabilities
FAIL: gcc.misc-tests/bprob-1.c execution: file bprob-1.da does not exist, -Os -fprofile-arcs
UNRESOLVED: gcc.misc-tests/bprob-1.c compilation, -Os -fbranch-probabilities
UNRESOLVED: gcc.misc-tests/bprob-1.c execution, -Os -fbranch-probabilities
FAIL: gcc.misc-tests/bprob-2.c execution: file bprob-2.da does not exist, -g -fprofile-arcs
UNRESOLVED: gcc.misc-tests/bprob-2.c compilation, -g -fbranch-probabilities
UNRESOLVED: gcc.misc-tests/bprob-2.c execution, -g -fbranch-probabilities
FAIL: gcc.misc-tests/bprob-2.c execution: file bprob-2.da does not exist, -O0 -fprofile-arcs
UNRESOLVED: gcc.misc-tests/bprob-2.c compilation, -O0 -fbranch-probabilities
UNRESOLVED: gcc.misc-tests/bprob-2.c execution, -O0 -fbranch-probabilities
FAIL: gcc.misc-tests/bprob-2.c execution: file bprob-2.da does not exist, -O1 -fprofile-arcs
UNRESOLVED: gcc.misc-tests/bprob-2.c compilation, -O1 -fbranch-probabilities
UNRESOLVED: gcc.misc-tests/bprob-2.c execution, -O1 -fbranch-probabilities
FAIL: gcc.misc-tests/bprob-2.c execution: file bprob-2.da does not exist, -O2 -DPERFTIME -fprofile-arcs
UNRESOLVED: gcc.misc-tests/bprob-2.c compilation, -O2 -DPERFTIME -fbranch-probabilities
UNRESOLVED: gcc.misc-tests/bprob-2.c execution, -O2 -DPERFTIME -fbranch-probabilities
FAIL: gcc.misc-tests/bprob-2.c execution: file bprob-2.da does not exist, -O3 -DPERFTIME -fprofile-arcs
UNRESOLVED: gcc.misc-tests/bprob-2.c compilation, -O3 -DPERFTIME -fbranch-probabilities
UNRESOLVED: gcc.misc-tests/bprob-2.c execution, -O3 -DPERFTIME -fbranch-probabilities
FAIL: gcc.misc-tests/bprob-2.c execution: file bprob-2.da does not exist, -O3 -g -DPERFTIME -fprofile-arcs
UNRESOLVED: gcc.misc-tests/bprob-2.c compilation, -O3 -g -DPERFTIME -fbranch-probabilities
UNRESOLVED: gcc.misc-tests/bprob-2.c execution, -O3 -g -DPERFTIME -fbranch-probabilities
FAIL: gcc.misc-tests/bprob-2.c execution: file bprob-2.da does not exist, -Os -fprofile-arcs
UNRESOLVED: gcc.misc-tests/bprob-2.c compilation, -Os -fbranch-probabilities
UNRESOLVED: gcc.misc-tests/bprob-2.c execution, -Os -fbranch-probabilities
=== gcc Summary ===
# of expected passes 23143
# of unexpected failures 54
# of unexpected successes 1
# of expected failures 83
# of unresolved testcases 48
# of unsupported tests 280
/home/janis/simtest/build/gcc/xgcc version 3.4 20030707 (experimental)
Host is i686-pc-linux-gnu
=== objc tests ===
Running target sh-hms-sim
=== objc Summary ===
# of expected passes 1156
/home/janis/simtest/build/gcc/xgcc version 3.4 20030707 (experimental)
Compiler version: 3.420030707(experimental)
Platform: sh-unknown-coff
configure flags: '--prefix=\${TOP}/install' --target=sh-coff --with-newlib --disable-gdbtk --disable-nls