This is the mail archive of the
gcc-testresults@gcc.gnu.org
mailing list for the GCC project.
Results for 3.420030707(experimental) testsuite on mn10300-unknown-elf
- From: Janis Johnson <janis187 at us dot ibm dot com>
- To: gcc-testresults at gcc dot gnu dot org
- Date: Tue, 8 Jul 2003 10:27:26 -0700
- Subject: Results for 3.420030707(experimental) testsuite on mn10300-unknown-elf
LAST_UPDATED: Mon Jul 7 17:15:08 UTC 2003
Target is mn10300-unknown-elf
Host is i686-pc-linux-gnu
=== g++ tests ===
Running target mn10300-sim
FAIL: g++.dg/bprob/g++-bprob-1.C execution: file g++-bprob-1.da does not exist, -g -fprofile-arcs
UNRESOLVED: g++.dg/bprob/g++-bprob-1.C compilation, -g -fbranch-probabilities
UNRESOLVED: g++.dg/bprob/g++-bprob-1.C execution, -g -fbranch-probabilities
FAIL: g++.dg/bprob/g++-bprob-1.C execution: file g++-bprob-1.da does not exist, -O0 -fprofile-arcs
UNRESOLVED: g++.dg/bprob/g++-bprob-1.C compilation, -O0 -fbranch-probabilities
UNRESOLVED: g++.dg/bprob/g++-bprob-1.C execution, -O0 -fbranch-probabilities
FAIL: g++.dg/bprob/g++-bprob-1.C execution: file g++-bprob-1.da does not exist, -O1 -fprofile-arcs
UNRESOLVED: g++.dg/bprob/g++-bprob-1.C compilation, -O1 -fbranch-probabilities
UNRESOLVED: g++.dg/bprob/g++-bprob-1.C execution, -O1 -fbranch-probabilities
FAIL: g++.dg/bprob/g++-bprob-1.C execution: file g++-bprob-1.da does not exist, -O2 -fprofile-arcs
UNRESOLVED: g++.dg/bprob/g++-bprob-1.C compilation, -O2 -fbranch-probabilities
UNRESOLVED: g++.dg/bprob/g++-bprob-1.C execution, -O2 -fbranch-probabilities
FAIL: g++.dg/bprob/g++-bprob-1.C execution: file g++-bprob-1.da does not exist, -O3 -fprofile-arcs
UNRESOLVED: g++.dg/bprob/g++-bprob-1.C compilation, -O3 -fbranch-probabilities
UNRESOLVED: g++.dg/bprob/g++-bprob-1.C execution, -O3 -fbranch-probabilities
FAIL: g++.dg/bprob/g++-bprob-1.C execution: file g++-bprob-1.da does not exist, -O3 -g -fprofile-arcs
UNRESOLVED: g++.dg/bprob/g++-bprob-1.C compilation, -O3 -g -fbranch-probabilities
UNRESOLVED: g++.dg/bprob/g++-bprob-1.C execution, -O3 -g -fbranch-probabilities
FAIL: g++.dg/bprob/g++-bprob-1.C execution: file g++-bprob-1.da does not exist, -Os -fprofile-arcs
UNRESOLVED: g++.dg/bprob/g++-bprob-1.C compilation, -Os -fbranch-probabilities
UNRESOLVED: g++.dg/bprob/g++-bprob-1.C execution, -Os -fbranch-probabilities
FAIL: g++.dg/abi/bitfield4.C (test for excess errors)
WARNING: g++.dg/abi/bitfield4.C compilation failed to produce executable
FAIL: g++.dg/ext/pretty1.C scan-assembler top level
FAIL: g++.dg/ext/pretty2.C (test for excess errors)
WARNING: g++.dg/ext/pretty2.C compilation failed to produce executable
FAIL: g++.dg/init/array10.C (test for excess errors)
FAIL: g++.dg/opt/vtgc1.C scan-assembler-dem .vtable_inherit[ ]*vtable for Multivv3.*0
FAIL: g++.dg/opt/vtgc1.C scan-assembler-dem .vtable_inherit[ ]*VTT for Multivv3.*0
FAIL: g++.dg/opt/vtgc1.C scan-assembler-dem .vtable_inherit[ ]*vtable for Multiss2.*vtable for Base2
FAIL: g++.dg/opt/vtgc1.C scan-assembler-dem .vtable_inherit[ ]*vtable for Multivs1.*vtable for Base2
FAIL: g++.dg/opt/vtgc1.C scan-assembler-dem .vtable_inherit[ ]*VTT for Multivs1.*vtable for Base2
FAIL: g++.dg/opt/vtgc1.C scan-assembler-dem .vtable_inherit[ ]*vtable for Multisv0.*vtable for Side0
FAIL: g++.dg/opt/vtgc1.C scan-assembler-dem .vtable_inherit[ ]*VTT for Multisv0.*vtable for Side0
FAIL: g++.dg/opt/vtgc1.C scan-assembler-dem .vtable_inherit[ ]*vtable for Side0.*0
FAIL: g++.dg/opt/vtgc1.C scan-assembler-dem .vtable_inherit[ ]*vtable for VbasedA.*0
FAIL: g++.dg/opt/vtgc1.C scan-assembler-dem .vtable_inherit[ ]*VTT for VbasedA.*0
FAIL: g++.dg/opt/vtgc1.C scan-assembler-dem .vtable_inherit[ ]*vtable for Base2.*vtable for Base1
FAIL: g++.dg/opt/vtgc1.C scan-assembler-dem .vtable_inherit[ ]*vtable for Base1.*vtable for Base0
FAIL: g++.dg/opt/vtgc1.C scan-assembler-dem .vtable_inherit[ ]*vtable for Base0.*0
FAIL: g++.dg/template/spec10.C execution test
FAIL: g++.dg/special/initp1.C execution test
FAIL: g++.old-deja/g++.benjamin/bool01.C (test for excess errors)
WARNING: g++.old-deja/g++.benjamin/bool01.C compilation failed to produce executable
FAIL: g++.old-deja/g++.benjamin/p12475.C (test for excess errors)
FAIL: g++.old-deja/g++.brendan/code-gen4.C execution test
FAIL: g++.old-deja/g++.jason/rfg10.C (test for excess errors)
FAIL: g++.old-deja/g++.jason/thunk3.C (test for excess errors)
WARNING: g++.old-deja/g++.jason/thunk3.C compilation failed to produce executable
FAIL: g++.old-deja/g++.law/profile1.C (test for excess errors)
WARNING: g++.old-deja/g++.law/profile1.C compilation failed to produce executable
WARNING: g++.old-deja/g++.mike/p10769a.C compilation failed to produce executable
WARNING: g++.old-deja/g++.other/enum5.C compilation failed to produce executable
WARNING: g++.old-deja/g++.pt/friend44.C compilation failed to produce executable
FAIL: g++.old-deja/g++.pt/static11.C execution test
=== g++ Summary ===
# of expected passes 8543
# of unexpected failures 33
# of expected failures 68
# of unresolved testcases 14
# of unsupported tests 61
/home/janis/simtest/build/gcc/testsuite/../g++ version 3.4 20030707 (experimental)
Host is i686-pc-linux-gnu
=== g77 tests ===
Running target mn10300-sim
FAIL: g77.dg/bprob/g77-bprob-1.f execution: file g77-bprob-1.da does not exist, -g -fprofile-arcs
UNRESOLVED: g77.dg/bprob/g77-bprob-1.f compilation, -g -fbranch-probabilities
UNRESOLVED: g77.dg/bprob/g77-bprob-1.f execution, -g -fbranch-probabilities
FAIL: g77.dg/bprob/g77-bprob-1.f execution: file g77-bprob-1.da does not exist, -O0 -fprofile-arcs
UNRESOLVED: g77.dg/bprob/g77-bprob-1.f compilation, -O0 -fbranch-probabilities
UNRESOLVED: g77.dg/bprob/g77-bprob-1.f execution, -O0 -fbranch-probabilities
FAIL: g77.dg/bprob/g77-bprob-1.f execution: file g77-bprob-1.da does not exist, -O1 -fprofile-arcs
UNRESOLVED: g77.dg/bprob/g77-bprob-1.f compilation, -O1 -fbranch-probabilities
UNRESOLVED: g77.dg/bprob/g77-bprob-1.f execution, -O1 -fbranch-probabilities
FAIL: g77.dg/bprob/g77-bprob-1.f execution: file g77-bprob-1.da does not exist, -O2 -fprofile-arcs
UNRESOLVED: g77.dg/bprob/g77-bprob-1.f compilation, -O2 -fbranch-probabilities
UNRESOLVED: g77.dg/bprob/g77-bprob-1.f execution, -O2 -fbranch-probabilities
FAIL: g77.dg/bprob/g77-bprob-1.f execution: file g77-bprob-1.da does not exist, -O3 -fprofile-arcs
UNRESOLVED: g77.dg/bprob/g77-bprob-1.f compilation, -O3 -fbranch-probabilities
UNRESOLVED: g77.dg/bprob/g77-bprob-1.f execution, -O3 -fbranch-probabilities
FAIL: g77.dg/bprob/g77-bprob-1.f execution: file g77-bprob-1.da does not exist, -O3 -g -fprofile-arcs
UNRESOLVED: g77.dg/bprob/g77-bprob-1.f compilation, -O3 -g -fbranch-probabilities
UNRESOLVED: g77.dg/bprob/g77-bprob-1.f execution, -O3 -g -fbranch-probabilities
FAIL: g77.dg/bprob/g77-bprob-1.f execution: file g77-bprob-1.da does not exist, -Os -fprofile-arcs
UNRESOLVED: g77.dg/bprob/g77-bprob-1.f compilation, -Os -fbranch-probabilities
UNRESOLVED: g77.dg/bprob/g77-bprob-1.f execution, -Os -fbranch-probabilities
FAIL: g77.f-torture/execute/20001201.f execution, -O0
FAIL: g77.f-torture/execute/20001201.f execution, -O1
FAIL: g77.f-torture/execute/20001201.f execution, -O2
FAIL: g77.f-torture/execute/20001201.f execution, -O3 -fomit-frame-pointer
FAIL: g77.f-torture/execute/20001201.f execution, -O3 -g
FAIL: g77.f-torture/execute/20001201.f execution, -Os
FAIL: g77.f-torture/execute/20010430.f execution, -O2
FAIL: g77.f-torture/execute/20010430.f execution, -O3 -fomit-frame-pointer
FAIL: g77.f-torture/execute/20010430.f execution, -O3 -fomit-frame-pointer -funroll-loops
FAIL: g77.f-torture/execute/20010430.f execution, -O3 -fomit-frame-pointer -funroll-all-loops -finline-functions
FAIL: g77.f-torture/execute/20010430.f execution, -O3 -g
FAIL: g77.f-torture/execute/6367.f execution, -O0
FAIL: g77.f-torture/execute/6367.f execution, -O1
FAIL: g77.f-torture/execute/6367.f execution, -O2
FAIL: g77.f-torture/execute/6367.f execution, -O3 -fomit-frame-pointer
FAIL: g77.f-torture/execute/6367.f execution, -O3 -fomit-frame-pointer -funroll-loops
FAIL: g77.f-torture/execute/6367.f execution, -O3 -fomit-frame-pointer -funroll-all-loops -finline-functions
FAIL: g77.f-torture/execute/6367.f execution, -O3 -g
FAIL: g77.f-torture/execute/6367.f execution, -Os
FAIL: g77.f-torture/execute/980520-1.f compilation, -O0
FAIL: g77.f-torture/execute/io0.f execution, -O0
FAIL: g77.f-torture/execute/io0.f execution, -O1
FAIL: g77.f-torture/execute/io0.f execution, -O2
FAIL: g77.f-torture/execute/io0.f execution, -O3 -fomit-frame-pointer
FAIL: g77.f-torture/execute/io0.f execution, -O3 -g
FAIL: g77.f-torture/execute/io0.f execution, -Os
FAIL: g77.f-torture/execute/io1.f execution, -O0
FAIL: g77.f-torture/execute/io1.f execution, -O1
FAIL: g77.f-torture/execute/io1.f execution, -O2
FAIL: g77.f-torture/execute/io1.f execution, -O3 -fomit-frame-pointer
FAIL: g77.f-torture/execute/io1.f execution, -O3 -g
FAIL: g77.f-torture/execute/io1.f execution, -Os
FAIL: g77.f-torture/execute/large_vec.f execution, -O0
FAIL: g77.f-torture/execute/large_vec.f execution, -O1
FAIL: g77.f-torture/execute/large_vec.f execution, -O2
FAIL: g77.f-torture/execute/large_vec.f execution, -O3 -fomit-frame-pointer
FAIL: g77.f-torture/execute/large_vec.f execution, -O3 -g
FAIL: g77.f-torture/execute/large_vec.f execution, -Os
FAIL: g77.f-torture/execute/u77-test.f compilation, -O0
FAIL: g77.f-torture/execute/u77-test.f compilation, -O1
FAIL: g77.f-torture/execute/u77-test.f compilation, -O2
FAIL: g77.f-torture/execute/u77-test.f compilation, -O3 -fomit-frame-pointer
FAIL: g77.f-torture/execute/u77-test.f compilation, -O3 -fomit-frame-pointer -funroll-loops
FAIL: g77.f-torture/execute/u77-test.f compilation, -O3 -fomit-frame-pointer -funroll-all-loops -finline-functions
FAIL: g77.f-torture/execute/u77-test.f compilation, -O3 -g
FAIL: g77.f-torture/execute/u77-test.f compilation, -Os
=== g77 Summary ===
# of expected passes 1669
# of unexpected failures 53
# of unresolved testcases 14
# of untested testcases 9
# of unsupported tests 7
/home/janis/simtest/build/gcc/testsuite/../g77 version 3.4 20030707 (experimental)
Host is i686-pc-linux-gnu
=== gcc tests ===
Running target mn10300-sim
FAIL: gcc.c-torture/execute/builtins/string-asm-1.c compilation, -O0
UNRESOLVED: gcc.c-torture/execute/builtins/string-asm-1.c execution, -O0
FAIL: gcc.c-torture/execute/builtins/string-asm-1.c compilation, -O1
UNRESOLVED: gcc.c-torture/execute/builtins/string-asm-1.c execution, -O1
FAIL: gcc.c-torture/execute/builtins/string-asm-1.c compilation, -O2
UNRESOLVED: gcc.c-torture/execute/builtins/string-asm-1.c execution, -O2
FAIL: gcc.c-torture/execute/builtins/string-asm-1.c compilation, -O3 -fomit-frame-pointer
UNRESOLVED: gcc.c-torture/execute/builtins/string-asm-1.c execution, -O3 -fomit-frame-pointer
FAIL: gcc.c-torture/execute/builtins/string-asm-1.c compilation, -O3 -g
UNRESOLVED: gcc.c-torture/execute/builtins/string-asm-1.c execution, -O3 -g
FAIL: gcc.c-torture/execute/builtins/string-asm-1.c compilation, -Os
UNRESOLVED: gcc.c-torture/execute/builtins/string-asm-1.c execution, -Os
FAIL: gcc.c-torture/execute/builtins/string-asm-2.c compilation, -O0
UNRESOLVED: gcc.c-torture/execute/builtins/string-asm-2.c execution, -O0
FAIL: gcc.c-torture/execute/builtins/string-asm-2.c compilation, -O1
UNRESOLVED: gcc.c-torture/execute/builtins/string-asm-2.c execution, -O1
FAIL: gcc.c-torture/execute/builtins/string-asm-2.c compilation, -O2
UNRESOLVED: gcc.c-torture/execute/builtins/string-asm-2.c execution, -O2
FAIL: gcc.c-torture/execute/builtins/string-asm-2.c compilation, -O3 -fomit-frame-pointer
UNRESOLVED: gcc.c-torture/execute/builtins/string-asm-2.c execution, -O3 -fomit-frame-pointer
FAIL: gcc.c-torture/execute/builtins/string-asm-2.c compilation, -O3 -g
UNRESOLVED: gcc.c-torture/execute/builtins/string-asm-2.c execution, -O3 -g
FAIL: gcc.c-torture/execute/builtins/string-asm-2.c compilation, -Os
UNRESOLVED: gcc.c-torture/execute/builtins/string-asm-2.c execution, -Os
FAIL: gcc.c-torture/execute/builtins/string-asm-1.c compilation, -O0
UNRESOLVED: gcc.c-torture/execute/builtins/string-asm-1.c execution, -O0
FAIL: gcc.c-torture/execute/builtins/string-asm-1.c compilation, -O1
UNRESOLVED: gcc.c-torture/execute/builtins/string-asm-1.c execution, -O1
FAIL: gcc.c-torture/execute/builtins/string-asm-1.c compilation, -O2
UNRESOLVED: gcc.c-torture/execute/builtins/string-asm-1.c execution, -O2
FAIL: gcc.c-torture/execute/builtins/string-asm-1.c compilation, -O3 -fomit-frame-pointer
UNRESOLVED: gcc.c-torture/execute/builtins/string-asm-1.c execution, -O3 -fomit-frame-pointer
FAIL: gcc.c-torture/execute/builtins/string-asm-1.c compilation, -O3 -g
UNRESOLVED: gcc.c-torture/execute/builtins/string-asm-1.c execution, -O3 -g
FAIL: gcc.c-torture/execute/builtins/string-asm-1.c compilation, -Os
UNRESOLVED: gcc.c-torture/execute/builtins/string-asm-1.c execution, -Os
FAIL: gcc.c-torture/execute/builtins/string-asm-2.c compilation, -O0
UNRESOLVED: gcc.c-torture/execute/builtins/string-asm-2.c execution, -O0
FAIL: gcc.c-torture/execute/builtins/string-asm-2.c compilation, -O1
UNRESOLVED: gcc.c-torture/execute/builtins/string-asm-2.c execution, -O1
FAIL: gcc.c-torture/execute/builtins/string-asm-2.c compilation, -O2
UNRESOLVED: gcc.c-torture/execute/builtins/string-asm-2.c execution, -O2
FAIL: gcc.c-torture/execute/builtins/string-asm-2.c compilation, -O3 -fomit-frame-pointer
UNRESOLVED: gcc.c-torture/execute/builtins/string-asm-2.c execution, -O3 -fomit-frame-pointer
FAIL: gcc.c-torture/execute/builtins/string-asm-2.c compilation, -O3 -g
UNRESOLVED: gcc.c-torture/execute/builtins/string-asm-2.c execution, -O3 -g
FAIL: gcc.c-torture/execute/builtins/string-asm-2.c compilation, -Os
UNRESOLVED: gcc.c-torture/execute/builtins/string-asm-2.c execution, -Os
FAIL: gcc.c-torture/execute/20000528-1.c execution, -O1
FAIL: gcc.c-torture/execute/20020412-1.c execution, -O0
FAIL: gcc.c-torture/execute/20020412-1.c execution, -O1
FAIL: gcc.c-torture/execute/20020412-1.c execution, -O2
FAIL: gcc.c-torture/execute/20020412-1.c execution, -O3 -fomit-frame-pointer
FAIL: gcc.c-torture/execute/20020412-1.c execution, -O3 -fomit-frame-pointer -funroll-loops
FAIL: gcc.c-torture/execute/20020412-1.c execution, -O3 -fomit-frame-pointer -funroll-all-loops -finline-functions
FAIL: gcc.c-torture/execute/20020412-1.c execution, -O3 -g
FAIL: gcc.c-torture/execute/20020412-1.c execution, -Os
FAIL: gcc.c-torture/execute/20020720-1.c compilation, -O1
UNRESOLVED: gcc.c-torture/execute/20020720-1.c execution, -O1
FAIL: gcc.c-torture/execute/20020720-1.c compilation, -O2
UNRESOLVED: gcc.c-torture/execute/20020720-1.c execution, -O2
FAIL: gcc.c-torture/execute/20020720-1.c compilation, -O3 -fomit-frame-pointer
UNRESOLVED: gcc.c-torture/execute/20020720-1.c execution, -O3 -fomit-frame-pointer
FAIL: gcc.c-torture/execute/20020720-1.c compilation, -O3 -g
UNRESOLVED: gcc.c-torture/execute/20020720-1.c execution, -O3 -g
FAIL: gcc.c-torture/execute/20020720-1.c compilation, -Os
UNRESOLVED: gcc.c-torture/execute/20020720-1.c execution, -Os
FAIL: gcc.c-torture/execute/20030128-1.c execution, -O1
FAIL: gcc.c-torture/execute/string-opt-10.c execution, -O0
FAIL: gcc.c-torture/execute/string-opt-10.c execution, -O1
FAIL: gcc.c-torture/execute/string-opt-10.c execution, -O2
FAIL: gcc.c-torture/execute/string-opt-10.c execution, -O3 -fomit-frame-pointer
FAIL: gcc.c-torture/execute/string-opt-10.c execution, -O3 -g
FAIL: gcc.c-torture/execute/string-opt-10.c execution, -Os
FAIL: gcc.c-torture/execute/string-opt-9.c execution, -O0
FAIL: gcc.c-torture/execute/string-opt-9.c execution, -O1
FAIL: gcc.c-torture/execute/string-opt-9.c execution, -O2
FAIL: gcc.c-torture/execute/string-opt-9.c execution, -O3 -fomit-frame-pointer
FAIL: gcc.c-torture/execute/string-opt-9.c execution, -O3 -g
FAIL: gcc.c-torture/execute/string-opt-9.c execution, -Os
UNRESOLVED: gcc.c-torture/execute/wchar_t-1.c execution, -O0
UNRESOLVED: gcc.c-torture/execute/wchar_t-1.c execution, -O1
UNRESOLVED: gcc.c-torture/execute/wchar_t-1.c execution, -O2
UNRESOLVED: gcc.c-torture/execute/wchar_t-1.c execution, -O3 -fomit-frame-pointer
UNRESOLVED: gcc.c-torture/execute/wchar_t-1.c execution, -O3 -g
UNRESOLVED: gcc.c-torture/execute/wchar_t-1.c execution, -Os
FAIL: gcc.dg/compat/vector-2 c_compat_x_tst.o compile
FAIL: gcc.dg/compat/vector-2 c_compat_y_tst.o compile
UNRESOLVED: gcc.dg/compat/vector-2 c_compat_x_tst.o-c_compat_y_tst.o link
UNRESOLVED: gcc.dg/compat/vector-2 c_compat_x_tst.o-c_compat_y_tst.o execute
FAIL: gcc.dg/20021014-1.c (test for excess errors)
WARNING: gcc.dg/20021014-1.c compilation failed to produce executable
FAIL: gcc.dg/builtins-10.c (test for excess errors)
FAIL: gcc.dg/builtins-18.c (test for excess errors)
FAIL: gcc.dg/builtins-20.c (test for excess errors)
FAIL: gcc.dg/c90-intconst-1.c (test for excess errors)
FAIL: gcc.dg/c99-intconst-1.c (test for excess errors)
FAIL: gcc.dg/cleanup-5.c (test for excess errors)
WARNING: gcc.dg/cleanup-5.c compilation failed to produce executable
FAIL: gcc.dg/const-elim-1.c scan-assembler-not LC[^A-Z]
FAIL: gcc.dg/nest.c (test for excess errors)
WARNING: gcc.dg/nest.c compilation failed to produce executable
FAIL: gcc.dg/warn-1.c (test for warnings, line 15)
FAIL: gcc.misc-tests/bprob-1.c execution: file bprob-1.da does not exist, -g -fprofile-arcs
UNRESOLVED: gcc.misc-tests/bprob-1.c compilation, -g -fbranch-probabilities
UNRESOLVED: gcc.misc-tests/bprob-1.c execution, -g -fbranch-probabilities
FAIL: gcc.misc-tests/bprob-1.c execution: file bprob-1.da does not exist, -O0 -fprofile-arcs
UNRESOLVED: gcc.misc-tests/bprob-1.c compilation, -O0 -fbranch-probabilities
UNRESOLVED: gcc.misc-tests/bprob-1.c execution, -O0 -fbranch-probabilities
FAIL: gcc.misc-tests/bprob-1.c execution: file bprob-1.da does not exist, -O1 -fprofile-arcs
UNRESOLVED: gcc.misc-tests/bprob-1.c compilation, -O1 -fbranch-probabilities
UNRESOLVED: gcc.misc-tests/bprob-1.c execution, -O1 -fbranch-probabilities
FAIL: gcc.misc-tests/bprob-1.c execution: file bprob-1.da does not exist, -O2 -DPERFTIME -fprofile-arcs
UNRESOLVED: gcc.misc-tests/bprob-1.c compilation, -O2 -DPERFTIME -fbranch-probabilities
UNRESOLVED: gcc.misc-tests/bprob-1.c execution, -O2 -DPERFTIME -fbranch-probabilities
FAIL: gcc.misc-tests/bprob-1.c execution: file bprob-1.da does not exist, -O3 -DPERFTIME -fprofile-arcs
UNRESOLVED: gcc.misc-tests/bprob-1.c compilation, -O3 -DPERFTIME -fbranch-probabilities
UNRESOLVED: gcc.misc-tests/bprob-1.c execution, -O3 -DPERFTIME -fbranch-probabilities
FAIL: gcc.misc-tests/bprob-1.c execution: file bprob-1.da does not exist, -O3 -g -DPERFTIME -fprofile-arcs
UNRESOLVED: gcc.misc-tests/bprob-1.c compilation, -O3 -g -DPERFTIME -fbranch-probabilities
UNRESOLVED: gcc.misc-tests/bprob-1.c execution, -O3 -g -DPERFTIME -fbranch-probabilities
FAIL: gcc.misc-tests/bprob-1.c execution: file bprob-1.da does not exist, -Os -fprofile-arcs
UNRESOLVED: gcc.misc-tests/bprob-1.c compilation, -Os -fbranch-probabilities
UNRESOLVED: gcc.misc-tests/bprob-1.c execution, -Os -fbranch-probabilities
FAIL: gcc.misc-tests/bprob-2.c execution: file bprob-2.da does not exist, -g -fprofile-arcs
UNRESOLVED: gcc.misc-tests/bprob-2.c compilation, -g -fbranch-probabilities
UNRESOLVED: gcc.misc-tests/bprob-2.c execution, -g -fbranch-probabilities
FAIL: gcc.misc-tests/bprob-2.c execution: file bprob-2.da does not exist, -O0 -fprofile-arcs
UNRESOLVED: gcc.misc-tests/bprob-2.c compilation, -O0 -fbranch-probabilities
UNRESOLVED: gcc.misc-tests/bprob-2.c execution, -O0 -fbranch-probabilities
FAIL: gcc.misc-tests/bprob-2.c execution: file bprob-2.da does not exist, -O1 -fprofile-arcs
UNRESOLVED: gcc.misc-tests/bprob-2.c compilation, -O1 -fbranch-probabilities
UNRESOLVED: gcc.misc-tests/bprob-2.c execution, -O1 -fbranch-probabilities
FAIL: gcc.misc-tests/bprob-2.c execution: file bprob-2.da does not exist, -O2 -DPERFTIME -fprofile-arcs
UNRESOLVED: gcc.misc-tests/bprob-2.c compilation, -O2 -DPERFTIME -fbranch-probabilities
UNRESOLVED: gcc.misc-tests/bprob-2.c execution, -O2 -DPERFTIME -fbranch-probabilities
FAIL: gcc.misc-tests/bprob-2.c execution: file bprob-2.da does not exist, -O3 -DPERFTIME -fprofile-arcs
UNRESOLVED: gcc.misc-tests/bprob-2.c compilation, -O3 -DPERFTIME -fbranch-probabilities
UNRESOLVED: gcc.misc-tests/bprob-2.c execution, -O3 -DPERFTIME -fbranch-probabilities
FAIL: gcc.misc-tests/bprob-2.c execution: file bprob-2.da does not exist, -O3 -g -DPERFTIME -fprofile-arcs
UNRESOLVED: gcc.misc-tests/bprob-2.c compilation, -O3 -g -DPERFTIME -fbranch-probabilities
UNRESOLVED: gcc.misc-tests/bprob-2.c execution, -O3 -g -DPERFTIME -fbranch-probabilities
FAIL: gcc.misc-tests/bprob-2.c execution: file bprob-2.da does not exist, -Os -fprofile-arcs
UNRESOLVED: gcc.misc-tests/bprob-2.c compilation, -Os -fbranch-probabilities
UNRESOLVED: gcc.misc-tests/bprob-2.c execution, -Os -fbranch-probabilities
=== gcc Summary ===
# of expected passes 23201
# of unexpected failures 77
# of expected failures 81
# of unresolved testcases 65
# of unsupported tests 267
/home/janis/simtest/build/gcc/xgcc version 3.4 20030707 (experimental)
Host is i686-pc-linux-gnu
=== objc tests ===
Running target mn10300-sim
=== objc Summary ===
# of expected passes 1156
/home/janis/simtest/build/gcc/xgcc version 3.4 20030707 (experimental)
Compiler version: 3.420030707(experimental)
Platform: mn10300-unknown-elf
configure flags: '--prefix=\${TOP}/install' --target=mn10300-elf --with-newlib --disable-gdbtk --disable-nls