This is the mail archive of the
gcc-testresults@gcc.gnu.org
mailing list for the GCC project.
Results for 3.3.1 20030702 (prerelease) testsuite on mips-sgi-irix6.5
- From: Rainer Orth <ro at TechFak dot Uni-Bielefeld dot DE>
- To: gcc-testresults at gcc dot gnu dot org
- Date: Thu, 3 Jul 2003 10:52:59 GMT
- Subject: Results for 3.3.1 20030702 (prerelease) testsuite on mips-sgi-irix6.5
LAST_UPDATED: Wed Jul 2 11:54:05 UTC 2003
Native configuration is mips-sgi-irix6.5
=== g++ tests ===
Running target unix
WARNING: program timed out.
FAIL: g++.dg/parse/stack1.C (test for excess errors)
=== g++ Summary ===
# of expected passes 7748
# of unexpected failures 1
# of expected failures 104
# of untested testcases 23
# of unsupported tests 18
/amnt/figaro/volumes/obj-gcc/gcc/obj.irix5/3.3.1-20030702/6.5.20-gcc-java/gcc/testsuite/../g++ version 3.3.1 20030702 (prerelease)
=== g77 tests ===
Running target unix
=== g77 Summary ===
# of expected passes 1686
# of unsupported tests 8
/amnt/figaro/volumes/obj-gcc/gcc/obj.irix5/3.3.1-20030702/6.5.20-gcc-java/gcc/testsuite/../g77 version 3.3.1 20030702 (prerelease)
=== gcc tests ===
Running target unix
WARNING: program timed out.
FAIL: gcc.c-torture/compile/20001226-1.c, -O1
WARNING: program timed out.
FAIL: gcc.c-torture/compile/20001226-1.c, -O2
WARNING: program timed out.
FAIL: gcc.c-torture/compile/20001226-1.c, -O3 -fomit-frame-pointer
WARNING: program timed out.
FAIL: gcc.c-torture/compile/20001226-1.c, -O3 -g
WARNING: program timed out.
FAIL: gcc.c-torture/compile/20001226-1.c, -Os
FAIL: gcc.c-torture/compile/920711-1.c, -Os
FAIL: gcc.c-torture/execute/20020412-1.c execution, -O0
FAIL: gcc.c-torture/execute/20020412-1.c execution, -O1
FAIL: gcc.c-torture/execute/20020412-1.c execution, -O2
FAIL: gcc.c-torture/execute/20020412-1.c execution, -O3 -fomit-frame-pointer
FAIL: gcc.c-torture/execute/20020412-1.c execution, -O3 -fomit-frame-pointer -funroll-loops
FAIL: gcc.c-torture/execute/20020412-1.c execution, -O3 -fomit-frame-pointer -funroll-all-loops -finline-functions
FAIL: gcc.c-torture/execute/20020412-1.c execution, -O3 -g
FAIL: gcc.c-torture/execute/20020412-1.c execution, -Os
WARNING: gcc.dg/20021014-1.c compilation failed to produce executable
FAIL: gcc.dg/duff-2.c (test for excess errors)
WARNING: gcc.dg/nest.c compilation failed to produce executable
=== gcc Summary ===
# of expected passes 20465
# of unexpected failures 15
# of expected failures 100
# of unsupported tests 179
/amnt/figaro/volumes/obj-gcc/gcc/obj.irix5/3.3.1-20030702/6.5.20-gcc-java/gcc/xgcc version 3.3.1 20030702 (prerelease)
=== objc tests ===
Running target unix
=== objc Summary ===
# of expected passes 1153
/amnt/figaro/volumes/obj-gcc/gcc/obj.irix5/3.3.1-20030702/6.5.20-gcc-java/gcc/xgcc version 3.3.1 20030702 (prerelease)
=== libjava tests ===
Running target unix
FAIL: N19990310_01 compilation from source
FAIL: N19990310_01 compilation from bytecode
FAIL: N19990310_01 -O compilation from source
FAIL: N19990310_01 -O compilation from bytecode
FAIL: N19990317 compilation from source
FAIL: N19990317 compilation from bytecode
FAIL: N19990317 -O compilation from source
FAIL: N19990317 -O compilation from bytecode
FAIL: OperatorBenchmark compilation from source
FAIL: FileHandleGcTest execution - source compiled test
FAIL: FileHandleGcTest execution - bytecode->native test
FAIL: FileHandleGcTest -O execution - source compiled test
FAIL: FileHandleGcTest -O execution - bytecode->native test
FAIL: PR6729 -O compilation from source
FAIL: Shazam -O compilation from source
FAIL: TestProxy execution - source compiled test
FAIL: TestProxy execution - bytecode->native test
FAIL: TestProxy -O execution - source compiled test
FAIL: TestProxy -O execution - bytecode->native test
FAIL: Throw_2 execution - source compiled test
FAIL: Throw_2 execution - bytecode->native test
FAIL: Throw_2 -O execution - source compiled test
FAIL: Throw_2 -O execution - bytecode->native test
FAIL: invokethrow execution - source compiled test
FAIL: invokethrow execution - bytecode->native test
FAIL: invokethrow -O execution - source compiled test
FAIL: invokethrow -O execution - bytecode->native test
FAIL: /vol/gcc/obj/3.3.1-20030702/6.5.20-gcc-java/mips-sgi-irix6.5/libjava/testsuite/TestEarlyGC.exe output - /vol/gcc/obj/3.3.1-20030702/6.5.20-gcc-java/mips-sgi-irix6.5/libjava/testsuite/TestEarlyGC.exe
FAIL: /vol/gcc/obj/3.3.1-20030702/6.5.20-gcc-java/mips-sgi-irix6.5/libjava/testsuite/TestLeak.exe execution - /vol/gcc/obj/3.3.1-20030702/6.5.20-gcc-java/mips-sgi-irix6.5/libjava/testsuite/TestLeak.exe
FAIL: /vol/gcc/obj/3.3.1-20030702/6.5.20-gcc-java/mips-sgi-irix6.5/libjava/testsuite/TestMultiple.exe execution - /vol/gcc/obj/3.3.1-20030702/6.5.20-gcc-java/mips-sgi-irix6.5/libjava/testsuite/TestMultiple.exe
FAIL: /vol/gcc/obj/3.3.1-20030702/6.5.20-gcc-java/mips-sgi-irix6.5/libjava/testsuite/TestParent.exe execution - /vol/gcc/obj/3.3.1-20030702/6.5.20-gcc-java/mips-sgi-irix6.5/libjava/testsuite/TestParent.exe
=== libjava Summary ===
# of expected passes 2317
# of unexpected failures 31
# of expected failures 16
# of untested testcases 115
=== libstdc++-v3 tests ===
Running target unix
FAIL: 18_support/numeric_limits.cc execution test
WARNING: program timed out.
FAIL: 21_strings/ctor_copy_dtor.cc execution test
XPASS: 22_locale/ctype_is_wchar_t.cc execution test
FAIL: 26_numerics/c99_classification_macros_c.cc (test for excess errors)
FAIL: 27_io/istream_unformatted.cc execution test
=== libstdc++-v3 Summary ===
# of expected passes 438
# of unexpected failures 4
# of unexpected successes 1
# of expected failures 26
# of unsupported tests 6
Compiler version: 3.3.1 20030702 (prerelease)
Platform: mips-sgi-irix6.5
configure flags: --host=mips-sgi-irix6.5 --prefix=/vol/gcc --with-local-prefix=/vol/gcc --disable-nls --disable-multilib --enable-libgcj
-----------------------------------------------------------------------------
Rainer Orth, Faculty of Technology, Bielefeld University